678
CDUS43 KICT 070647
CLISLN


CLIMATE REPORT
NATIONAL WEATHER SERVICE WICHITA KS
146 AM CDT MON AUG 7 2017


...................................

...THE SALINA KS CLIMATE SUMMARY FOR AUGUST 6 2017...

CLIMATE NORMAL PERIOD 1981 TO 2010
CLIMATE RECORD PERIOD 1894 TO 2017


WEATHER ITEM   OBSERVED TIME   RECORD YEAR NORMAL DEPARTURE LAST
                VALUE   (LST)  VALUE       VALUE  FROM      YEAR
                                                  NORMAL
..................................................................
TEMPERATURE (F)
 YESTERDAY
  MAXIMUM         78    434 PM 111    1934  92    -14       78
  MINIMUM         67    628 AM  52    1894  70     -3       71
  AVERAGE         73                        81     -8       75

PRECIPITATION (IN)
  YESTERDAY        0.00          2.01 1980   0.13  -0.13     0.01
  MONTH TO DATE    T                         0.83  -0.83     0.36
  SINCE JUN 1      3.38                      9.23  -5.85     3.14
  SINCE JAN 1     16.62                     21.22  -4.60    14.96

DEGREE DAYS
 HEATING
  YESTERDAY        0                         0      0        0
  MONTH TO DATE    0                         0      0        0
  SINCE JUN 1      0                         7     -7        0
  SINCE JUL 1      0                         0      0        0

 COOLING
  YESTERDAY        8                        16     -8       10
  MONTH TO DATE   60                        96    -36      113
  SINCE JUN 1   1115                       922    193     1193
  SINCE JAN 1   1275                      1050    225     1318
..................................................................


WIND (MPH)
  HIGHEST WIND SPEED    16   HIGHEST WIND DIRECTION     N (10)
  HIGHEST GUST SPEED    20   HIGHEST GUST DIRECTION     N (340)
  AVERAGE WIND SPEED     8.8


SKY COVER
  POSSIBLE SUNSHINE  MM
  AVERAGE SKY COVER 1.0


WEATHER CONDITIONS
 THE FOLLOWING WEATHER WAS RECORDED YESTERDAY.
  FOG
  HAZE


RELATIVE HUMIDITY (PERCENT)
 HIGHEST    93           500 AM
 LOWEST     60           400 PM
 AVERAGE    77

..........................................................


THE SALINA KS CLIMATE NORMALS FOR TODAY
                         NORMAL    RECORD    YEAR
 MAXIMUM TEMPERATURE (F)   92       112      1934
 MINIMUM TEMPERATURE (F)   69        55      1990
                                             1989


SUNRISE AND SUNSET
AUGUST  7 2017........SUNRISE   637 AM CDT   SUNSET   835 PM CDT
AUGUST  8 2017........SUNRISE   638 AM CDT   SUNSET   833 PM CDT


-  INDICATES NEGATIVE NUMBERS.
R  INDICATES RECORD WAS SET OR TIED.
MM INDICATES DATA IS MISSING.
T  INDICATES TRACE AMOUNT.




$$
