000
CDUS43 KICT 260631
CLISLN


CLIMATE REPORT
NATIONAL WEATHER SERVICE WICHITA KS
130 AM CDT SUN OCT 26 2014


...................................

...THE SALINA KS CLIMATE SUMMARY FOR OCTOBER 25 2014...

CLIMATE NORMAL PERIOD 1981 TO 2010
CLIMATE RECORD PERIOD 1894 TO 2014


WEATHER ITEM   OBSERVED TIME   RECORD YEAR NORMAL DEPARTURE LAST
                VALUE   (LST)  VALUE       VALUE  FROM      YEAR
                                                  NORMAL
..................................................................
TEMPERATURE (F)
 YESTERDAY
  MAXIMUM         90    307 PM  91    1927  66     24       60
  MINIMUM         52    700 AM  24    1975  43      9       29
  AVERAGE         71                        54     17       45

PRECIPITATION (IN)
  YESTERDAY        0.00          2.17 1987   0.06  -0.06     0.00
  MONTH TO DATE    1.56                      1.96  -0.40     0.80
  SINCE SEP 1      5.70                      4.66   1.04     2.43
  SINCE JAN 1     26.98                     29.00  -2.02    28.67

DEGREE DAYS
 HEATING
  YESTERDAY        0                        11    -11       20
  MONTH TO DATE  138                       193    -55      221
  SINCE SEP 1    178                       244    -66      230
  SINCE JUL 1    178                       245    -67      233

 COOLING
  YESTERDAY        6                         0      6        0
  MONTH TO DATE   33                        32      1       55
  SINCE SEP 1    233                       237     -4      356
  SINCE JAN 1   1791                      1644    147     1750
..................................................................


WIND (MPH)
  HIGHEST WIND SPEED    14   HIGHEST WIND DIRECTION     S (170)
  HIGHEST GUST SPEED    17   HIGHEST GUST DIRECTION     S (170)
  AVERAGE WIND SPEED     4.9


SKY COVER
  POSSIBLE SUNSHINE  MM
  AVERAGE SKY COVER 0.1


WEATHER CONDITIONS
 THE FOLLOWING WEATHER WAS RECORDED YESTERDAY.
  FOG
  FOG W/VISIBILITY <= 1/4 MILE
  HAZE


RELATIVE HUMIDITY (PERCENT)
 HIGHEST    93           300 AM
 LOWEST     32           200 PM
 AVERAGE    63

..........................................................


THE SALINA KS CLIMATE NORMALS FOR TODAY
                         NORMAL    RECORD    YEAR
 MAXIMUM TEMPERATURE (F)   65        91      1939
 MINIMUM TEMPERATURE (F)   42        20      1898


SUNRISE AND SUNSET
OCTOBER 26 2014.......SUNRISE   751 AM CDT   SUNSET   637 PM CDT
OCTOBER 27 2014.......SUNRISE   752 AM CDT   SUNSET   636 PM CDT


-  INDICATES NEGATIVE NUMBERS.
R  INDICATES RECORD WAS SET OR TIED.
MM INDICATES DATA IS MISSING.
T  INDICATES TRACE AMOUNT.




$$
