000
CDUS43 KICT 030635
CLISLN


CLIMATE REPORT
NATIONAL WEATHER SERVICE WICHITA KS
1234 AM CST MON NOV 3 2014


...................................

...THE SALINA KS CLIMATE SUMMARY FOR NOVEMBER 2 2014...

CLIMATE NORMAL PERIOD 1981 TO 2010
CLIMATE RECORD PERIOD 1894 TO 2014


WEATHER ITEM   OBSERVED TIME   RECORD YEAR NORMAL DEPARTURE LAST
                VALUE   (LST)  VALUE       VALUE  FROM      YEAR
                                                  NORMAL
..................................................................
TEMPERATURE (F)
 YESTERDAY
  MAXIMUM         65    203 PM  82    1914  62      3       62
  MINIMUM         47    703 AM  11    1991  40      7       36
  AVERAGE         56                        51      5       49

PRECIPITATION (IN)
  YESTERDAY        0.00          1.65 1975   0.05  -0.05     0.00
  MONTH TO DATE    0.00                      0.10  -0.10      T
  SINCE SEP 1      5.70                      5.07   0.63     2.82
  SINCE JAN 1     26.98                     29.41  -2.43    29.06

DEGREE DAYS
 HEATING
  YESTERDAY        9                        14     -5       16
  MONTH TO DATE   31                        28      3       29
  SINCE SEP 1    265                       345    -80      331
  SINCE JUL 1    265                       346    -81      334

 COOLING
  YESTERDAY        0                         0      0        0
  MONTH TO DATE    0                         0      0        0
  SINCE SEP 1    243                       239      4      356
  SINCE JAN 1   1801                      1646    155     1750
..................................................................


WIND (MPH)
  HIGHEST WIND SPEED    38   HIGHEST WIND DIRECTION     S (190)
  HIGHEST GUST SPEED    49   HIGHEST GUST DIRECTION     S (200)
  AVERAGE WIND SPEED    23.3


SKY COVER
  POSSIBLE SUNSHINE  MM
  AVERAGE SKY COVER 0.0


WEATHER CONDITIONS
 THE FOLLOWING WEATHER WAS RECORDED YESTERDAY.
  NO SIGNIFICANT WEATHER WAS OBSERVED.


RELATIVE HUMIDITY (PERCENT)
 HIGHEST    62          1100 PM
 LOWEST     32          1200 AM
 AVERAGE    47

..........................................................


THE SALINA KS CLIMATE NORMALS FOR TODAY
                         NORMAL    RECORD    YEAR
 MAXIMUM TEMPERATURE (F)   62        83      2005
 MINIMUM TEMPERATURE (F)   39         6      1991


SUNRISE AND SUNSET
NOVEMBER  3 2014......SUNRISE   700 AM CST   SUNSET   528 PM CST
NOVEMBER  4 2014......SUNRISE   701 AM CST   SUNSET   527 PM CST


-  INDICATES NEGATIVE NUMBERS.
R  INDICATES RECORD WAS SET OR TIED.
MM INDICATES DATA IS MISSING.
T  INDICATES TRACE AMOUNT.




$$
