000
CDUS43 KICT 310653
CLISLN


CLIMATE REPORT
NATIONAL WEATHER SERVICE WICHITA KS
153 AM CDT THU MAR 31 2016


...................................

...THE SALINA KS CLIMATE SUMMARY FOR MARCH 30 2016...

CLIMATE NORMAL PERIOD 1981 TO 2010
CLIMATE RECORD PERIOD 1894 TO 2016


WEATHER ITEM   OBSERVED TIME   RECORD YEAR NORMAL DEPARTURE LAST
                VALUE   (LST)  VALUE       VALUE  FROM      YEAR
                                                  NORMAL
..................................................................
TEMPERATURE (F)
 YESTERDAY
  MAXIMUM         81    419 PM  91    1917  62     19       80
  MINIMUM         50   1159 PM  14    1899  38     12       29
  AVERAGE         66                        50     16       55

PRECIPITATION (IN)
  YESTERDAY        0.00          1.20 1973   0.10  -0.10     0.00
  MONTH TO DATE    0.70                      2.30  -1.60     0.05
  SINCE MAR 1      0.70                      2.30  -1.60     0.05
  SINCE JAN 1      1.94                      4.10  -2.16     1.49

DEGREE DAYS
 HEATING
  YESTERDAY        0                        15    -15       10
  MONTH TO DATE  405                       593   -188      511
  SINCE MAR 1    405                       593   -188      511
  SINCE JUL 1   3391                      4434  -1043     4340

 COOLING
  YESTERDAY        1                         0      1        0
  MONTH TO DATE    6                         0      6        1
  SINCE MAR 1      6                         0      6        1
  SINCE JAN 1      6                         0      6        1
..................................................................


WIND (MPH)
  HIGHEST WIND SPEED    30   HIGHEST WIND DIRECTION     S (200)
  HIGHEST GUST SPEED    42   HIGHEST GUST DIRECTION     S (160)
  AVERAGE WIND SPEED    18.3


SKY COVER
  POSSIBLE SUNSHINE  MM
  AVERAGE SKY COVER 0.3


WEATHER CONDITIONS
 THE FOLLOWING WEATHER WAS RECORDED YESTERDAY.
  NO SIGNIFICANT WEATHER WAS OBSERVED.


RELATIVE HUMIDITY (PERCENT)
 HIGHEST    84           600 AM
 LOWEST     16           100 PM
 AVERAGE    50

..........................................................


THE SALINA KS CLIMATE NORMALS FOR TODAY
                         NORMAL    RECORD    YEAR
 MAXIMUM TEMPERATURE (F)   62        89      1978
 MINIMUM TEMPERATURE (F)   38        16      1926


SUNRISE AND SUNSET
MARCH 31 2016.........SUNRISE   716 AM CDT   SUNSET   754 PM CDT
APRIL  1 2016.........SUNRISE   714 AM CDT   SUNSET   755 PM CDT


-  INDICATES NEGATIVE NUMBERS.
R  INDICATES RECORD WAS SET OR TIED.
MM INDICATES DATA IS MISSING.
T  INDICATES TRACE AMOUNT.




$$
