000
CDUS43 KICT 200644
CLISLN


CLIMATE REPORT
NATIONAL WEATHER SERVICE WICHITA KS
1242 AM CST TUE DEC 20 2016


...................................

...THE SALINA KS CLIMATE SUMMARY FOR DECEMBER 19 2016...

CLIMATE NORMAL PERIOD 1981 TO 2010
CLIMATE RECORD PERIOD 1894 TO 2016


WEATHER ITEM   OBSERVED TIME   RECORD YEAR NORMAL DEPARTURE LAST
                VALUE   (LST)  VALUE       VALUE  FROM      YEAR
                                                  NORMAL
..................................................................
TEMPERATURE (F)
 YESTERDAY
  MAXIMUM         32    313 PM  63    1979  41     -9       52
  MINIMUM         -1    341 AM -10    1983  21    -22       24
  AVERAGE         16                        31    -15       38

PRECIPITATION (IN)
  YESTERDAY        0.00          0.68 2011   0.03  -0.03     0.00
  MONTH TO DATE    0.53                      0.63  -0.10     3.61
  SINCE DEC 1      0.53                      0.63  -0.10     3.61
  SINCE JAN 1     27.05                     31.19  -4.14    31.96

DEGREE DAYS
 HEATING
  YESTERDAY       49                        34     15       27
  MONTH TO DATE  711                       602    109      434
  SINCE DEC 1    711                       602    109      434
  SINCE JUL 1   1254                      1554   -300     1066

 COOLING
  YESTERDAY        0                         0      0        0
  MONTH TO DATE    0                         0      0        0
  SINCE DEC 1      0                         0      0        0
  SINCE JAN 1   2009                      1647    362     1869
..................................................................


WIND (MPH)
  HIGHEST WIND SPEED    20   HIGHEST WIND DIRECTION     S (190)
  HIGHEST GUST SPEED    25   HIGHEST GUST DIRECTION     S (190)
  AVERAGE WIND SPEED    10.5


SKY COVER
  POSSIBLE SUNSHINE  MM
  AVERAGE SKY COVER 0.0


WEATHER CONDITIONS
 THE FOLLOWING WEATHER WAS RECORDED YESTERDAY.
  NO SIGNIFICANT WEATHER WAS OBSERVED.


RELATIVE HUMIDITY (PERCENT)
 HIGHEST    79          1200 AM
 LOWEST     54           300 PM
 AVERAGE    67

..........................................................


THE SALINA KS CLIMATE NORMALS FOR TODAY
                         NORMAL    RECORD    YEAR
 MAXIMUM TEMPERATURE (F)   41        69      2004
 MINIMUM TEMPERATURE (F)   21       -10      1983


SUNRISE AND SUNSET
DECEMBER 20 2016......SUNRISE   745 AM CST   SUNSET   512 PM CST
DECEMBER 21 2016......SUNRISE   746 AM CST   SUNSET   512 PM CST


-  INDICATES NEGATIVE NUMBERS.
R  INDICATES RECORD WAS SET OR TIED.
MM INDICATES DATA IS MISSING.
T  INDICATES TRACE AMOUNT.




$$
