000
CDUS43 KICT 120648
CLISLN

CLIMATE REPORT
NATIONAL WEATHER SERVICE WICHITA KS
1246 AM CST MON JAN 12 2015

...................................

...THE SALINA KS CLIMATE SUMMARY FOR JANUARY 11 2015...

CLIMATE NORMAL PERIOD 1981 TO 2010
CLIMATE RECORD PERIOD 1894 TO 2015


WEATHER ITEM   OBSERVED TIME   RECORD YEAR NORMAL DEPARTURE LAST
                VALUE   (LST)  VALUE       VALUE  FROM      YEAR
                                                  NORMAL
..................................................................
TEMPERATURE (F)
 YESTERDAY
  MAXIMUM         38    131 PM  72    1911  41     -3       50
  MINIMUM         24    532 AM -22    1918  20      4       31
  AVERAGE         31                        31      0       41

PRECIPITATION (IN)
  YESTERDAY        0.02          0.10 1968   0.02   0.00     0.00
  MONTH TO DATE    0.02                      0.17  -0.15     0.49
  SINCE DEC 1      1.92                      1.11   0.81     1.71
  SINCE JAN 1      0.02                      0.17  -0.15     0.49

DEGREE DAYS
 HEATING
  YESTERDAY       34                        34      0       24
  MONTH TO DATE  494                       374    120      458
  SINCE DEC 1   1387                      1386      1     1610
  SINCE JUL 1   2384                      2338     46     2598

 COOLING
  YESTERDAY        0                         0      0        0
  MONTH TO DATE    0                         0      0        0
  SINCE DEC 1      0                         0      0        0
  SINCE JAN 1      0                         0      0        0
..................................................................


WIND (MPH)
  HIGHEST WIND SPEED    23   HIGHEST WIND DIRECTION     N (360)
  HIGHEST GUST SPEED    27   HIGHEST GUST DIRECTION     N (360)
  AVERAGE WIND SPEED     9.9


SKY COVER
  POSSIBLE SUNSHINE  MM
  AVERAGE SKY COVER 0.3


WEATHER CONDITIONS
 THE FOLLOWING WEATHER WAS RECORDED YESTERDAY.
  LIGHT RAIN
  SLEET
  FOG


RELATIVE HUMIDITY (PERCENT)
 HIGHEST    92          1000 PM
 LOWEST     50          1200 AM
 AVERAGE    71

..........................................................


THE SALINA KS CLIMATE NORMALS FOR TODAY
                         NORMAL    RECORD    YEAR
 MAXIMUM TEMPERATURE (F)   41        65      1996
 MINIMUM TEMPERATURE (F)   20       -20      1918


SUNRISE AND SUNSET
JANUARY 12 2015.......SUNRISE   748 AM CST   SUNSET   530 PM CST
JANUARY 13 2015.......SUNRISE   748 AM CST   SUNSET   531 PM CST


-  INDICATES NEGATIVE NUMBERS.
R  INDICATES RECORD WAS SET OR TIED.
MM INDICATES DATA IS MISSING.
T  INDICATES TRACE AMOUNT.

$$
