000
CDUS43 KICT 250620
CLISLN


CLIMATE REPORT
NATIONAL WEATHER SERVICE WICHITA KS
118 AM CDT TUE MAR 25 2014


...................................

...THE SALINA KS CLIMATE SUMMARY FOR MARCH 24 2014...

CLIMATE NORMAL PERIOD 1981 TO 2010
CLIMATE RECORD PERIOD 1894 TO 2014


WEATHER ITEM   OBSERVED TIME   RECORD YEAR NORMAL DEPARTURE LAST
                VALUE   (LST)  VALUE       VALUE  FROM      YEAR
                                                  NORMAL
..................................................................
TEMPERATURE (F)
 YESTERDAY
  MAXIMUM         51        MM  90    1910  60     -9       38
  MINIMUM         28        MM  13    1965  36     -8       24
  AVERAGE         40                        48     -8       31

PRECIPITATION (IN)
  YESTERDAY        0.02          1.67 1969   0.08  -0.06    MM
  MONTH TO DATE    0.07                      1.75  -1.68     0.40
  SINCE MAR 1      0.07                      1.75  -1.68     0.40
  SINCE JAN 1      1.88                      3.55  -1.67     3.67

DEGREE DAYS
 HEATING
  YESTERDAY       25                        17      8       34
  MONTH TO DATE  615                       497    118      598
  SINCE MAR 1    615                       497    118      598
  SINCE JUL 1   4865                      4338    527     4220

 COOLING
  YESTERDAY        0                         0      0        0
  MONTH TO DATE    0                         0      0        0
  SINCE MAR 1      0                         0      0        0
  SINCE JAN 1      0                         0      0        0
..................................................................


WIND (MPH)
  HIGHEST WIND SPEED    18   HIGHEST WIND DIRECTION     N (360)
  HIGHEST GUST SPEED    25   HIGHEST GUST DIRECTION     N (360)
  AVERAGE WIND SPEED     7.2


SKY COVER
  POSSIBLE SUNSHINE  MM
  AVERAGE SKY COVER 0.5


WEATHER CONDITIONS
 THE FOLLOWING WEATHER WAS RECORDED YESTERDAY.
  LIGHT RAIN
  LIGHT SNOW
  FOG


RELATIVE HUMIDITY (PERCENT)
 HIGHEST    89           100 PM
 LOWEST     34           600 PM
 AVERAGE    62

..........................................................


THE SALINA KS CLIMATE NORMALS FOR TODAY
                         NORMAL    RECORD    YEAR
 MAXIMUM TEMPERATURE (F)   60        93      1907
 MINIMUM TEMPERATURE (F)   37         2      1955


SUNRISE AND SUNSET
MARCH 25 2014.........SUNRISE   726 AM CDT   SUNSET   747 PM CDT
MARCH 26 2014.........SUNRISE   725 AM CDT   SUNSET   748 PM CDT


-  INDICATES NEGATIVE NUMBERS.
R  INDICATES RECORD WAS SET OR TIED.
MM INDICATES DATA IS MISSING.
T  INDICATES TRACE AMOUNT.




$$
