000
CDUS43 KICT 040655
CLISLN


CLIMATE REPORT
NATIONAL WEATHER SERVICE WICHITA KS
154 AM CDT FRI AUG 4 2017


...................................

...THE SALINA KS CLIMATE SUMMARY FOR AUGUST 3 2017...

CLIMATE NORMAL PERIOD 1981 TO 2010
CLIMATE RECORD PERIOD 1894 TO 2017


WEATHER ITEM   OBSERVED TIME   RECORD YEAR NORMAL DEPARTURE LAST
                VALUE   (LST)  VALUE       VALUE  FROM      YEAR
                                                  NORMAL
..................................................................
TEMPERATURE (F)
 YESTERDAY
  MAXIMUM         83    245 PM 112    1918  93    -10      104
  MINIMUM         66    616 AM  50    1898  70     -4       77
  AVERAGE         75                        81     -6       91

PRECIPITATION (IN)
  YESTERDAY        T             1.95 1928   0.14  -0.14     0.00
  MONTH TO DATE    T                         0.43  -0.43     0.10
  SINCE JUN 1      3.38                      8.83  -5.45     2.88
  SINCE JAN 1     16.62                     20.82  -4.20    14.70

DEGREE DAYS
 HEATING
  YESTERDAY        0                         0      0        0
  MONTH TO DATE    0                         0      0        0
  SINCE JUN 1      0                         7     -7        0
  SINCE JUL 1      0                         0      0        0

 COOLING
  YESTERDAY       10                        16     -6       26
  MONTH TO DATE   32                        48    -16       70
  SINCE JUN 1   1087                       874    213     1150
  SINCE JAN 1   1247                      1002    245     1275
..................................................................


WIND (MPH)
  HIGHEST WIND SPEED    23   HIGHEST WIND DIRECTION     N (10)
  HIGHEST GUST SPEED    28   HIGHEST GUST DIRECTION     N (10)
  AVERAGE WIND SPEED    11.2


SKY COVER
  POSSIBLE SUNSHINE  MM
  AVERAGE SKY COVER 0.1


WEATHER CONDITIONS
 THE FOLLOWING WEATHER WAS RECORDED YESTERDAY.
  THUNDERSTORM
  LIGHT RAIN


RELATIVE HUMIDITY (PERCENT)
 HIGHEST    87           600 AM
 LOWEST     42           200 PM
 AVERAGE    65

..........................................................


THE SALINA KS CLIMATE NORMALS FOR TODAY
                         NORMAL    RECORD    YEAR
 MAXIMUM TEMPERATURE (F)   93       110      1930
 MINIMUM TEMPERATURE (F)   70        48      1974


SUNRISE AND SUNSET
AUGUST  4 2017........SUNRISE   635 AM CDT   SUNSET   838 PM CDT
AUGUST  5 2017........SUNRISE   636 AM CDT   SUNSET   837 PM CDT


-  INDICATES NEGATIVE NUMBERS.
R  INDICATES RECORD WAS SET OR TIED.
MM INDICATES DATA IS MISSING.
T  INDICATES TRACE AMOUNT.




$$
