000
CDUS43 KICT 100626
CLISLN


CLIMATE REPORT
NATIONAL WEATHER SERVICE WICHITA KS
124 AM CDT SAT JUN 10 2017


...................................

...THE SALINA KS CLIMATE SUMMARY FOR JUNE 9 2017...

CLIMATE NORMAL PERIOD 1981 TO 2010
CLIMATE RECORD PERIOD 1894 TO 2017


WEATHER ITEM   OBSERVED TIME   RECORD YEAR NORMAL DEPARTURE LAST
                VALUE   (LST)  VALUE       VALUE  FROM      YEAR
                                                  NORMAL
..................................................................
TEMPERATURE (F)
 YESTERDAY
  MAXIMUM         93    350 PM 102    1981  85      8       95
  MINIMUM         60    328 AM  48    1955  62     -2       73
  AVERAGE         77                        74      3       84

PRECIPITATION (IN)
  YESTERDAY        0.00          2.38 2014   0.15  -0.15     0.00
  MONTH TO DATE    0.75                      1.32  -0.57      T
  SINCE JUN 1      0.75                      1.32  -0.57      T
  SINCE JAN 1     13.99                     13.31   0.68    11.82

DEGREE DAYS
 HEATING
  YESTERDAY        0                         0      0        0
  MONTH TO DATE    0                         5     -5        0
  SINCE JUN 1      0                         5     -5        0
  SINCE JUL 1   3453                      4869  -1416     3718

 COOLING
  YESTERDAY       12                         9      3       19
  MONTH TO DATE  104                        70     34       87
  SINCE JUN 1    104                        70     34       87
  SINCE JAN 1    264                       198     66      212
..................................................................


WIND (MPH)
  HIGHEST WIND SPEED    23   HIGHEST WIND DIRECTION     S (170)
  HIGHEST GUST SPEED    30   HIGHEST GUST DIRECTION     S (200)
  AVERAGE WIND SPEED    12.1


SKY COVER
  POSSIBLE SUNSHINE  MM
  AVERAGE SKY COVER 0.2


WEATHER CONDITIONS
 THE FOLLOWING WEATHER WAS RECORDED YESTERDAY.
  NO SIGNIFICANT WEATHER WAS OBSERVED.


RELATIVE HUMIDITY (PERCENT)
 HIGHEST    84           300 AM
 LOWEST     32           400 PM
 AVERAGE    58

..........................................................


THE SALINA KS CLIMATE NORMALS FOR TODAY
                         NORMAL    RECORD    YEAR
 MAXIMUM TEMPERATURE (F)   85       100      2006
                                             1953
 MINIMUM TEMPERATURE (F)   63        48      1982
                                             1979


SUNRISE AND SUNSET
JUNE 10 2017..........SUNRISE   605 AM CDT   SUNSET   855 PM CDT
JUNE 11 2017..........SUNRISE   605 AM CDT   SUNSET   856 PM CDT


-  INDICATES NEGATIVE NUMBERS.
R  INDICATES RECORD WAS SET OR TIED.
MM INDICATES DATA IS MISSING.
T  INDICATES TRACE AMOUNT.




$$
