000
CDUS43 KICT 170634
CLISLN


CLIMATE REPORT
NATIONAL WEATHER SERVICE WICHITA KS
133 AM CDT MON JUL 17 2017


...................................

...THE SALINA KS CLIMATE SUMMARY FOR JULY 16 2017...

CLIMATE NORMAL PERIOD 1981 TO 2010
CLIMATE RECORD PERIOD 1894 TO 2017


WEATHER ITEM   OBSERVED TIME   RECORD YEAR NORMAL DEPARTURE LAST
                VALUE   (LST)  VALUE       VALUE  FROM      YEAR
                                                  NORMAL
..................................................................
TEMPERATURE (F)
 YESTERDAY
  MAXIMUM         98    431 PM 107    2011  93      5       95
  MINIMUM         74    246 AM  59    1973  70      4       69
                                      1949
  AVERAGE         86                        82      4       82

PRECIPITATION (IN)
  YESTERDAY        0.00          1.46 1950   0.15  -0.15     0.00
  MONTH TO DATE    0.02                      2.39  -2.37     1.64
  SINCE JUN 1      1.71                      6.50  -4.79     2.09
  SINCE JAN 1     14.95                     18.49  -3.54    13.91

DEGREE DAYS
 HEATING
  YESTERDAY        0                         0      0        0
  MONTH TO DATE    0                         0      0        0
  SINCE JUN 1      0                         7     -7        0
  SINCE JUL 1      0                         0      0        0

 COOLING
  YESTERDAY       21                        16      5       17
  MONTH TO DATE  311                       252     59      271
  SINCE JUN 1    745                       577    168      763
  SINCE JAN 1    905                       705    200      888
..................................................................


WIND (MPH)
  HIGHEST WIND SPEED    15   HIGHEST WIND DIRECTION     S (160)
  HIGHEST GUST SPEED    20   HIGHEST GUST DIRECTION     S (170)
  AVERAGE WIND SPEED     6.5


SKY COVER
  POSSIBLE SUNSHINE  MM
  AVERAGE SKY COVER 0.1


WEATHER CONDITIONS
 THE FOLLOWING WEATHER WAS RECORDED YESTERDAY.
  NO SIGNIFICANT WEATHER WAS OBSERVED.


RELATIVE HUMIDITY (PERCENT)
 HIGHEST    82           300 AM
 LOWEST     24           500 PM
 AVERAGE    53

..........................................................


THE SALINA KS CLIMATE NORMALS FOR TODAY
                         NORMAL    RECORD    YEAR
 MAXIMUM TEMPERATURE (F)   93       110      1954
 MINIMUM TEMPERATURE (F)   70        60      1967
                                             1953


SUNRISE AND SUNSET
JULY 17 2017..........SUNRISE   620 AM CDT   SUNSET   854 PM CDT
JULY 18 2017..........SUNRISE   620 AM CDT   SUNSET   853 PM CDT


-  INDICATES NEGATIVE NUMBERS.
R  INDICATES RECORD WAS SET OR TIED.
MM INDICATES DATA IS MISSING.
T  INDICATES TRACE AMOUNT.




$$
