000
CDUS43 KICT 200744
CLISLN

CLIMATE REPORT
NATIONAL WEATHER SERVICE WICHITA KS
243 AM CDT MON JUN 20 2016

...................................

...THE SALINA KS CLIMATE SUMMARY FOR JUNE 19 2016...

CLIMATE NORMAL PERIOD 1981 TO 2010
CLIMATE RECORD PERIOD 1894 TO 2016


WEATHER ITEM   OBSERVED TIME   RECORD YEAR NORMAL DEPARTURE LAST
                VALUE   (LST)  VALUE       VALUE  FROM      YEAR
                                                  NORMAL
..................................................................
TEMPERATURE (F)
 YESTERDAY
  MAXIMUM         96    413 PM 109    1918  89      7       90
  MINIMUM         69    416 AM  44    1936  65      4       64
  AVERAGE         83                        77      6       77

PRECIPITATION (IN)
  YESTERDAY        0.00          4.92 1927   0.13  -0.13     0.00
  MONTH TO DATE    0.12                      2.66  -2.54     4.50
  SINCE JUN 1      0.12                      2.66  -2.54     4.50
  SINCE JAN 1     11.94                     14.65  -2.71    16.10

DEGREE DAYS
 HEATING
  YESTERDAY        0                         0      0        0
  MONTH TO DATE    0                         5     -5        0
  SINCE JUN 1      0                         5     -5        0
  SINCE JUL 1   3718                      4869  -1151     4660

 COOLING
  YESTERDAY       18                        12      6       12
  MONTH TO DATE  282                       176    106      223
  SINCE JUN 1    282                       176    106      223
  SINCE JAN 1    407                       304    103      313
..................................................................


WIND (MPH)
  HIGHEST WIND SPEED    22   HIGHEST WIND DIRECTION     S (200)
  HIGHEST GUST SPEED    35   HIGHEST GUST DIRECTION     S (160)
  AVERAGE WIND SPEED    10.4


SKY COVER
  POSSIBLE SUNSHINE  MM
  AVERAGE SKY COVER 0.2


WEATHER CONDITIONS
 THE FOLLOWING WEATHER WAS RECORDED YESTERDAY.
  NO SIGNIFICANT WEATHER WAS OBSERVED.


RELATIVE HUMIDITY (PERCENT)
 HIGHEST    93          1200 AM
 LOWEST     43           300 PM
 AVERAGE    68

..........................................................


THE SALINA KS CLIMATE NORMALS FOR TODAY
                         NORMAL    RECORD    YEAR
 MAXIMUM TEMPERATURE (F)   89       109      1918
 MINIMUM TEMPERATURE (F)   66        49      1912


SUNRISE AND SUNSET
JUNE 20 2016..........SUNRISE   606 AM CDT   SUNSET   859 PM CDT
JUNE 21 2016..........SUNRISE   606 AM CDT   SUNSET   859 PM CDT


-  INDICATES NEGATIVE NUMBERS.
R  INDICATES RECORD WAS SET OR TIED.
MM INDICATES DATA IS MISSING.
T  INDICATES TRACE AMOUNT.

$$
