285
CDUS43 KICT 070650
CLISLN


CLIMATE REPORT
NATIONAL WEATHER SERVICE WICHITA KS
150 AM CDT WED JUN 7 2017


...................................

...THE SALINA KS CLIMATE SUMMARY FOR JUNE 6 2017...

CLIMATE NORMAL PERIOD 1981 TO 2010
CLIMATE RECORD PERIOD 1894 TO 2017


WEATHER ITEM   OBSERVED TIME   RECORD YEAR NORMAL DEPARTURE LAST
                VALUE   (LST)  VALUE       VALUE  FROM      YEAR
                                                  NORMAL
..................................................................
TEMPERATURE (F)
 YESTERDAY
  MAXIMUM         91    300 PM 100    2011  84      7       93
  MINIMUM         70    630 AM  43    1998  61      9       57
  AVERAGE         81                        72      9       75

PRECIPITATION (IN)
  YESTERDAY        T             0.88 1951   0.14  -0.14      T
  MONTH TO DATE    0.75                      0.88  -0.13      T
  SINCE JUN 1      0.75                      0.88  -0.13      T
  SINCE JAN 1     13.99                     12.87   1.12    11.82

DEGREE DAYS
 HEATING
  YESTERDAY        0                         0      0        0
  MONTH TO DATE    0                         5     -5        0
  SINCE JUN 1      0                         5     -5        0
  SINCE JUL 1   3453                      4869  -1416     3718

 COOLING
  YESTERDAY       16                         8      8       10
  MONTH TO DATE   74                        44     30       43
  SINCE JUN 1     74                        44     30       43
  SINCE JAN 1    234                       172     62      168
..................................................................


WIND (MPH)
  HIGHEST WIND SPEED    15   HIGHEST WIND DIRECTION    NE (40)
  HIGHEST GUST SPEED    20   HIGHEST GUST DIRECTION    NE (40)
  AVERAGE WIND SPEED     4.8


SKY COVER
  POSSIBLE SUNSHINE  MM
  AVERAGE SKY COVER 0.3


WEATHER CONDITIONS
 THE FOLLOWING WEATHER WAS RECORDED YESTERDAY.
  LIGHT RAIN


RELATIVE HUMIDITY (PERCENT)
 HIGHEST    84          1000 PM
 LOWEST     37           300 PM
 AVERAGE    61

..........................................................


THE SALINA KS CLIMATE NORMALS FOR TODAY
                         NORMAL    RECORD    YEAR
 MAXIMUM TEMPERATURE (F)   84       100      2011
                                             1963
 MINIMUM TEMPERATURE (F)   62        47      1955


SUNRISE AND SUNSET
JUNE  7 2017..........SUNRISE   606 AM CDT   SUNSET   854 PM CDT
JUNE  8 2017..........SUNRISE   605 AM CDT   SUNSET   854 PM CDT


-  INDICATES NEGATIVE NUMBERS.
R  INDICATES RECORD WAS SET OR TIED.
MM INDICATES DATA IS MISSING.
T  INDICATES TRACE AMOUNT.




$$
