000
CDUS43 KICT 300931
CLISLN


CLIMATE REPORT
NATIONAL WEATHER SERVICE WICHITA KS
429 AM CDT THU MAR 30 2017


...................................

...THE SALINA KS CLIMATE SUMMARY FOR MARCH 29 2017...

CLIMATE NORMAL PERIOD 1981 TO 2010
CLIMATE RECORD PERIOD 1894 TO 2017


WEATHER ITEM   OBSERVED TIME   RECORD YEAR NORMAL DEPARTURE LAST
                VALUE   (LST)  VALUE       VALUE  FROM      YEAR
                                                  NORMAL
..................................................................
TEMPERATURE (F)
 YESTERDAY
  MAXIMUM         52    502 AM  89    1967  62    -10       71
  MINIMUM         44   1159 PM  18    2009  38      6       49
                                      1969
  AVERAGE         48                        50     -2       60

PRECIPITATION (IN)
  YESTERDAY        1.69          1.72 2017   0.09   1.60     0.00
  MONTH TO DATE    3.31                      2.20   1.11     0.70
  SINCE MAR 1      3.31                      2.20   1.11     0.70
  SINCE JAN 1      5.41                      4.00   1.41     1.94

DEGREE DAYS
 HEATING
  YESTERDAY       17                        16      1        5
  MONTH TO DATE  424                       578   -154      405
  SINCE MAR 1    424                       578   -154      405
  SINCE JUL 1   3092                      4419  -1327     3391

 COOLING
  YESTERDAY        0                         0      0        0
  MONTH TO DATE   11                         0     11        5
  SINCE MAR 1     11                         0     11        5
  SINCE JAN 1     11                         0     11        5
..................................................................


WIND (MPH)
  HIGHEST WIND SPEED    28   HIGHEST WIND DIRECTION    NE (30)
  HIGHEST GUST SPEED    40   HIGHEST GUST DIRECTION    NE (30)
  AVERAGE WIND SPEED    19.8


SKY COVER
  POSSIBLE SUNSHINE  MM
  AVERAGE SKY COVER 1.0


WEATHER CONDITIONS
 THE FOLLOWING WEATHER WAS RECORDED YESTERDAY.
  THUNDERSTORM
  HEAVY RAIN
  RAIN
  LIGHT RAIN
  FOG


RELATIVE HUMIDITY (PERCENT)
 HIGHEST    93           600 AM
 LOWEST     86           700 AM
 AVERAGE    90

..........................................................


THE SALINA KS CLIMATE NORMALS FOR TODAY
                         NORMAL    RECORD    YEAR
 MAXIMUM TEMPERATURE (F)   62        91      1917
 MINIMUM TEMPERATURE (F)   38        14      1899


SUNRISE AND SUNSET
MARCH 30 2017.........SUNRISE   718 AM CDT   SUNSET   753 PM CDT
MARCH 31 2017.........SUNRISE   716 AM CDT   SUNSET   753 PM CDT


-  INDICATES NEGATIVE NUMBERS.
R  INDICATES RECORD WAS SET OR TIED.
MM INDICATES DATA IS MISSING.
T  INDICATES TRACE AMOUNT.




$$
