000
CDUS43 KICT 110620
CLISLN


CLIMATE REPORT
NATIONAL WEATHER SERVICE WICHITA KS
120 AM CDT WED MAR 11 2015


...................................

...THE SALINA KS CLIMATE SUMMARY FOR MARCH 10 2015...

CLIMATE NORMAL PERIOD 1981 TO 2010
CLIMATE RECORD PERIOD 1894 TO 2015


WEATHER ITEM   OBSERVED TIME   RECORD YEAR NORMAL DEPARTURE LAST
                VALUE   (LST)  VALUE       VALUE  FROM      YEAR
                                                  NORMAL
..................................................................
TEMPERATURE (F)
 YESTERDAY
  MAXIMUM         77    457 PM  86    1989  55     22       81
  MINIMUM         30    700 AM   2    1932  32     -2       36
  AVERAGE         54                        44     10       59

PRECIPITATION (IN)
  YESTERDAY        0.00          1.64 1973   0.07  -0.07     0.00
  MONTH TO DATE    0.00                      0.64  -0.64     0.13
  SINCE MAR 1      0.00                      0.64  -0.64     0.13
  SINCE JAN 1      1.44                      2.44  -1.00     1.94

DEGREE DAYS
 HEATING
  YESTERDAY       11                        21    -10        6
  MONTH TO DATE  244                       231     13      340
  SINCE MAR 1    244                       231     13      340
  SINCE JUL 1   4073                      4072      1     4590

 COOLING
  YESTERDAY        0                         0      0        0
  MONTH TO DATE    0                         0      0        0
  SINCE MAR 1      0                         0      0        0
  SINCE JAN 1      0                         0      0        0
..................................................................


WIND (MPH)
  HIGHEST WIND SPEED    16   HIGHEST WIND DIRECTION     N (340)
  HIGHEST GUST SPEED    21   HIGHEST GUST DIRECTION    SW (230)
  AVERAGE WIND SPEED     5.6


SKY COVER
  POSSIBLE SUNSHINE  MM
  AVERAGE SKY COVER 0.1


WEATHER CONDITIONS
 THE FOLLOWING WEATHER WAS RECORDED YESTERDAY.
  LIGHT SNOW
  FOG
  FOG W/VISIBILITY <= 1/4 MILE
  HAZE


RELATIVE HUMIDITY (PERCENT)
 HIGHEST    96           300 AM
 LOWEST     16           600 PM
 AVERAGE    56

..........................................................


THE SALINA KS CLIMATE NORMALS FOR TODAY
                         NORMAL    RECORD    YEAR
 MAXIMUM TEMPERATURE (F)   55        86      1972
 MINIMUM TEMPERATURE (F)   33       -11      1948


SUNRISE AND SUNSET
MARCH 11 2015.........SUNRISE   748 AM CDT   SUNSET   733 PM CDT
MARCH 12 2015.........SUNRISE   747 AM CDT   SUNSET   734 PM CDT


-  INDICATES NEGATIVE NUMBERS.
R  INDICATES RECORD WAS SET OR TIED.
MM INDICATES DATA IS MISSING.
T  INDICATES TRACE AMOUNT.




$$
