000
CDUS43 KICT 150700
CLISLN


CLIMATE REPORT
NATIONAL WEATHER SERVICE WICHITA KS
159 AM CDT MON JUN 15 2015


...................................

...THE SALINA KS CLIMATE SUMMARY FOR JUNE 14 2015...

CLIMATE NORMAL PERIOD 1981 TO 2010
CLIMATE RECORD PERIOD 1894 TO 2015


WEATHER ITEM   OBSERVED TIME   RECORD YEAR NORMAL DEPARTURE LAST
                VALUE   (LST)  VALUE       VALUE  FROM      YEAR
                                                  NORMAL
..................................................................
TEMPERATURE (F)
 YESTERDAY
  MAXIMUM         84    255 PM 103    1980  87     -3       91
  MINIMUM         69   1159 PM  47    1942  64      5       63
  AVERAGE         77                        75      2       77

PRECIPITATION (IN)
  YESTERDAY        0.52          3.04 1992   0.13   0.39     0.04
  MONTH TO DATE    4.50                      2.00   2.50     5.80
  SINCE JUN 1      4.50                      2.00   2.50     5.80
  SINCE JAN 1     16.10                     13.99   2.11    13.19

DEGREE DAYS
 HEATING
  YESTERDAY        0                         0      0        0
  MONTH TO DATE    0                         5     -5        1
  SINCE JUN 1      0                         5     -5        1
  SINCE JUL 1   4660                      4869   -209     5398

 COOLING
  YESTERDAY       12                        10      2       12
  MONTH TO DATE  170                       119     51      122
  SINCE JUN 1    170                       119     51      122
  SINCE JAN 1    260                       247     13      354
..................................................................


WIND (MPH)
  HIGHEST WIND SPEED    32   HIGHEST WIND DIRECTION     S (170)
  HIGHEST GUST SPEED    38   HIGHEST GUST DIRECTION     S (160)
  AVERAGE WIND SPEED     7.9


SKY COVER
  POSSIBLE SUNSHINE  MM
  AVERAGE SKY COVER 0.7


WEATHER CONDITIONS
 THE FOLLOWING WEATHER WAS RECORDED YESTERDAY.
  THUNDERSTORM
  HEAVY RAIN
  RAIN
  LIGHT RAIN
  FOG


RELATIVE HUMIDITY (PERCENT)
 HIGHEST    93           900 PM
 LOWEST     61           300 PM
 AVERAGE    77

..........................................................


THE SALINA KS CLIMATE NORMALS FOR TODAY
                         NORMAL    RECORD    YEAR
 MAXIMUM TEMPERATURE (F)   87       106      1946
 MINIMUM TEMPERATURE (F)   64        43      1917


SUNRISE AND SUNSET
JUNE 15 2015..........SUNRISE   605 AM CDT   SUNSET   857 PM CDT
JUNE 16 2015..........SUNRISE   605 AM CDT   SUNSET   858 PM CDT


-  INDICATES NEGATIVE NUMBERS.
R  INDICATES RECORD WAS SET OR TIED.
MM INDICATES DATA IS MISSING.
T  INDICATES TRACE AMOUNT.




$$
