000
CDUS43 KICT 170630
CLISLN


CLIMATE REPORT
NATIONAL WEATHER SERVICE WICHITA KS
128 AM CDT SUN SEP 17 2017


...................................

...THE SALINA KS CLIMATE SUMMARY FOR SEPTEMBER 16 2017...

CLIMATE NORMAL PERIOD 1981 TO 2010
CLIMATE RECORD PERIOD 1894 TO 2017


WEATHER ITEM   OBSERVED TIME   RECORD YEAR NORMAL DEPARTURE LAST
                VALUE   (LST)  VALUE       VALUE  FROM      YEAR
                                                  NORMAL
..................................................................
TEMPERATURE (F)
 YESTERDAY
  MAXIMUM         93    329 PM 103    1931  82     11       75
  MINIMUM         63   1159 PM  36    1903  58      5       60
  AVERAGE         78                        70      8       68

PRECIPITATION (IN)
  YESTERDAY        0.10          0.80 2006   0.08   0.02     0.65
  MONTH TO DATE    0.11                      1.47  -1.36     0.85
  SINCE SEP 1      0.11                      1.47  -1.36     0.85
  SINCE JAN 1     17.82                     25.81  -7.99    23.29

DEGREE DAYS
 HEATING
  YESTERDAY        0                         1     -1        0
  MONTH TO DATE    0                         9     -9        0
  SINCE SEP 1      0                         9     -9        0
  SINCE JUL 1      0                        10    -10        0

 COOLING
  YESTERDAY       13                         6      7        3
  MONTH TO DATE  172                       142     30      150
  SINCE SEP 1    172                       142     30      150
  SINCE JAN 1   1753                      1549    204     1820
..................................................................


WIND (MPH)
  HIGHEST WIND SPEED    25   HIGHEST WIND DIRECTION     N (350)
  HIGHEST GUST SPEED    33   HIGHEST GUST DIRECTION     S (160)
  AVERAGE WIND SPEED    13.5


SKY COVER
  POSSIBLE SUNSHINE  MM
  AVERAGE SKY COVER 0.3


WEATHER CONDITIONS
 THE FOLLOWING WEATHER WAS RECORDED YESTERDAY.
  THUNDERSTORM
  HEAVY RAIN
  RAIN
  LIGHT RAIN


RELATIVE HUMIDITY (PERCENT)
 HIGHEST    84           800 AM
 LOWEST     44           100 PM
 AVERAGE    64

..........................................................


THE SALINA KS CLIMATE NORMALS FOR TODAY
                         NORMAL    RECORD    YEAR
 MAXIMUM TEMPERATURE (F)   81       103      1953
 MINIMUM TEMPERATURE (F)   58        34      1903


SUNRISE AND SUNSET
SEPTEMBER 17 2017.....SUNRISE   714 AM CDT   SUNSET   735 PM CDT
SEPTEMBER 18 2017.....SUNRISE   715 AM CDT   SUNSET   734 PM CDT


-  INDICATES NEGATIVE NUMBERS.
R  INDICATES RECORD WAS SET OR TIED.
MM INDICATES DATA IS MISSING.
T  INDICATES TRACE AMOUNT.




$$
