000
CDUS43 KICT 040622
CLISLN


CLIMATE REPORT
NATIONAL WEATHER SERVICE WICHITA KS
122 AM CDT THU SEP 4 2014


...................................

...THE SALINA KS CLIMATE SUMMARY FOR SEPTEMBER 3 2014...

CLIMATE NORMAL PERIOD 1981 TO 2010
CLIMATE RECORD PERIOD 1894 TO 2014


WEATHER ITEM   OBSERVED TIME   RECORD YEAR NORMAL DEPARTURE LAST
                VALUE   (LST)  VALUE       VALUE  FROM      YEAR
                                                  NORMAL
..................................................................
TEMPERATURE (F)
 YESTERDAY
  MAXIMUM         95    414 PM 108    1947  87      8       90
  MINIMUM         70    608 AM  41    1905  64      6       58
  AVERAGE         83                        76      7       74

PRECIPITATION (IN)
  YESTERDAY        T             4.82 1967   0.10  -0.10     0.00
  MONTH TO DATE    0.07                      0.30  -0.23      T
  SINCE SEP 1      0.07                      0.30  -0.23      T
  SINCE JAN 1     21.35                     24.64  -3.29    26.24

DEGREE DAYS
 HEATING
  YESTERDAY        0                         0      0        0
  MONTH TO DATE    0                         0      0        0
  SINCE SEP 1      0                         0      0        0
  SINCE JUL 1      0                         1     -1        3

 COOLING
  YESTERDAY       18                        11      7        9
  MONTH TO DATE   36                        33      3       31
  SINCE SEP 1     36                        33      3       31
  SINCE JAN 1   1594                      1440    154     1425
..................................................................


WIND (MPH)
  HIGHEST WIND SPEED    31   HIGHEST WIND DIRECTION     S (190)
  HIGHEST GUST SPEED    41   HIGHEST GUST DIRECTION     S (190)
  AVERAGE WIND SPEED    16.1


SKY COVER
  POSSIBLE SUNSHINE  MM
  AVERAGE SKY COVER 0.1


WEATHER CONDITIONS
 THE FOLLOWING WEATHER WAS RECORDED YESTERDAY.
  NO SIGNIFICANT WEATHER WAS OBSERVED.


RELATIVE HUMIDITY (PERCENT)
 HIGHEST    90           500 AM
 LOWEST     43           400 PM
 AVERAGE    67

..........................................................


THE SALINA KS CLIMATE NORMALS FOR TODAY
                         NORMAL    RECORD    YEAR
 MAXIMUM TEMPERATURE (F)   87       106      1898
 MINIMUM TEMPERATURE (F)   64        41      1905


SUNRISE AND SUNSET
SEPTEMBER  4 2014.....SUNRISE   702 AM CDT   SUNSET   756 PM CDT
SEPTEMBER  5 2014.....SUNRISE   703 AM CDT   SUNSET   755 PM CDT


-  INDICATES NEGATIVE NUMBERS.
R  INDICATES RECORD WAS SET OR TIED.
MM INDICATES DATA IS MISSING.
T  INDICATES TRACE AMOUNT.




$$
