000
CDUS43 KICT 080652
CLISLN

CLIMATE REPORT
NATIONAL WEATHER SERVICE WICHITA KS
150 AM CDT FRI MAY 8 2015


...................................

...THE SALINA KS CLIMATE SUMMARY FOR MAY 7 2015...

CLIMATE NORMAL PERIOD 1981 TO 2010
CLIMATE RECORD PERIOD 1894 TO 2015


WEATHER ITEM   OBSERVED TIME   RECORD YEAR NORMAL DEPARTURE LAST
                VALUE   (LST)  VALUE       VALUE  FROM      YEAR
                                                  NORMAL
..................................................................
TEMPERATURE (F)
 YESTERDAY
  MAXIMUM         79    354 PM  99    1895  74      5       98
  MINIMUM         60   1019 PM  35    1951  51      9       68
  AVERAGE         70                        62      8       83

PRECIPITATION (IN)
  YESTERDAY        0.21          2.30 1995   0.14   0.07      T
  MONTH TO DATE    2.39                      0.90   1.49      T
  SINCE MAR 1      4.27                      6.34  -2.07     1.63
  SINCE JAN 1      5.71                      8.14  -2.43     3.44

DEGREE DAYS
 HEATING
  YESTERDAY        0                         5     -5        0
  MONTH TO DATE    2                        38    -36       24
  SINCE MAR 1    734                       965   -231     1072
  SINCE JUL 1   4563                      4806   -243     5322

 COOLING
  YESTERDAY        5                         2      3       18
  MONTH TO DATE   39                        11     28       41
  SINCE MAR 1     51                        36     15       77
  SINCE JAN 1     51                        36     15       77
..................................................................


WIND (MPH)
  HIGHEST WIND SPEED    33   HIGHEST WIND DIRECTION     S (200)
  HIGHEST GUST SPEED    41   HIGHEST GUST DIRECTION     S (170)
  AVERAGE WIND SPEED    11.5


SKY COVER
  POSSIBLE SUNSHINE  MM
  AVERAGE SKY COVER 0.7


WEATHER CONDITIONS
 THE FOLLOWING WEATHER WAS RECORDED YESTERDAY.
  THUNDERSTORM
  HEAVY RAIN
  LIGHT RAIN


RELATIVE HUMIDITY (PERCENT)
 HIGHEST    84           900 PM
 LOWEST     62           400 PM
 AVERAGE    73

..........................................................


THE SALINA KS CLIMATE NORMALS FOR TODAY
                         NORMAL    RECORD    YEAR
 MAXIMUM TEMPERATURE (F)   74        96      1895
 MINIMUM TEMPERATURE (F)   51        32      1917


SUNRISE AND SUNSET
MAY  8 2015...........SUNRISE   625 AM CDT   SUNSET   829 PM CDT
MAY  9 2015...........SUNRISE   624 AM CDT   SUNSET   830 PM CDT


-  INDICATES NEGATIVE NUMBERS.
R  INDICATES RECORD WAS SET OR TIED.
MM INDICATES DATA IS MISSING.
T  INDICATES TRACE AMOUNT.

$$
