000
CDUS43 KICT 210630
CLISLN


CLIMATE REPORT
NATIONAL WEATHER SERVICE WICHITA KS
130 AM CDT FRI APR 21 2017


...................................

...THE SALINA KS CLIMATE SUMMARY FOR APRIL 20 2017...

CLIMATE NORMAL PERIOD 1981 TO 2010
CLIMATE RECORD PERIOD 1894 TO 2017


WEATHER ITEM   OBSERVED TIME   RECORD YEAR NORMAL DEPARTURE LAST
                VALUE   (LST)  VALUE       VALUE  FROM      YEAR
                                                  NORMAL
..................................................................
TEMPERATURE (F)
 YESTERDAY
  MAXIMUM         72    432 PM  98    1902  69      3       70
  MINIMUM         53    420 AM  21    1953  45      8       49
  AVERAGE         63                        57      6       60

PRECIPITATION (IN)
  YESTERDAY        0.00          3.25 1976   0.10  -0.10     0.14
  MONTH TO DATE    2.18                      1.93   0.25     2.23
  SINCE MAR 1      5.80                      4.32   1.48     2.93
  SINCE JAN 1      7.90                      6.12   1.78     4.17

DEGREE DAYS
 HEATING
  YESTERDAY        2                         9     -7        5
  MONTH TO DATE  125                       241   -116      158
  SINCE MAR 1    585                       850   -265      576
  SINCE JUL 1   3253                      4691  -1438     3562

 COOLING
  YESTERDAY        0                         1     -1        0
  MONTH TO DATE   40                        12     28       11
  SINCE MAR 1     51                        14     37       17
  SINCE JAN 1     51                        14     37       17
..................................................................


WIND (MPH)
  HIGHEST WIND SPEED    25   HIGHEST WIND DIRECTION     N (350)
  HIGHEST GUST SPEED    31   HIGHEST GUST DIRECTION    NW (330)
  AVERAGE WIND SPEED    12.2


SKY COVER
  POSSIBLE SUNSHINE  MM
  AVERAGE SKY COVER 0.3


WEATHER CONDITIONS
 THE FOLLOWING WEATHER WAS RECORDED YESTERDAY.
  NO SIGNIFICANT WEATHER WAS OBSERVED.


RELATIVE HUMIDITY (PERCENT)
 HIGHEST    90          1200 AM
 LOWEST     31           500 PM
 AVERAGE    61

..........................................................


THE SALINA KS CLIMATE NORMALS FOR TODAY
                         NORMAL    RECORD    YEAR
 MAXIMUM TEMPERATURE (F)   69        94      1989
 MINIMUM TEMPERATURE (F)   45        21      1966


SUNRISE AND SUNSET
APRIL 21 2017.........SUNRISE   645 AM CDT   SUNSET   814 PM CDT
APRIL 22 2017.........SUNRISE   644 AM CDT   SUNSET   815 PM CDT


-  INDICATES NEGATIVE NUMBERS.
R  INDICATES RECORD WAS SET OR TIED.
MM INDICATES DATA IS MISSING.
T  INDICATES TRACE AMOUNT.




$$
