000
CDUS43 KICT 120623
CLISLN


CLIMATE REPORT
NATIONAL WEATHER SERVICE WICHITA KS
122 AM CDT SAT JUL 12 2014


...................................

...THE SALINA KS CLIMATE SUMMARY FOR JULY 11 2014...

CLIMATE NORMAL PERIOD 1981 TO 2010
CLIMATE RECORD PERIOD 1894 TO 2014


WEATHER ITEM   OBSERVED TIME   RECORD YEAR NORMAL DEPARTURE LAST
                VALUE   (LST)  VALUE       VALUE  FROM      YEAR
                                                  NORMAL
..................................................................
TEMPERATURE (F)
 YESTERDAY
  MAXIMUM         99    337 PM 112    1995  93      6       91
  MINIMUM         70    551 AM  48    1903  69      1       69
  AVERAGE         85                        81      4       80

PRECIPITATION (IN)
  YESTERDAY        0.00          4.53 1963   0.15  -0.15     0.74
  MONTH TO DATE    0.58                      1.63  -1.05     1.41
  SINCE JUN 1      8.77                      5.74   3.03     3.65
  SINCE JAN 1     16.16                     17.73  -1.57    16.89

DEGREE DAYS
 HEATING
  YESTERDAY        0                         0      0        0
  MONTH TO DATE    0                         0      0        0
  SINCE JUN 1      1                         7     -6        7
  SINCE JUL 1      0                         0      0        0

 COOLING
  YESTERDAY       20                        16      4       15
  MONTH TO DATE  159                       172    -13      179
  SINCE JUN 1    516                       497     19      566
  SINCE JAN 1    748                       625    123      707
..................................................................


WIND (MPH)
  HIGHEST WIND SPEED    23   HIGHEST WIND DIRECTION     S (200)
  HIGHEST GUST SPEED    28   HIGHEST GUST DIRECTION     S (190)
  AVERAGE WIND SPEED    12.8


SKY COVER
  POSSIBLE SUNSHINE  MM
  AVERAGE SKY COVER 0.0


WEATHER CONDITIONS
 THE FOLLOWING WEATHER WAS RECORDED YESTERDAY.
  NO SIGNIFICANT WEATHER WAS OBSERVED.


RELATIVE HUMIDITY (PERCENT)
 HIGHEST    90           500 AM
 LOWEST     33           300 PM
 AVERAGE    62

..........................................................


THE SALINA KS CLIMATE NORMALS FOR TODAY
                         NORMAL    RECORD    YEAR
 MAXIMUM TEMPERATURE (F)   93       111      1995
 MINIMUM TEMPERATURE (F)   69        53      1907


SUNRISE AND SUNSET
JULY 12 2014..........SUNRISE   616 AM CDT   SUNSET   856 PM CDT
JULY 13 2014..........SUNRISE   616 AM CDT   SUNSET   856 PM CDT


-  INDICATES NEGATIVE NUMBERS.
R  INDICATES RECORD WAS SET OR TIED.
MM INDICATES DATA IS MISSING.
T  INDICATES TRACE AMOUNT.




$$
