000
CDUS43 KICT 110640
CLISLN


CLIMATE REPORT
NATIONAL WEATHER SERVICE WICHITA KS
1240 AM CST SUN JAN 11 2015


...................................

...THE SALINA KS CLIMATE SUMMARY FOR JANUARY 10 2015...

CLIMATE NORMAL PERIOD 1981 TO 2010
CLIMATE RECORD PERIOD 1894 TO 2015


WEATHER ITEM   OBSERVED TIME   RECORD YEAR NORMAL DEPARTURE LAST
                VALUE   (LST)  VALUE       VALUE  FROM      YEAR
                                                  NORMAL
..................................................................
TEMPERATURE (F)
 YESTERDAY
  MAXIMUM         41    340 PM  78    1990  41      0       40
  MINIMUM          9   1215 AM -11    1982  20    -11       34
  AVERAGE         25                        31     -6       37

PRECIPITATION (IN)
  YESTERDAY        0.00          0.57 2013   0.01  -0.01     0.14
  MONTH TO DATE    T                         0.15  -0.15     0.49
  SINCE DEC 1      1.90                      1.09   0.81     1.71
  SINCE JAN 1      T                         0.15  -0.15     0.49

DEGREE DAYS
 HEATING
  YESTERDAY       40                        34      6       28
  MONTH TO DATE  460                       340    120      434
  SINCE DEC 1   1353                      1352      1     1586
  SINCE JUL 1   2350                      2304     46     2574

 COOLING
  YESTERDAY        0                         0      0        0
  MONTH TO DATE    0                         0      0        0
  SINCE DEC 1      0                         0      0        0
  SINCE JAN 1      0                         0      0        0
..................................................................


WIND (MPH)
  HIGHEST WIND SPEED    26   HIGHEST WIND DIRECTION     S (200)
  HIGHEST GUST SPEED    32   HIGHEST GUST DIRECTION     S (190)
  AVERAGE WIND SPEED    14.1


SKY COVER
  POSSIBLE SUNSHINE  MM
  AVERAGE SKY COVER 0.1


WEATHER CONDITIONS
 THE FOLLOWING WEATHER WAS RECORDED YESTERDAY.
  NO SIGNIFICANT WEATHER WAS OBSERVED.


RELATIVE HUMIDITY (PERCENT)
 HIGHEST    69          1200 AM
 LOWEST     37           200 PM
 AVERAGE    53

..........................................................


THE SALINA KS CLIMATE NORMALS FOR TODAY
                         NORMAL    RECORD    YEAR
 MAXIMUM TEMPERATURE (F)   41        72      1911
 MINIMUM TEMPERATURE (F)   20       -22      1918


SUNRISE AND SUNSET
JANUARY 11 2015.......SUNRISE   749 AM CST   SUNSET   529 PM CST
JANUARY 12 2015.......SUNRISE   748 AM CST   SUNSET   530 PM CST


-  INDICATES NEGATIVE NUMBERS.
R  INDICATES RECORD WAS SET OR TIED.
MM INDICATES DATA IS MISSING.
T  INDICATES TRACE AMOUNT.




$$
