000
CDUS43 KICT 230632
CLISLN


CLIMATE REPORT
NATIONAL WEATHER SERVICE WICHITA KS
131 AM CDT MON JUN 23 2014


...................................

...THE SALINA KS CLIMATE SUMMARY FOR JUNE 22 2014...

CLIMATE NORMAL PERIOD 1981 TO 2010
CLIMATE RECORD PERIOD 1894 TO 2014


WEATHER ITEM   OBSERVED TIME   RECORD YEAR NORMAL DEPARTURE LAST
                VALUE   (LST)  VALUE       VALUE  FROM      YEAR
                                                  NORMAL
..................................................................
TEMPERATURE (F)
 YESTERDAY
  MAXIMUM         95    224 PM 106    1937  90      5       98
  MINIMUM         68    948 PM  48    1926  66      2       77
  AVERAGE         82                        78      4       88

PRECIPITATION (IN)
  YESTERDAY        0.50          1.39 1984   0.14   0.36     0.00
  MONTH TO DATE    7.24                      3.07   4.17     2.19
  SINCE JUN 1      7.24                      3.07   4.17     2.19
  SINCE JAN 1     14.63                     15.06  -0.43    15.43

DEGREE DAYS
 HEATING
  YESTERDAY        0                         0      0        0
  MONTH TO DATE    1                         5     -4        7
  SINCE JUN 1      1                         5     -4        7
  SINCE JUL 1   5398                      4869    529     4924

 COOLING
  YESTERDAY       17                        13      4       23
  MONTH TO DATE  257                       214     43      240
  SINCE JUN 1    257                       214     43      240
  SINCE JAN 1    489                       342    147      381
..................................................................


WIND (MPH)
  HIGHEST WIND SPEED    29   HIGHEST WIND DIRECTION    SE (120)
  HIGHEST GUST SPEED    36   HIGHEST GUST DIRECTION    SE (120)
  AVERAGE WIND SPEED     9.4


SKY COVER
  POSSIBLE SUNSHINE  MM
  AVERAGE SKY COVER 0.3


WEATHER CONDITIONS
 THE FOLLOWING WEATHER WAS RECORDED YESTERDAY.
  THUNDERSTORM
  HEAVY RAIN
  RAIN
  LIGHT RAIN
  FOG


RELATIVE HUMIDITY (PERCENT)
 HIGHEST    79           400 AM
 LOWEST     39           300 PM
 AVERAGE    59

..........................................................


THE SALINA KS CLIMATE NORMALS FOR TODAY
                         NORMAL    RECORD    YEAR
 MAXIMUM TEMPERATURE (F)   90       107      1897
 MINIMUM TEMPERATURE (F)   66        45      1926


SUNRISE AND SUNSET
JUNE 23 2014..........SUNRISE   606 AM CDT   SUNSET   859 PM CDT
JUNE 24 2014..........SUNRISE   607 AM CDT   SUNSET   900 PM CDT


-  INDICATES NEGATIVE NUMBERS.
R  INDICATES RECORD WAS SET OR TIED.
MM INDICATES DATA IS MISSING.
T  INDICATES TRACE AMOUNT.




$$
