000
CDUS43 KICT 120639
CLISLN


CLIMATE REPORT
NATIONAL WEATHER SERVICE WICHITA KS
139 AM CDT WED JUL 12 2017


...................................

...THE SALINA KS CLIMATE SUMMARY FOR JULY 11 2017...

CLIMATE NORMAL PERIOD 1981 TO 2010
CLIMATE RECORD PERIOD 1894 TO 2017


WEATHER ITEM   OBSERVED TIME   RECORD YEAR NORMAL DEPARTURE LAST
                VALUE   (LST)  VALUE       VALUE  FROM      YEAR
                                                  NORMAL
..................................................................
TEMPERATURE (F)
 YESTERDAY
  MAXIMUM        107    347 PM 112    1995  93     14       99
                                      1954
  MINIMUM         78    554 AM  56    1999  69      9       80
  AVERAGE         93                        81     12       90

PRECIPITATION (IN)
  YESTERDAY        0.00          4.53 1963   0.15  -0.15     0.00
                                      1951
  MONTH TO DATE    0.02                      1.63  -1.61     1.23
  SINCE JUN 1      1.71                      5.74  -4.03     1.68
  SINCE JAN 1     14.95                     17.73  -2.78    13.50

DEGREE DAYS
 HEATING
  YESTERDAY        0                         0      0        0
  MONTH TO DATE    0                         0      0        0
  SINCE JUN 1      0                         7     -7        0
  SINCE JUL 1      0                         0      0        0

 COOLING
  YESTERDAY       28                        16     12       25
  MONTH TO DATE  200                       172     28      194
  SINCE JUN 1    634                       497    137      686
  SINCE JAN 1    794                       625    169      811
..................................................................


WIND (MPH)
  HIGHEST WIND SPEED    29   HIGHEST WIND DIRECTION     S (200)
  HIGHEST GUST SPEED    37   HIGHEST GUST DIRECTION    SW (210)
  AVERAGE WIND SPEED    16.2


SKY COVER
  POSSIBLE SUNSHINE  MM
  AVERAGE SKY COVER 0.0


WEATHER CONDITIONS
 THE FOLLOWING WEATHER WAS RECORDED YESTERDAY.
  NO SIGNIFICANT WEATHER WAS OBSERVED.


RELATIVE HUMIDITY (PERCENT)
 HIGHEST    79           500 AM
 LOWEST     22           400 PM
 AVERAGE    51

..........................................................


THE SALINA KS CLIMATE NORMALS FOR TODAY
                         NORMAL    RECORD    YEAR
 MAXIMUM TEMPERATURE (F)   93       111      1995
                                             1954
 MINIMUM TEMPERATURE (F)   69        57      1984
                                             1953


SUNRISE AND SUNSET
JULY 12 2017..........SUNRISE   616 AM CDT   SUNSET   856 PM CDT
JULY 13 2017..........SUNRISE   617 AM CDT   SUNSET   856 PM CDT


-  INDICATES NEGATIVE NUMBERS.
R  INDICATES RECORD WAS SET OR TIED.
MM INDICATES DATA IS MISSING.
T  INDICATES TRACE AMOUNT.




$$
