000
CDUS43 KICT 050630
CLISLN


CLIMATE REPORT
NATIONAL WEATHER SERVICE WICHITA KS
1230 AM CST MON FEB 5 2018


...................................

...THE SALINA KS CLIMATE SUMMARY FOR FEBRUARY 4 2018...

CLIMATE NORMAL PERIOD 1981 TO 2010
CLIMATE RECORD PERIOD 1894 TO 2018


WEATHER ITEM   OBSERVED TIME   RECORD YEAR NORMAL DEPARTURE LAST
                VALUE   (LST)  VALUE       VALUE  FROM      YEAR
                                                  NORMAL
..................................................................
TEMPERATURE (F)
 YESTERDAY
  MAXIMUM         41   1206 AM  75    1953  44     -3       61
  MINIMUM          7   1159 PM -11    1899  22    -15       24
  AVERAGE         24                        33     -9       43

PRECIPITATION (IN)
  YESTERDAY        T             1.02 1960   0.03  -0.03     0.00
  MONTH TO DATE    T                         0.14  -0.14     0.00
  SINCE DEC 1      0.39                      1.71  -1.32     2.87
  SINCE JAN 1      0.34                      0.77  -0.43     2.02

DEGREE DAYS
 HEATING
  YESTERDAY       41                        32      9       22
  MONTH TO DATE  129                       130     -1      128
  SINCE DEC 1   2090                      2194   -104     1691
  SINCE JUL 1   2846                      3146   -300     2234

 COOLING
  YESTERDAY        0                         0      0        0
  MONTH TO DATE    0                         0      0        0
  SINCE DEC 1      0                         0      0        0
  SINCE JAN 1      0                         0      0        0
..................................................................


WIND (MPH)
  HIGHEST WIND SPEED    32   HIGHEST WIND DIRECTION     N (340)
  HIGHEST GUST SPEED    39   HIGHEST GUST DIRECTION     N (350)
  AVERAGE WIND SPEED    17.7


SKY COVER
  POSSIBLE SUNSHINE  MM
  AVERAGE SKY COVER 0.5


WEATHER CONDITIONS
 THE FOLLOWING WEATHER WAS RECORDED YESTERDAY.
  SNOW
  LIGHT SNOW
  FOG
  HAZE


RELATIVE HUMIDITY (PERCENT)
 HIGHEST    83          1100 AM
 LOWEST     53           400 PM
 AVERAGE    68

..........................................................


THE SALINA KS CLIMATE NORMALS FOR TODAY
                         NORMAL    RECORD    YEAR
 MAXIMUM TEMPERATURE (F)   44        72      1938
 MINIMUM TEMPERATURE (F)   22       -14      1979


SUNRISE AND SUNSET
FEBRUARY  5 2018......SUNRISE   733 AM CST   SUNSET   557 PM CST
FEBRUARY  6 2018......SUNRISE   732 AM CST   SUNSET   558 PM CST


-  INDICATES NEGATIVE NUMBERS.
R  INDICATES RECORD WAS SET OR TIED.
MM INDICATES DATA IS MISSING.
T  INDICATES TRACE AMOUNT.




$$
