579
CDUS43 KICT 100626
CLISLN


CLIMATE REPORT
NATIONAL WEATHER SERVICE WICHITA KS
126 AM CDT MON APR 10 2017


...................................

...THE SALINA KS CLIMATE SUMMARY FOR APRIL 9 2017...

CLIMATE NORMAL PERIOD 1981 TO 2010
CLIMATE RECORD PERIOD 1894 TO 2017


WEATHER ITEM   OBSERVED TIME   RECORD YEAR NORMAL DEPARTURE LAST
                VALUE   (LST)  VALUE       VALUE  FROM      YEAR
                                                  NORMAL
..................................................................
TEMPERATURE (F)
 YESTERDAY
  MAXIMUM         82    214 PM  95    1930  65     17       76
  MINIMUM         56   1159 PM  21    1916  41     15       36
  AVERAGE         69                        53     16       56

PRECIPITATION (IN)
  YESTERDAY        0.00          0.99 1978   0.09  -0.09     0.00
  MONTH TO DATE    1.64                      0.82   0.82     0.07
  SINCE MAR 1      5.26                      3.21   2.05     0.77
  SINCE JAN 1      7.36                      5.01   2.35     2.01

DEGREE DAYS
 HEATING
  YESTERDAY        0                        13    -13        9
  MONTH TO DATE   89                       123    -34       82
  SINCE MAR 1    549                       732   -183      500
  SINCE JUL 1   3217                      4573  -1356     3486

 COOLING
  YESTERDAY        4                         1      3        0
  MONTH TO DATE    8                         1      7        6
  SINCE MAR 1     19                         3     16       12
  SINCE JAN 1     19                         3     16       12
..................................................................


WIND (MPH)
  HIGHEST WIND SPEED    26   HIGHEST WIND DIRECTION    NW (320)
  HIGHEST GUST SPEED    33   HIGHEST GUST DIRECTION    NW (320)
  AVERAGE WIND SPEED    15.0


SKY COVER
  POSSIBLE SUNSHINE  MM
  AVERAGE SKY COVER 0.0


WEATHER CONDITIONS
 THE FOLLOWING WEATHER WAS RECORDED YESTERDAY.
  NO SIGNIFICANT WEATHER WAS OBSERVED.


RELATIVE HUMIDITY (PERCENT)
 HIGHEST    90           600 AM
 LOWEST     42           200 PM
 AVERAGE    66

..........................................................


THE SALINA KS CLIMATE NORMALS FOR TODAY
                         NORMAL    RECORD    YEAR
 MAXIMUM TEMPERATURE (F)   65        92      1930
 MINIMUM TEMPERATURE (F)   41        24      1989


SUNRISE AND SUNSET
APRIL 10 2017.........SUNRISE   701 AM CDT   SUNSET   803 PM CDT
APRIL 11 2017.........SUNRISE   700 AM CDT   SUNSET   804 PM CDT


-  INDICATES NEGATIVE NUMBERS.
R  INDICATES RECORD WAS SET OR TIED.
MM INDICATES DATA IS MISSING.
T  INDICATES TRACE AMOUNT.




$$
