000
CDUS43 KICT 300623
CLISLN


CLIMATE REPORT
NATIONAL WEATHER SERVICE WICHITA KS
123 AM CDT SAT AUG 30 2014


...................................

...THE SALINA KS CLIMATE SUMMARY FOR AUGUST 29 2014...

CLIMATE NORMAL PERIOD 1981 TO 2010
CLIMATE RECORD PERIOD 1894 TO 2014


WEATHER ITEM   OBSERVED TIME   RECORD YEAR NORMAL DEPARTURE LAST
                VALUE   (LST)  VALUE       VALUE  FROM      YEAR
                                                  NORMAL
..................................................................
TEMPERATURE (F)
 YESTERDAY
  MAXIMUM         90    348 PM 106    1954  89      1      100
  MINIMUM         67    614 AM  43    1917  66      1       72
  AVERAGE         79                        77      2       86

PRECIPITATION (IN)
  YESTERDAY        0.01          1.73 2003   0.12  -0.11     0.00
  MONTH TO DATE    2.44                      3.71  -1.27     5.00
  SINCE JUN 1     11.36                     12.11  -0.75    13.00
  SINCE JAN 1     18.75                     24.10  -5.35    26.24

DEGREE DAYS
 HEATING
  YESTERDAY        0                         0      0        0
  MONTH TO DATE    0                         0      0        0
  SINCE JUN 1      1                         7     -6       10
  SINCE JUL 1      0                         0      0        3

 COOLING
  YESTERDAY       14                        12      2       21
  MONTH TO DATE  494                       430     64      380
  SINCE JUN 1   1294                      1256     38     1210
  SINCE JAN 1   1526                      1384    142     1351
..................................................................


WIND (MPH)
  HIGHEST WIND SPEED    23   HIGHEST WIND DIRECTION    SW (230)
  HIGHEST GUST SPEED    29   HIGHEST GUST DIRECTION    SW (220)
  AVERAGE WIND SPEED     8.8


SKY COVER
  POSSIBLE SUNSHINE  MM
  AVERAGE SKY COVER 0.3


WEATHER CONDITIONS
 THE FOLLOWING WEATHER WAS RECORDED YESTERDAY.
  LIGHT RAIN


RELATIVE HUMIDITY (PERCENT)
 HIGHEST    87           600 AM
 LOWEST     36           400 PM
 AVERAGE    62

..........................................................


THE SALINA KS CLIMATE NORMALS FOR TODAY
                         NORMAL    RECORD    YEAR
 MAXIMUM TEMPERATURE (F)   89       106      1939
 MINIMUM TEMPERATURE (F)   65        42      1915


SUNRISE AND SUNSET
AUGUST 30 2014........SUNRISE   658 AM CDT   SUNSET   804 PM CDT
AUGUST 31 2014........SUNRISE   659 AM CDT   SUNSET   802 PM CDT


-  INDICATES NEGATIVE NUMBERS.
R  INDICATES RECORD WAS SET OR TIED.
MM INDICATES DATA IS MISSING.
T  INDICATES TRACE AMOUNT.




$$
