000
CDUS43 KICT 030628
CLISLN


CLIMATE REPORT
NATIONAL WEATHER SERVICE WICHITA KS
128 AM CDT FRI OCT 3 2014


...................................

...THE SALINA KS CLIMATE SUMMARY FOR OCTOBER 2 2014...

CLIMATE NORMAL PERIOD 1981 TO 2010
CLIMATE RECORD PERIOD 1894 TO 2014


WEATHER ITEM   OBSERVED TIME   RECORD YEAR NORMAL DEPARTURE LAST
                VALUE   (LST)  VALUE       VALUE  FROM      YEAR
                                                  NORMAL
..................................................................
TEMPERATURE (F)
 YESTERDAY
  MAXIMUM         68   1236 AM  97    1963  74     -6       87
  MINIMUM         52   1156 PM  33    1906  51      1       63
  AVERAGE         60                        63     -3       75

PRECIPITATION (IN)
  YESTERDAY        0.05          1.54 2002   0.09  -0.04     0.00
  MONTH TO DATE    0.05                      0.18  -0.13     0.00
  SINCE SEP 1      4.19                      2.88   1.31     1.63
  SINCE JAN 1     25.47                     27.22  -1.75    27.87

DEGREE DAYS
 HEATING
  YESTERDAY        5                         5      0        0
  MONTH TO DATE    5                        10     -5        0
  SINCE SEP 1     45                        61    -16        9
  SINCE JUL 1     45                        62    -17       12

 COOLING
  YESTERDAY        0                         3     -3       10
  MONTH TO DATE    8                         6      2       16
  SINCE SEP 1    208                       211     -3      317
  SINCE JAN 1   1766                      1618    148     1711
..................................................................


WIND (MPH)
  HIGHEST WIND SPEED    26   HIGHEST WIND DIRECTION    NW (320)
  HIGHEST GUST SPEED    34   HIGHEST GUST DIRECTION    NW (320)
  AVERAGE WIND SPEED    10.7


SKY COVER
  POSSIBLE SUNSHINE  MM
  AVERAGE SKY COVER 0.5


WEATHER CONDITIONS
 THE FOLLOWING WEATHER WAS RECORDED YESTERDAY.
  RAIN
  LIGHT RAIN
  FOG
  HAZE


RELATIVE HUMIDITY (PERCENT)
 HIGHEST    93           100 AM
 LOWEST     63           500 PM
 AVERAGE    78

..........................................................


THE SALINA KS CLIMATE NORMALS FOR TODAY
                         NORMAL    RECORD    YEAR
 MAXIMUM TEMPERATURE (F)   74       100      1954
 MINIMUM TEMPERATURE (F)   51        32      1987


SUNRISE AND SUNSET
OCTOBER  3 2014.......SUNRISE   728 AM CDT   SUNSET   710 PM CDT
OCTOBER  4 2014.......SUNRISE   729 AM CDT   SUNSET   709 PM CDT


-  INDICATES NEGATIVE NUMBERS.
R  INDICATES RECORD WAS SET OR TIED.
MM INDICATES DATA IS MISSING.
T  INDICATES TRACE AMOUNT.




$$
