658
CDUS43 KICT 030621
CLISLN


CLIMATE REPORT
NATIONAL WEATHER SERVICE WICHITA KS
121 AM CDT WED AUG 3 2016


...................................

...THE SALINA KS CLIMATE SUMMARY FOR AUGUST 2 2016...

CLIMATE NORMAL PERIOD 1981 TO 2010
CLIMATE RECORD PERIOD 1894 TO 2016


WEATHER ITEM   OBSERVED TIME   RECORD YEAR NORMAL DEPARTURE LAST
                VALUE   (LST)  VALUE       VALUE  FROM      YEAR
                                                  NORMAL
..................................................................
TEMPERATURE (F)
 YESTERDAY
  MAXIMUM         90    613 PM 109    2011  93     -3       97
                                      1918
  MINIMUM         76    909 AM  53    1925  70      6       72
  AVERAGE         83                        81      2       85

PRECIPITATION (IN)
  YESTERDAY        0.10          1.69 1968   0.14  -0.04     0.00
  MONTH TO DATE    0.10                      0.29  -0.19     0.00
  SINCE JUN 1      2.88                      8.69  -5.81     8.36
  SINCE JAN 1     14.70                     20.68  -5.98    19.96

DEGREE DAYS
 HEATING
  YESTERDAY        0                         0      0        0
  MONTH TO DATE    0                         0      0        0
  SINCE JUN 1      0                         7     -7        0
  SINCE JUL 1      0                         0      0        0

 COOLING
  YESTERDAY       18                        16      2       20
  MONTH TO DATE   44                        32     12       37
  SINCE JUN 1   1124                       858    266     1027
  SINCE JAN 1   1249                       986    263     1117
..................................................................


WIND (MPH)
  HIGHEST WIND SPEED    22   HIGHEST WIND DIRECTION    SE (140)
  HIGHEST GUST SPEED    26   HIGHEST GUST DIRECTION     S (190)
  AVERAGE WIND SPEED     8.9


SKY COVER
  POSSIBLE SUNSHINE  MM
  AVERAGE SKY COVER 0.1


WEATHER CONDITIONS
 THE FOLLOWING WEATHER WAS RECORDED YESTERDAY.
  THUNDERSTORM
  RAIN
  LIGHT RAIN


RELATIVE HUMIDITY (PERCENT)
 HIGHEST    85          1100 AM
 LOWEST     55          1200 AM
 AVERAGE    70

..........................................................


THE SALINA KS CLIMATE NORMALS FOR TODAY
                         NORMAL    RECORD    YEAR
 MAXIMUM TEMPERATURE (F)   93       112      1918
 MINIMUM TEMPERATURE (F)   70        50      1898


SUNRISE AND SUNSET
AUGUST  3 2016........SUNRISE   634 AM CDT   SUNSET   839 PM CDT
AUGUST  4 2016........SUNRISE   635 AM CDT   SUNSET   838 PM CDT


-  INDICATES NEGATIVE NUMBERS.
R  INDICATES RECORD WAS SET OR TIED.
MM INDICATES DATA IS MISSING.
T  INDICATES TRACE AMOUNT.




$$
