788
CDUS43 KICT 060630
CLISLN


CLIMATE REPORT
NATIONAL WEATHER SERVICE WICHITA KS
129 AM CDT THU JUL 6 2017


...................................

...THE SALINA KS CLIMATE SUMMARY FOR JULY 5 2017...

CLIMATE NORMAL PERIOD 1981 TO 2010
CLIMATE RECORD PERIOD 1894 TO 2017


WEATHER ITEM   OBSERVED TIME   RECORD YEAR NORMAL DEPARTURE LAST
                VALUE   (LST)  VALUE       VALUE  FROM      YEAR
                                                  NORMAL
..................................................................
TEMPERATURE (F)
 YESTERDAY
  MAXIMUM         93    436 PM 109    1991  93      0      100
  MINIMUM         66    512 AM  49    1972  69     -3       76
  AVERAGE         80                        81     -1       88

PRECIPITATION (IN)
  YESTERDAY        0.00          2.55 1971   0.15  -0.15     0.00
  MONTH TO DATE    0.02                      0.74  -0.72     1.18
  SINCE JUN 1      1.71                      4.85  -3.14     1.63
  SINCE JAN 1     14.95                     16.84  -1.89    13.45

DEGREE DAYS
 HEATING
  YESTERDAY        0                         0      0        0
  MONTH TO DATE    0                         0      0        0
  SINCE JUN 1      0                         7     -7        0
  SINCE JUL 1      0                         0      0        0

 COOLING
  YESTERDAY       15                        16     -1       23
  MONTH TO DATE   75                        76     -1       68
  SINCE JUN 1    509                       401    108      560
  SINCE JAN 1    669                       529    140      685
..................................................................


WIND (MPH)
  HIGHEST WIND SPEED    10   HIGHEST WIND DIRECTION    NE (50)
  HIGHEST GUST SPEED    14   HIGHEST GUST DIRECTION     E (70)
  AVERAGE WIND SPEED     3.7


SKY COVER
  POSSIBLE SUNSHINE  MM
  AVERAGE SKY COVER 0.0


WEATHER CONDITIONS
 THE FOLLOWING WEATHER WAS RECORDED YESTERDAY.
  NO SIGNIFICANT WEATHER WAS OBSERVED.


RELATIVE HUMIDITY (PERCENT)
 HIGHEST    93           500 AM
 LOWEST     30           400 PM
 AVERAGE    62

..........................................................


THE SALINA KS CLIMATE NORMALS FOR TODAY
                         NORMAL    RECORD    YEAR
 MAXIMUM TEMPERATURE (F)   93       110      1991
 MINIMUM TEMPERATURE (F)   69        54      1967


SUNRISE AND SUNSET
JULY  6 2017..........SUNRISE   612 AM CDT   SUNSET   859 PM CDT
JULY  7 2017..........SUNRISE   613 AM CDT   SUNSET   858 PM CDT


-  INDICATES NEGATIVE NUMBERS.
R  INDICATES RECORD WAS SET OR TIED.
MM INDICATES DATA IS MISSING.
T  INDICATES TRACE AMOUNT.




$$
