861
CDUS43 KICT 100631
CLISLN

CLIMATE REPORT
NATIONAL WEATHER SERVICE WICHITA KS
131 AM CDT SUN JUL 10 2016


...................................

...THE SALINA KS CLIMATE SUMMARY FOR JULY 9 2016...

CLIMATE NORMAL PERIOD 1981 TO 2010
CLIMATE RECORD PERIOD 1894 TO 2016


WEATHER ITEM   OBSERVED TIME   RECORD YEAR NORMAL DEPARTURE LAST
                VALUE   (LST)  VALUE       VALUE  FROM      YEAR
                                                  NORMAL
..................................................................
TEMPERATURE (F)
 YESTERDAY
  MAXIMUM         97    348 PM 109    1980  93      4       85
  MINIMUM         72    327 AM  50    1952  69      3       64
  AVERAGE         85                        81      4       75

PRECIPITATION (IN)
  YESTERDAY        0.00          2.31 1982   0.15  -0.15      T
  MONTH TO DATE    1.23                      1.33  -0.10     0.30
  SINCE JUN 1      1.68                      5.44  -3.76     4.80
  SINCE JAN 1     13.50                     17.43  -3.93    16.40

DEGREE DAYS
 HEATING
  YESTERDAY        0                         0      0        0
  MONTH TO DATE    0                         0      0        0
  SINCE JUN 1      0                         7     -7        0
  SINCE JUL 1      0                         0      0        0

 COOLING
  YESTERDAY       20                        16      4       10
  MONTH TO DATE  147                       140      7      120
  SINCE JUN 1    639                       465    174      560
  SINCE JAN 1    764                       593    171      650
..................................................................


WIND (MPH)
  HIGHEST WIND SPEED    18   HIGHEST WIND DIRECTION     S (190)
  HIGHEST GUST SPEED    25   HIGHEST GUST DIRECTION     S (160)
  AVERAGE WIND SPEED     9.7


SKY COVER
  POSSIBLE SUNSHINE  MM
  AVERAGE SKY COVER 0.1


WEATHER CONDITIONS
 THE FOLLOWING WEATHER WAS RECORDED YESTERDAY.
  NO SIGNIFICANT WEATHER WAS OBSERVED.


RELATIVE HUMIDITY (PERCENT)
 HIGHEST    93           500 AM
 LOWEST     40           500 PM
 AVERAGE    67

..........................................................


THE SALINA KS CLIMATE NORMALS FOR TODAY
                         NORMAL    RECORD    YEAR
 MAXIMUM TEMPERATURE (F)   93       111      1934
 MINIMUM TEMPERATURE (F)   69        48      1905


SUNRISE AND SUNSET
JULY 10 2016..........SUNRISE   615 AM CDT   SUNSET   857 PM CDT
JULY 11 2016..........SUNRISE   615 AM CDT   SUNSET   857 PM CDT


-  INDICATES NEGATIVE NUMBERS.
R  INDICATES RECORD WAS SET OR TIED.
MM INDICATES DATA IS MISSING.
T  INDICATES TRACE AMOUNT.




$$
