000
CDUS43 KICT 070633
CLISLN


CLIMATE REPORT
NATIONAL WEATHER SERVICE WICHITA KS
133 AM CDT THU MAY 7 2015


...................................

...THE SALINA KS CLIMATE SUMMARY FOR MAY 6 2015...

CLIMATE NORMAL PERIOD 1981 TO 2010
CLIMATE RECORD PERIOD 1894 TO 2015


WEATHER ITEM   OBSERVED TIME   RECORD YEAR NORMAL DEPARTURE LAST
                VALUE   (LST)  VALUE       VALUE  FROM      YEAR
                                                  NORMAL
..................................................................
TEMPERATURE (F)
 YESTERDAY
  MAXIMUM         77    355 PM 101    2014  73      4      101
  MINIMUM         61    450 AM  31    1944  51     10       54
  AVERAGE         69                        62      7       78

PRECIPITATION (IN)
  YESTERDAY        0.27          2.91 2007   0.13   0.14     0.00
  MONTH TO DATE    2.18                      0.76   1.42     0.00
  SINCE MAR 1      4.06                      6.20  -2.14     1.63
  SINCE JAN 1      5.50                      8.00  -2.50     3.44

DEGREE DAYS
 HEATING
  YESTERDAY        0                         5     -5        0
  MONTH TO DATE    2                        33    -31       24
  SINCE MAR 1    734                       960   -226     1072
  SINCE JUL 1   4563                      4801   -238     5322

 COOLING
  YESTERDAY        4                         2      2       13
  MONTH TO DATE   34                         9     25       23
  SINCE MAR 1     46                        34     12       59
  SINCE JAN 1     46                        34     12       59
..................................................................


WIND (MPH)
  HIGHEST WIND SPEED    38   HIGHEST WIND DIRECTION     S (160)
  HIGHEST GUST SPEED    47   HIGHEST GUST DIRECTION     S (160)
  AVERAGE WIND SPEED    23.1


SKY COVER
  POSSIBLE SUNSHINE  MM
  AVERAGE SKY COVER 0.7


WEATHER CONDITIONS
 THE FOLLOWING WEATHER WAS RECORDED YESTERDAY.
  THUNDERSTORM
  RAIN
  LIGHT RAIN


RELATIVE HUMIDITY (PERCENT)
 HIGHEST    93           300 AM
 LOWEST     66          1100 PM
 AVERAGE    80

..........................................................


THE SALINA KS CLIMATE NORMALS FOR TODAY
                         NORMAL    RECORD    YEAR
 MAXIMUM TEMPERATURE (F)   74        99      1895
 MINIMUM TEMPERATURE (F)   51        35      1951


SUNRISE AND SUNSET
MAY  7 2015...........SUNRISE   626 AM CDT   SUNSET   828 PM CDT
MAY  8 2015...........SUNRISE   625 AM CDT   SUNSET   829 PM CDT


-  INDICATES NEGATIVE NUMBERS.
R  INDICATES RECORD WAS SET OR TIED.
MM INDICATES DATA IS MISSING.
T  INDICATES TRACE AMOUNT.




$$

JMBW
