612
CDUS43 KICT 300650
CLISLN


CLIMATE REPORT
NATIONAL WEATHER SERVICE WICHITA KS
150 AM CDT MON MAY 30 2016


...................................

...THE SALINA KS CLIMATE SUMMARY FOR MAY 29 2016...

CLIMATE NORMAL PERIOD 1981 TO 2010
CLIMATE RECORD PERIOD 1894 TO 2016


WEATHER ITEM   OBSERVED TIME   RECORD YEAR NORMAL DEPARTURE LAST
                VALUE   (LST)  VALUE       VALUE  FROM      YEAR
                                                  NORMAL
..................................................................
TEMPERATURE (F)
 YESTERDAY
  MAXIMUM         88    145 PM 104    1913  81      7       81
  MINIMUM         56    449 AM  33    1947  59     -3       58
  AVERAGE         72                        70      2       70

PRECIPITATION (IN)
  YESTERDAY        0.23          2.77 2013   0.17   0.06     0.02
  MONTH TO DATE    4.79                      4.40   0.39     8.28
  SINCE MAR 1      9.86                      9.84   0.02    10.16
  SINCE JAN 1     11.10                     11.64  -0.54    11.60

DEGREE DAYS
 HEATING
  YESTERDAY        0                         1     -1        0
  MONTH TO DATE  100                        94      6       92
  SINCE MAR 1    732                      1021   -289      824
  SINCE JUL 1   3718                      4862  -1144     4653

 COOLING
  YESTERDAY        7                         6      1        5
  MONTH TO DATE   79                        91    -12       78
  SINCE MAR 1    113                       116     -3       90
  SINCE JAN 1    113                       116     -3       90
..................................................................


WIND (MPH)
  HIGHEST WIND SPEED    30   HIGHEST WIND DIRECTION     S (190)
  HIGHEST GUST SPEED    37   HIGHEST GUST DIRECTION     S (190)
  AVERAGE WIND SPEED     6.6


SKY COVER
  POSSIBLE SUNSHINE  MM
  AVERAGE SKY COVER 0.1


WEATHER CONDITIONS
 THE FOLLOWING WEATHER WAS RECORDED YESTERDAY.
  THUNDERSTORM
  HEAVY RAIN
  RAIN
  LIGHT RAIN


RELATIVE HUMIDITY (PERCENT)
 HIGHEST    93           300 AM
 LOWEST     34           100 PM
 AVERAGE    64

..........................................................


THE SALINA KS CLIMATE NORMALS FOR TODAY
                         NORMAL    RECORD    YEAR
 MAXIMUM TEMPERATURE (F)   81       105      1913
 MINIMUM TEMPERATURE (F)   59        44      1955


SUNRISE AND SUNSET
MAY 30 2016...........SUNRISE   608 AM CDT   SUNSET   849 PM CDT
MAY 31 2016...........SUNRISE   608 AM CDT   SUNSET   849 PM CDT


-  INDICATES NEGATIVE NUMBERS.
R  INDICATES RECORD WAS SET OR TIED.
MM INDICATES DATA IS MISSING.
T  INDICATES TRACE AMOUNT.




$$
