000
CDUS43 KICT 300630
CLISLN


CLIMATE REPORT
NATIONAL WEATHER SERVICE WICHITA KS
130 AM CDT TUE SEP 30 2014


...................................

...THE SALINA KS CLIMATE SUMMARY FOR SEPTEMBER 29 2014...

CLIMATE NORMAL PERIOD 1981 TO 2010
CLIMATE RECORD PERIOD 1894 TO 2014


WEATHER ITEM   OBSERVED TIME   RECORD YEAR NORMAL DEPARTURE LAST
                VALUE   (LST)  VALUE       VALUE  FROM      YEAR
                                                  NORMAL
..................................................................
TEMPERATURE (F)
 YESTERDAY
  MAXIMUM         85    339 PM  98    1994  76      9       78
  MINIMUM         57    622 AM  28    1916  52      5       44
  AVERAGE         71                        64      7       61

PRECIPITATION (IN)
  YESTERDAY        0.00          1.32 1986   0.09  -0.09     0.00
  MONTH TO DATE    3.35                      2.61   0.74     1.63
  SINCE SEP 1      3.35                      2.61   0.74     1.63
  SINCE JAN 1     24.63                     26.95  -2.32    27.87

DEGREE DAYS
 HEATING
  YESTERDAY        0                         4     -4        4
  MONTH TO DATE   40                        45     -5        9
  SINCE SEP 1     40                        45     -5        9
  SINCE JUL 1     40                        46     -6       12

 COOLING
  YESTERDAY        6                         3      3        0
  MONTH TO DATE  191                       201    -10      300
  SINCE SEP 1    191                       201    -10      300
  SINCE JAN 1   1749                      1608    141     1694
..................................................................


WIND (MPH)
  HIGHEST WIND SPEED    15   HIGHEST WIND DIRECTION    SE (140)
  HIGHEST GUST SPEED    19   HIGHEST GUST DIRECTION    SE (120)
  AVERAGE WIND SPEED     6.6


SKY COVER
  POSSIBLE SUNSHINE  MM
  AVERAGE SKY COVER 0.0


WEATHER CONDITIONS
 THE FOLLOWING WEATHER WAS RECORDED YESTERDAY.
  FOG


RELATIVE HUMIDITY (PERCENT)
 HIGHEST    87           400 AM
 LOWEST     40           200 PM
 AVERAGE    64

..........................................................


THE SALINA KS CLIMATE NORMALS FOR TODAY
                         NORMAL    RECORD    YEAR
 MAXIMUM TEMPERATURE (F)   75        96      1994
 MINIMUM TEMPERATURE (F)   52        28      1912


SUNRISE AND SUNSET
SEPTEMBER 30 2014.....SUNRISE   726 AM CDT   SUNSET   715 PM CDT
OCTOBER  1 2014.......SUNRISE   726 AM CDT   SUNSET   713 PM CDT


-  INDICATES NEGATIVE NUMBERS.
R  INDICATES RECORD WAS SET OR TIED.
MM INDICATES DATA IS MISSING.
T  INDICATES TRACE AMOUNT.




$$
