000
CDUS43 KICT 190623
CLISLN


CLIMATE REPORT
NATIONAL WEATHER SERVICE WICHITA KS
1223 AM CST FRI JAN 19 2018


...................................

...THE SALINA KS CLIMATE SUMMARY FOR JANUARY 18 2018...

CLIMATE NORMAL PERIOD 1981 TO 2010
CLIMATE RECORD PERIOD 1894 TO 2018


WEATHER ITEM   OBSERVED TIME   RECORD YEAR NORMAL DEPARTURE LAST
                VALUE   (LST)  VALUE       VALUE  FROM      YEAR
                                                  NORMAL
..................................................................
TEMPERATURE (F)
 YESTERDAY
  MAXIMUM         47    414 PM  72    1951  42      5       55
  MINIMUM         17    700 AM -11    1984  20     -3       30
  AVERAGE         32                        31      1       43

PRECIPITATION (IN)
  YESTERDAY        0.00          0.79 1979   0.02  -0.02     0.00
  MONTH TO DATE    0.13                      0.31  -0.18     2.02
  SINCE DEC 1      0.18                      1.25  -1.07     2.87
  SINCE JAN 1      0.13                      0.31  -0.18     2.02

DEGREE DAYS
 HEATING
  YESTERDAY       33                        34     -1       22
  MONTH TO DATE  703                       612     91      230
  SINCE DEC 1   1636                      1624     12     1256
  SINCE JUL 1   2392                      2576   -184     1799

 COOLING
  YESTERDAY        0                         0      0        0
  MONTH TO DATE    0                         0      0        0
  SINCE DEC 1      0                         0      0        0
  SINCE JAN 1      0                         0      0        0
..................................................................


WIND (MPH)
  HIGHEST WIND SPEED    22   HIGHEST WIND DIRECTION     S (190)
  HIGHEST GUST SPEED    26   HIGHEST GUST DIRECTION     S (190)
  AVERAGE WIND SPEED    11.7


SKY COVER
  POSSIBLE SUNSHINE  MM
  AVERAGE SKY COVER 0.0


WEATHER CONDITIONS
 THE FOLLOWING WEATHER WAS RECORDED YESTERDAY.
  NO SIGNIFICANT WEATHER WAS OBSERVED.


RELATIVE HUMIDITY (PERCENT)
 HIGHEST    67           600 AM
 LOWEST     45           200 PM
 AVERAGE    56

..........................................................


THE SALINA KS CLIMATE NORMALS FOR TODAY
                         NORMAL    RECORD    YEAR
 MAXIMUM TEMPERATURE (F)   42        68      2014
                                             2003
 MINIMUM TEMPERATURE (F)   20       -14      1943


SUNRISE AND SUNSET
JANUARY 19 2018.......SUNRISE   746 AM CST   SUNSET   537 PM CST
JANUARY 20 2018.......SUNRISE   745 AM CST   SUNSET   539 PM CST


-  INDICATES NEGATIVE NUMBERS.
R  INDICATES RECORD WAS SET OR TIED.
MM INDICATES DATA IS MISSING.
T  INDICATES TRACE AMOUNT.




$$
