000
CDUS43 KICT 270714
CLISLN

CLIMATE REPORT
NATIONAL WEATHER SERVICE WICHITA KS
206 AM CDT WED JUL 27 2016

...................................

...THE SALINA KS CLIMATE SUMMARY FOR JULY 26 2016...

CLIMATE NORMAL PERIOD 1981 TO 2010
CLIMATE RECORD PERIOD 1894 TO 2016


WEATHER ITEM   OBSERVED TIME   RECORD YEAR NORMAL DEPARTURE LAST
                VALUE   (LST)  VALUE       VALUE  FROM      YEAR
                                                  NORMAL
..................................................................
TEMPERATURE (F)
 YESTERDAY
  MAXIMUM         92    421 PM 111    1910  93     -1       99
  MINIMUM         69    607 AM  56    1926  70     -1       73
  AVERAGE         81                        81      0       86

PRECIPITATION (IN)
  YESTERDAY        0.00          2.21 1990   0.13  -0.13     0.35
  MONTH TO DATE    1.80                      3.67  -1.87     2.97
  SINCE JUN 1      2.25                      7.78  -5.53     7.47
  SINCE JAN 1     14.07                     19.77  -5.70    19.07

DEGREE DAYS
 HEATING
  YESTERDAY        0                         0      0        0
  MONTH TO DATE    0                         0      0        0
  SINCE JUN 1      0                         7     -7        0
  SINCE JUL 1      0                         0      0        0

 COOLING
  YESTERDAY       16                        16      0       21
  MONTH TO DATE  504                       415     89      464
  SINCE JUN 1    996                       740    256      904
  SINCE JAN 1   1121                       868    253      994
..................................................................


WIND (MPH)
  HIGHEST WIND SPEED    14   HIGHEST WIND DIRECTION     E (100)
  HIGHEST GUST SPEED    18   HIGHEST GUST DIRECTION    SE (120)
  AVERAGE WIND SPEED     5.5


SKY COVER
  POSSIBLE SUNSHINE  MM
  AVERAGE SKY COVER 0.2


WEATHER CONDITIONS
 THE FOLLOWING WEATHER WAS RECORDED YESTERDAY.
  NO SIGNIFICANT WEATHER WAS OBSERVED.


RELATIVE HUMIDITY (PERCENT)
 HIGHEST    97           300 AM
 LOWEST     44           400 PM
 AVERAGE    71

..........................................................


THE SALINA KS CLIMATE NORMALS FOR TODAY
                         NORMAL    RECORD    YEAR
 MAXIMUM TEMPERATURE (F)   93       113      2011
 MINIMUM TEMPERATURE (F)   70        55      2005


SUNRISE AND SUNSET
JULY 27 2016..........SUNRISE   628 AM CDT   SUNSET   846 PM CDT
JULY 28 2016..........SUNRISE   629 AM CDT   SUNSET   845 PM CDT


-  INDICATES NEGATIVE NUMBERS.
R  INDICATES RECORD WAS SET OR TIED.
MM INDICATES DATA IS MISSING.
T  INDICATES TRACE AMOUNT.

$$
