000
CDUS43 KICT 080623
CLISLN

CLIMATE REPORT
NATIONAL WEATHER SERVICE WICHITA KS
122 AM CDT TUE JUL 8 2014


...................................

...THE SALINA KS CLIMATE SUMMARY FOR JULY 7 2014...

CLIMATE NORMAL PERIOD 1981 TO 2010
CLIMATE RECORD PERIOD 1894 TO 2014


WEATHER ITEM   OBSERVED TIME   RECORD YEAR NORMAL DEPARTURE LAST
                VALUE   (LST)  VALUE       VALUE  FROM      YEAR
                                                  NORMAL
..................................................................
TEMPERATURE (F)
 YESTERDAY
  MAXIMUM        104    508 PM 108    1991  93     11      102
  MINIMUM         72    439 AM  46    1908  69      3       76
  AVERAGE         88                        81      7       89

PRECIPITATION (IN)
  YESTERDAY        T             0.93 1994   0.15  -0.15      T
  MONTH TO DATE    0.01                      1.04  -1.03     0.01
  SINCE JUN 1      8.20                      5.15   3.05     2.25
  SINCE JAN 1     15.59                     17.14  -1.55    15.49

DEGREE DAYS
 HEATING
  YESTERDAY        0                         0      0        0
  MONTH TO DATE    0                         0      0        0
  SINCE JUN 1      1                         7     -6        7
  SINCE JUL 1      0                         0      0        0

 COOLING
  YESTERDAY       23                        16      7       24
  MONTH TO DATE   99                       108     -9       98
  SINCE JUN 1    456                       433     23      485
  SINCE JAN 1    688                       561    127      626
..................................................................


WIND (MPH)
  HIGHEST WIND SPEED    45   HIGHEST WIND DIRECTION     N (350)
  HIGHEST GUST SPEED    54   HIGHEST GUST DIRECTION     N (350)
  AVERAGE WIND SPEED    12.8


SKY COVER
  POSSIBLE SUNSHINE  MM
  AVERAGE SKY COVER 0.0


WEATHER CONDITIONS
 THE FOLLOWING WEATHER WAS RECORDED YESTERDAY.
  HAZE


RELATIVE HUMIDITY (PERCENT)
 HIGHEST    90           400 AM
 LOWEST     28           500 PM
 AVERAGE    59

..........................................................


THE SALINA KS CLIMATE NORMALS FOR TODAY
                         NORMAL    RECORD    YEAR
 MAXIMUM TEMPERATURE (F)   93       110      1913
 MINIMUM TEMPERATURE (F)   69        51      1952


SUNRISE AND SUNSET
JULY  8 2014..........SUNRISE   613 AM CDT   SUNSET   858 PM CDT
JULY  9 2014..........SUNRISE   614 AM CDT   SUNSET   858 PM CDT


-  INDICATES NEGATIVE NUMBERS.
R  INDICATES RECORD WAS SET OR TIED.
MM INDICATES DATA IS MISSING.
T  INDICATES TRACE AMOUNT.




$$
