839
CDUS43 KICT 100622
CLISLN


CLIMATE REPORT
NATIONAL WEATHER SERVICE WICHITA KS
1221 AM CST FRI MAR 10 2017


...................................

...THE SALINA KS CLIMATE SUMMARY FOR MARCH 9 2017...

CLIMATE NORMAL PERIOD 1981 TO 2010
CLIMATE RECORD PERIOD 1894 TO 2017


WEATHER ITEM   OBSERVED TIME   RECORD YEAR NORMAL DEPARTURE LAST
                VALUE   (LST)  VALUE       VALUE  FROM      YEAR
                                                  NORMAL
..................................................................
TEMPERATURE (F)
 YESTERDAY
  MAXIMUM         75    146 PM  80    1986  55     20       64
  MINIMUM         35    439 AM  -3    1912  32      3       37
  AVERAGE         55                        43     12       51

PRECIPITATION (IN)
  YESTERDAY        0.00          0.75 1974   0.08  -0.08     0.00
  MONTH TO DATE    0.00                      0.57  -0.57      T
  SINCE MAR 1      0.00                      0.57  -0.57      T
  SINCE JAN 1      2.10                      2.37  -0.27     1.24

DEGREE DAYS
 HEATING
  YESTERDAY       10                        22    -12       14
  MONTH TO DATE  117                       210    -93      111
  SINCE MAR 1    117                       210    -93      111
  SINCE JUL 1   2785                      4051  -1266     3097

 COOLING
  YESTERDAY        0                         0      0        0
  MONTH TO DATE    0                         0      0        5
  SINCE MAR 1      0                         0      0        5
  SINCE JAN 1      0                         0      0        5
..................................................................


WIND (MPH)
  HIGHEST WIND SPEED    26   HIGHEST WIND DIRECTION    NE (40)
  HIGHEST GUST SPEED    34   HIGHEST GUST DIRECTION     N (20)
  AVERAGE WIND SPEED    10.1


SKY COVER
  POSSIBLE SUNSHINE  MM
  AVERAGE SKY COVER 0.0


WEATHER CONDITIONS
 THE FOLLOWING WEATHER WAS RECORDED YESTERDAY.
  NO SIGNIFICANT WEATHER WAS OBSERVED.


RELATIVE HUMIDITY (PERCENT)
 HIGHEST    59           500 AM
 LOWEST     24           300 PM
 AVERAGE    42

..........................................................


THE SALINA KS CLIMATE NORMALS FOR TODAY
                         NORMAL    RECORD    YEAR
 MAXIMUM TEMPERATURE (F)   55        86      1989
 MINIMUM TEMPERATURE (F)   32         2      1932


SUNRISE AND SUNSET
MARCH 10 2017.........SUNRISE   649 AM CST   SUNSET   633 PM CST
MARCH 11 2017.........SUNRISE   648 AM CST   SUNSET   634 PM CST


-  INDICATES NEGATIVE NUMBERS.
R  INDICATES RECORD WAS SET OR TIED.
MM INDICATES DATA IS MISSING.
T  INDICATES TRACE AMOUNT.




$$
