000
CDUS43 KICT 150655
CLISLN


CLIMATE REPORT
NATIONAL WEATHER SERVICE WICHITA KS
155 AM CDT THU JUN 15 2017


...................................

...THE SALINA KS CLIMATE SUMMARY FOR JUNE 14 2017...

CLIMATE NORMAL PERIOD 1981 TO 2010
CLIMATE RECORD PERIOD 1894 TO 2017


WEATHER ITEM   OBSERVED TIME   RECORD YEAR NORMAL DEPARTURE LAST
                VALUE   (LST)  VALUE       VALUE  FROM      YEAR
                                                  NORMAL
..................................................................
TEMPERATURE (F)
 YESTERDAY
  MAXIMUM         97    526 PM 103    1980  87     10       97
  MINIMUM         67   1159 PM  50    1960  64      3       71
  AVERAGE         82                        75      7       84

PRECIPITATION (IN)
  YESTERDAY        T             3.04 1992   0.13  -0.13      T
  MONTH TO DATE    0.80                      2.00  -1.20      T
  SINCE JUN 1      0.80                      2.00  -1.20      T
  SINCE JAN 1     14.04                     13.99   0.05    11.82

DEGREE DAYS
 HEATING
  YESTERDAY        0                         0      0        0
  MONTH TO DATE    0                         5     -5        0
  SINCE JUN 1      0                         5     -5        0
  SINCE JUL 1   3453                      4869  -1416     3718

 COOLING
  YESTERDAY       17                        10      7       19
  MONTH TO DATE  207                       119     88      179
  SINCE JUN 1    207                       119     88      179
  SINCE JAN 1    367                       247    120      304
..................................................................


WIND (MPH)
  HIGHEST WIND SPEED    36   HIGHEST WIND DIRECTION    SE (140)
  HIGHEST GUST SPEED    45   HIGHEST GUST DIRECTION    SE (140)
  AVERAGE WIND SPEED     7.5


SKY COVER
  POSSIBLE SUNSHINE  MM
  AVERAGE SKY COVER 0.2


WEATHER CONDITIONS
 THE FOLLOWING WEATHER WAS RECORDED YESTERDAY.
  NO SIGNIFICANT WEATHER WAS OBSERVED.


RELATIVE HUMIDITY (PERCENT)
 HIGHEST    73           600 AM
 LOWEST     26           600 PM
 AVERAGE    50

..........................................................


THE SALINA KS CLIMATE NORMALS FOR TODAY
                         NORMAL    RECORD    YEAR
 MAXIMUM TEMPERATURE (F)   87       106      2016
 MINIMUM TEMPERATURE (F)   64        52      2001
                                             1989


SUNRISE AND SUNSET
JUNE 15 2017..........SUNRISE   605 AM CDT   SUNSET   857 PM CDT
JUNE 16 2017..........SUNRISE   605 AM CDT   SUNSET   858 PM CDT


-  INDICATES NEGATIVE NUMBERS.
R  INDICATES RECORD WAS SET OR TIED.
MM INDICATES DATA IS MISSING.
T  INDICATES TRACE AMOUNT.




$$
