000
CDUS43 KICT 130627
CLISLN


CLIMATE REPORT
NATIONAL WEATHER SERVICE WICHITA KS
127 AM CDT THU APR 13 2017


...................................

...THE SALINA KS CLIMATE SUMMARY FOR APRIL 12 2017...

CLIMATE NORMAL PERIOD 1981 TO 2010
CLIMATE RECORD PERIOD 1894 TO 2017


WEATHER ITEM   OBSERVED TIME   RECORD YEAR NORMAL DEPARTURE LAST
                VALUE   (LST)  VALUE       VALUE  FROM      YEAR
                                                  NORMAL
..................................................................
TEMPERATURE (F)
 YESTERDAY
  MAXIMUM         77    227 PM  91    2014  66     11       70
                                      1996
  MINIMUM         47    622 AM  19    1997  42      5       31
  AVERAGE         62                        54      8       51

PRECIPITATION (IN)
  YESTERDAY        0.00          1.43 1985   0.10  -0.10     0.00
  MONTH TO DATE    1.64                      1.11   0.53     0.08
  SINCE MAR 1      5.26                      3.50   1.76     0.78
  SINCE JAN 1      7.36                      5.30   2.06     2.02

DEGREE DAYS
 HEATING
  YESTERDAY        3                        12     -9       14
  MONTH TO DATE  115                       159    -44      111
  SINCE MAR 1    575                       768   -193      529
  SINCE JUL 1   3243                      4609  -1366     3515

 COOLING
  YESTERDAY        0                         1     -1        0
  MONTH TO DATE    8                         4      4        6
  SINCE MAR 1     19                         6     13       12
  SINCE JAN 1     19                         6     13       12
..................................................................


WIND (MPH)
  HIGHEST WIND SPEED    29   HIGHEST WIND DIRECTION     S (190)
  HIGHEST GUST SPEED    37   HIGHEST GUST DIRECTION     S (170)
  AVERAGE WIND SPEED    14.9


SKY COVER
  POSSIBLE SUNSHINE  MM
  AVERAGE SKY COVER 0.2


WEATHER CONDITIONS
 THE FOLLOWING WEATHER WAS RECORDED YESTERDAY.
  THUNDERSTORM
  HAZE


RELATIVE HUMIDITY (PERCENT)
 HIGHEST    86           600 AM
 LOWEST     50           300 PM
 AVERAGE    68

..........................................................


THE SALINA KS CLIMATE NORMALS FOR TODAY
                         NORMAL    RECORD    YEAR
 MAXIMUM TEMPERATURE (F)   66        93      2006
 MINIMUM TEMPERATURE (F)   42        18      1907


SUNRISE AND SUNSET
APRIL 13 2017.........SUNRISE   657 AM CDT   SUNSET   806 PM CDT
APRIL 14 2017.........SUNRISE   655 AM CDT   SUNSET   807 PM CDT


-  INDICATES NEGATIVE NUMBERS.
R  INDICATES RECORD WAS SET OR TIED.
MM INDICATES DATA IS MISSING.
T  INDICATES TRACE AMOUNT.




$$
