000
CDUS43 KICT 080622
CLISLN


CLIMATE REPORT
NATIONAL WEATHER SERVICE WICHITA KS
122 AM CDT THU SEP 8 2016


...................................

...THE SALINA KS CLIMATE SUMMARY FOR SEPTEMBER 7 2016...

CLIMATE NORMAL PERIOD 1981 TO 2010
CLIMATE RECORD PERIOD 1894 TO 2016


WEATHER ITEM   OBSERVED TIME   RECORD YEAR NORMAL DEPARTURE LAST
                VALUE   (LST)  VALUE       VALUE  FROM      YEAR
                                                  NORMAL
..................................................................
TEMPERATURE (F)
 YESTERDAY
  MAXIMUM         92    344 PM 104    2013  86      6      101
                                      1922
  MINIMUM         76    713 AM  37    1898  62     14       72
  AVERAGE         84                        74     10       87

PRECIPITATION (IN)
  YESTERDAY        T             0.97 2001   0.09  -0.09     0.90
  MONTH TO DATE    T                         0.68  -0.68     0.90
  SINCE SEP 1      T                         0.68  -0.68     0.90
  SINCE JAN 1     22.44                     25.02  -2.58    24.75

DEGREE DAYS
 HEATING
  YESTERDAY        0                         0      0        0
  MONTH TO DATE    0                         0      0        0
  SINCE SEP 1      0                         0      0        0
  SINCE JUL 1      0                         1     -1        0

 COOLING
  YESTERDAY       19                        10      9       22
  MONTH TO DATE   92                        73     19      151
  SINCE SEP 1     92                        73     19      151
  SINCE JAN 1   1762                      1480    282     1605
..................................................................


WIND (MPH)
  HIGHEST WIND SPEED    28   HIGHEST WIND DIRECTION     S (200)
  HIGHEST GUST SPEED    34   HIGHEST GUST DIRECTION    SW (210)
  AVERAGE WIND SPEED    13.1


SKY COVER
  POSSIBLE SUNSHINE  MM
  AVERAGE SKY COVER 0.4


WEATHER CONDITIONS
 THE FOLLOWING WEATHER WAS RECORDED YESTERDAY.
  NO SIGNIFICANT WEATHER WAS OBSERVED.


RELATIVE HUMIDITY (PERCENT)
 HIGHEST    82           700 AM
 LOWEST     52           400 PM
 AVERAGE    67

..........................................................


THE SALINA KS CLIMATE NORMALS FOR TODAY
                         NORMAL    RECORD    YEAR
 MAXIMUM TEMPERATURE (F)   85       106      1922
 MINIMUM TEMPERATURE (F)   62        43      1898


SUNRISE AND SUNSET
SEPTEMBER  8 2016.....SUNRISE   706 AM CDT   SUNSET   749 PM CDT
SEPTEMBER  9 2016.....SUNRISE   707 AM CDT   SUNSET   748 PM CDT


-  INDICATES NEGATIVE NUMBERS.
R  INDICATES RECORD WAS SET OR TIED.
MM INDICATES DATA IS MISSING.
T  INDICATES TRACE AMOUNT.




$$
