000
CDUS43 KICT 280638
CLISLN


CLIMATE REPORT
NATIONAL WEATHER SERVICE WICHITA KS
137 AM CDT FRI OCT 28 2016


...................................

...THE SALINA KS CLIMATE SUMMARY FOR OCTOBER 27 2016...

CLIMATE NORMAL PERIOD 1981 TO 2010
CLIMATE RECORD PERIOD 1894 TO 2016


WEATHER ITEM   OBSERVED TIME   RECORD YEAR NORMAL DEPARTURE LAST
                VALUE   (LST)  VALUE       VALUE  FROM      YEAR
                                                  NORMAL
..................................................................
TEMPERATURE (F)
 YESTERDAY
  MAXIMUM         79    405 PM  91    1922  65     14       67
  MINIMUM         47    704 AM  21    1914  42      5       44
  AVERAGE         63                        54      9       56

PRECIPITATION (IN)
  YESTERDAY        0.00          1.23 1980   0.06  -0.06     0.01
  MONTH TO DATE    2.28                      2.07   0.21     0.09
  SINCE SEP 1      3.48                      4.77  -1.29     1.76
  SINCE JAN 1     25.92                     29.11  -3.19    25.61

DEGREE DAYS
 HEATING
  YESTERDAY        2                        12    -10        9
  MONTH TO DATE  104                       217   -113       95
  SINCE SEP 1    120                       268   -148       98
  SINCE JUL 1    120                       269   -149       98

 COOLING
  YESTERDAY        0                         0      0        0
  MONTH TO DATE   55                        32     23       48
  SINCE SEP 1    321                       237     84      411
  SINCE JAN 1   1991                      1644    347     1865
..................................................................


WIND (MPH)
  HIGHEST WIND SPEED    17   HIGHEST WIND DIRECTION     S (170)
  HIGHEST GUST SPEED    21   HIGHEST GUST DIRECTION     S (170)
  AVERAGE WIND SPEED     7.8


SKY COVER
  POSSIBLE SUNSHINE  MM
  AVERAGE SKY COVER 0.0


WEATHER CONDITIONS
 THE FOLLOWING WEATHER WAS RECORDED YESTERDAY.
  FOG


RELATIVE HUMIDITY (PERCENT)
 HIGHEST    96           800 AM
 LOWEST     42           200 PM
 AVERAGE    69

..........................................................


THE SALINA KS CLIMATE NORMALS FOR TODAY
                         NORMAL    RECORD    YEAR
 MAXIMUM TEMPERATURE (F)   65        89      1922
 MINIMUM TEMPERATURE (F)   42        19      1919


SUNRISE AND SUNSET
OCTOBER 28 2016.......SUNRISE   754 AM CDT   SUNSET   634 PM CDT
OCTOBER 29 2016.......SUNRISE   755 AM CDT   SUNSET   633 PM CDT


-  INDICATES NEGATIVE NUMBERS.
R  INDICATES RECORD WAS SET OR TIED.
MM INDICATES DATA IS MISSING.
T  INDICATES TRACE AMOUNT.




$$
