000
CDUS43 KICT 290619
CLISLN


CLIMATE REPORT
NATIONAL WEATHER SERVICE WICHITA KS
118 AM CDT SUN OCT 29 2017


...................................

...THE SALINA KS CLIMATE SUMMARY FOR OCTOBER 28 2017...

CLIMATE NORMAL PERIOD 1981 TO 2010
CLIMATE RECORD PERIOD 1894 TO 2017


WEATHER ITEM   OBSERVED TIME   RECORD YEAR NORMAL DEPARTURE LAST
                VALUE   (LST)  VALUE       VALUE  FROM      YEAR
                                                  NORMAL
..................................................................
TEMPERATURE (F)
 YESTERDAY
  MAXIMUM         56    421 PM  89    1922  65     -9       84
  MINIMUM         23    703 AM  19    1919  42    -19       62
  AVERAGE         40                        53    -13       73

PRECIPITATION (IN)
  YESTERDAY        0.00          1.21 1900   0.05  -0.05     0.00
  MONTH TO DATE    5.74                      2.12   3.62     2.28
  SINCE SEP 1      7.57                      4.82   2.75     3.48
  SINCE JAN 1     25.28                     29.16  -3.88    25.92

DEGREE DAYS
 HEATING
  YESTERDAY       25                        12     13        0
  MONTH TO DATE  162                       229    -67      104
  SINCE SEP 1    170                       280   -110      120
  SINCE JUL 1    170                       281   -111      120

 COOLING
  YESTERDAY        0                         0      0        8
  MONTH TO DATE   64                        32     32       63
  SINCE SEP 1    382                       237    145      329
  SINCE JAN 1   1963                      1644    319     1999
..................................................................


WIND (MPH)
  HIGHEST WIND SPEED    13   HIGHEST WIND DIRECTION     S (170)
  HIGHEST GUST SPEED    19   HIGHEST GUST DIRECTION     S (190)
  AVERAGE WIND SPEED     5.6


SKY COVER
  POSSIBLE SUNSHINE  MM
  AVERAGE SKY COVER 0.0


WEATHER CONDITIONS
 THE FOLLOWING WEATHER WAS RECORDED YESTERDAY.
  NO SIGNIFICANT WEATHER WAS OBSERVED.


RELATIVE HUMIDITY (PERCENT)
 HIGHEST    75          1200 AM
 LOWEST     10           300 PM
 AVERAGE    43

..........................................................


THE SALINA KS CLIMATE NORMALS FOR TODAY
                         NORMAL    RECORD    YEAR
 MAXIMUM TEMPERATURE (F)   64        93      1937
 MINIMUM TEMPERATURE (F)   41        16      1913


SUNRISE AND SUNSET
OCTOBER 29 2017.......SUNRISE   755 AM CDT   SUNSET   633 PM CDT
OCTOBER 30 2017.......SUNRISE   756 AM CDT   SUNSET   632 PM CDT


-  INDICATES NEGATIVE NUMBERS.
R  INDICATES RECORD WAS SET OR TIED.
MM INDICATES DATA IS MISSING.
T  INDICATES TRACE AMOUNT.




$$
