000
CDUS43 KICT 080634
CLISLN


CLIMATE REPORT
NATIONAL WEATHER SERVICE WICHITA KS
134 AM CDT WED JUL 8 2015


...................................

...THE SALINA KS CLIMATE SUMMARY FOR JULY 7 2015...

CLIMATE NORMAL PERIOD 1981 TO 2010
CLIMATE RECORD PERIOD 1894 TO 2015


WEATHER ITEM   OBSERVED TIME   RECORD YEAR NORMAL DEPARTURE LAST
                VALUE   (LST)  VALUE       VALUE  FROM      YEAR
                                                  NORMAL
..................................................................
TEMPERATURE (F)
 YESTERDAY
  MAXIMUM         77    122 PM 108    1991  93    -16      104
  MINIMUM         63   1154 PM  46    1908  69     -6       72
  AVERAGE         70                        81    -11       88

PRECIPITATION (IN)
  YESTERDAY        0.00          0.93 1994   0.15  -0.15      T
  MONTH TO DATE    0.30                      1.04  -0.74     0.01
  SINCE JUN 1      4.80                      5.15  -0.35     8.20
  SINCE JAN 1     16.40                     17.14  -0.74    15.59

DEGREE DAYS
 HEATING
  YESTERDAY        0                         0      0        0
  MONTH TO DATE    0                         0      0        0
  SINCE JUN 1      0                         7     -7        1
  SINCE JUL 1      0                         0      0        0

 COOLING
  YESTERDAY        5                        16    -11       23
  MONTH TO DATE  105                       108     -3       99
  SINCE JUN 1    545                       433    112      456
  SINCE JAN 1    635                       561     74      688
..................................................................


WIND (MPH)
  HIGHEST WIND SPEED    22   HIGHEST WIND DIRECTION    NE (30)
  HIGHEST GUST SPEED    28   HIGHEST GUST DIRECTION     N (20)
  AVERAGE WIND SPEED    12.1


SKY COVER
  POSSIBLE SUNSHINE  MM
  AVERAGE SKY COVER 0.3


WEATHER CONDITIONS
 THE FOLLOWING WEATHER WAS RECORDED YESTERDAY.
  HAZE


RELATIVE HUMIDITY (PERCENT)
 HIGHEST    79          1200 AM
 LOWEST     38           100 PM
 AVERAGE    59

..........................................................


THE SALINA KS CLIMATE NORMALS FOR TODAY
                         NORMAL    RECORD    YEAR
 MAXIMUM TEMPERATURE (F)   93       110      1913
 MINIMUM TEMPERATURE (F)   69        51      1952


SUNRISE AND SUNSET
JULY  8 2015..........SUNRISE   613 AM CDT   SUNSET   858 PM CDT
JULY  9 2015..........SUNRISE   614 AM CDT   SUNSET   858 PM CDT


-  INDICATES NEGATIVE NUMBERS.
R  INDICATES RECORD WAS SET OR TIED.
MM INDICATES DATA IS MISSING.
T  INDICATES TRACE AMOUNT.




$$
