000
CDUS43 KICT 070648
CLISLN


CLIMATE REPORT
NATIONAL WEATHER SERVICE WICHITA KS
1246 AM CST SAT FEB 7 2015


...................................

...THE SALINA KS CLIMATE SUMMARY FOR FEBRUARY 6 2015...

CLIMATE NORMAL PERIOD 1981 TO 2010
CLIMATE RECORD PERIOD 1894 TO 2015


WEATHER ITEM   OBSERVED TIME   RECORD YEAR NORMAL DEPARTURE LAST
                VALUE   (LST)  VALUE       VALUE  FROM      YEAR
                                                  NORMAL
..................................................................
TEMPERATURE (F)
 YESTERDAY
  MAXIMUM         63    320 PM  77    1904  44     19       10
  MINIMUM         30    734 AM -17    1905  22      8       -3
  AVERAGE         47                        33     14        4

PRECIPITATION (IN)
  YESTERDAY        0.00          1.25 1928   0.04  -0.04      T
  MONTH TO DATE    0.09                      0.21  -0.12     1.14
  SINCE DEC 1      3.19                      1.78   1.41     2.85
  SINCE JAN 1      1.29                      0.84   0.45     1.63

DEGREE DAYS
 HEATING
  YESTERDAY       18                        32    -14       61
  MONTH TO DATE  206                       194     12      304
  SINCE DEC 1   2101                      2258   -157     2549
  SINCE JUL 1   3098                      3210   -112     3537

 COOLING
  YESTERDAY        0                         0      0        0
  MONTH TO DATE    0                         0      0        0
  SINCE DEC 1      0                         0      0        0
  SINCE JAN 1      0                         0      0        0
..................................................................


WIND (MPH)
  HIGHEST WIND SPEED    20   HIGHEST WIND DIRECTION     S (190)
  HIGHEST GUST SPEED    26   HIGHEST GUST DIRECTION     S (190)
  AVERAGE WIND SPEED    11.9


SKY COVER
  POSSIBLE SUNSHINE  MM
  AVERAGE SKY COVER 0.0


WEATHER CONDITIONS
 THE FOLLOWING WEATHER WAS RECORDED YESTERDAY.
  NO SIGNIFICANT WEATHER WAS OBSERVED.


RELATIVE HUMIDITY (PERCENT)
 HIGHEST    78           400 AM
 LOWEST     36           200 PM
 AVERAGE    57

..........................................................


THE SALINA KS CLIMATE NORMALS FOR TODAY
                         NORMAL    RECORD    YEAR
 MAXIMUM TEMPERATURE (F)   44        72      1987
 MINIMUM TEMPERATURE (F)   22       -13      1971


SUNRISE AND SUNSET
FEBRUARY  7 2015......SUNRISE   731 AM CST   SUNSET   559 PM CST
FEBRUARY  8 2015......SUNRISE   730 AM CST   SUNSET   600 PM CST


-  INDICATES NEGATIVE NUMBERS.
R  INDICATES RECORD WAS SET OR TIED.
MM INDICATES DATA IS MISSING.
T  INDICATES TRACE AMOUNT.




$$
