000
CDUS43 KICT 110626
CLISLN


CLIMATE REPORT
NATIONAL WEATHER SERVICE WICHITA KS
125 AM CDT TUE MAR 11 2014


...................................

...THE SALINA KS CLIMATE SUMMARY FOR MARCH 10 2014...

CLIMATE NORMAL PERIOD 1981 TO 2010
CLIMATE RECORD PERIOD 1894 TO 2014


WEATHER ITEM   OBSERVED TIME   RECORD YEAR NORMAL DEPARTURE LAST
                VALUE   (LST)  VALUE       VALUE  FROM      YEAR
                                                  NORMAL
..................................................................
TEMPERATURE (F)
 YESTERDAY
  MAXIMUM         81    446 PM  86    1989  55     26       40
  MINIMUM         36    700 AM   2    1932  32      4       27
  AVERAGE         59                        44     15       34

PRECIPITATION (IN)
  YESTERDAY        0.00          1.64 1973   0.07  -0.07     0.03
  MONTH TO DATE    T                         0.64  -0.64     0.40
  SINCE MAR 1      T                         0.64  -0.64     0.40
  SINCE JAN 1      1.96                      2.44  -0.48     3.67

DEGREE DAYS
 HEATING
  YESTERDAY        6                        21    -15       31
  MONTH TO DATE  340                       231    109      263
  SINCE MAR 1    340                       231    109      263
  SINCE JUL 1   4590                      4072    518     3885

 COOLING
  YESTERDAY        0                         0      0        0
  MONTH TO DATE    0                         0      0        0
  SINCE MAR 1      0                         0      0        0
  SINCE JAN 1      0                         0      0        0
..................................................................


WIND (MPH)
  HIGHEST WIND SPEED    23   HIGHEST WIND DIRECTION    SW (210)
  HIGHEST GUST SPEED    26   HIGHEST GUST DIRECTION     S (200)
  AVERAGE WIND SPEED     7.8


SKY COVER
  POSSIBLE SUNSHINE  MM
  AVERAGE SKY COVER 0.0


WEATHER CONDITIONS
 THE FOLLOWING WEATHER WAS RECORDED YESTERDAY.
  HAZE


RELATIVE HUMIDITY (PERCENT)
 HIGHEST    64           700 AM
 LOWEST     14           400 PM
 AVERAGE    39

..........................................................


THE SALINA KS CLIMATE NORMALS FOR TODAY
                         NORMAL    RECORD    YEAR
 MAXIMUM TEMPERATURE (F)   55        86      1972
 MINIMUM TEMPERATURE (F)   33       -11      1948


SUNRISE AND SUNSET
MARCH 11 2014.........SUNRISE   748 AM CDT   SUNSET   734 PM CDT
MARCH 12 2014.........SUNRISE   746 AM CDT   SUNSET   735 PM CDT


-  INDICATES NEGATIVE NUMBERS.
R  INDICATES RECORD WAS SET OR TIED.
MM INDICATES DATA IS MISSING.
T  INDICATES TRACE AMOUNT.




$$

JMBW
