000
CDUS43 KICT 080626
CLISLN


CLIMATE REPORT
NATIONAL WEATHER SERVICE WICHITA KS
125 AM CDT MON MAY 8 2017


...................................

...THE SALINA KS CLIMATE SUMMARY FOR MAY 7 2017...

CLIMATE NORMAL PERIOD 1981 TO 2010
CLIMATE RECORD PERIOD 1894 TO 2017


WEATHER ITEM   OBSERVED TIME   RECORD YEAR NORMAL DEPARTURE LAST
                VALUE   (LST)  VALUE       VALUE  FROM      YEAR
                                                  NORMAL
..................................................................
TEMPERATURE (F)
 YESTERDAY
  MAXIMUM         87    325 PM  99    1895  74     13       86
  MINIMUM         52    512 AM  35    1951  51      1       53
  AVERAGE         70                        62      8       70

PRECIPITATION (IN)
  YESTERDAY        0.00          2.30 1995   0.14  -0.14     0.00
  MONTH TO DATE    0.28                      0.90  -0.62     0.00
  SINCE MAR 1      7.55                      6.34   1.21     5.07
  SINCE JAN 1      9.65                      8.14   1.51     6.31

DEGREE DAYS
 HEATING
  YESTERDAY        0                         5     -5        0
  MONTH TO DATE   32                        38     -6       38
  SINCE MAR 1    741                       965   -224      670
  SINCE JUL 1   3409                      4806  -1397     3656

 COOLING
  YESTERDAY        5                         2      3        5
  MONTH TO DATE    7                        11     -4        6
  SINCE MAR 1     58                        36     22       40
  SINCE JAN 1     58                        36     22       40
..................................................................


WIND (MPH)
  HIGHEST WIND SPEED    30   HIGHEST WIND DIRECTION     S (160)
  HIGHEST GUST SPEED    39   HIGHEST GUST DIRECTION     S (160)
  AVERAGE WIND SPEED    13.1


SKY COVER
  POSSIBLE SUNSHINE  MM
  AVERAGE SKY COVER 0.0


WEATHER CONDITIONS
 THE FOLLOWING WEATHER WAS RECORDED YESTERDAY.
  NO SIGNIFICANT WEATHER WAS OBSERVED.


RELATIVE HUMIDITY (PERCENT)
 HIGHEST    86           400 AM
 LOWEST     32           100 PM
 AVERAGE    59

..........................................................


THE SALINA KS CLIMATE NORMALS FOR TODAY
                         NORMAL    RECORD    YEAR
 MAXIMUM TEMPERATURE (F)   74        96      1895
 MINIMUM TEMPERATURE (F)   51        32      1917


SUNRISE AND SUNSET
MAY  8 2017...........SUNRISE   625 AM CDT   SUNSET   830 PM CDT
MAY  9 2017...........SUNRISE   624 AM CDT   SUNSET   831 PM CDT


-  INDICATES NEGATIVE NUMBERS.
R  INDICATES RECORD WAS SET OR TIED.
MM INDICATES DATA IS MISSING.
T  INDICATES TRACE AMOUNT.




$$
