000
CDUS43 KICT 290622
CLISLN


CLIMATE REPORT
NATIONAL WEATHER SERVICE WICHITA KS
1221 AM CST SUN JAN 29 2017


...................................

...THE SALINA KS CLIMATE SUMMARY FOR JANUARY 28 2017...

CLIMATE NORMAL PERIOD 1981 TO 2010
CLIMATE RECORD PERIOD 1894 TO 2017


WEATHER ITEM   OBSERVED TIME   RECORD YEAR NORMAL DEPARTURE LAST
                VALUE   (LST)  VALUE       VALUE  FROM      YEAR
                                                  NORMAL
..................................................................
TEMPERATURE (F)
 YESTERDAY
  MAXIMUM         50    500 PM  74    2015  43      7       59
                                      2013
  MINIMUM         30    800 AM -16    1948  21      9       28
  AVERAGE         40                        32      8       44

PRECIPITATION (IN)
  YESTERDAY        0.00          0.67 2001   0.03  -0.03     0.00
  MONTH TO DATE    0.20                      0.55  -0.35     0.72
  SINCE DEC 1      1.05                      1.49  -0.44     4.38
  SINCE JAN 1      0.20                      0.55  -0.35     0.72

DEGREE DAYS
 HEATING
  YESTERDAY       25                        33     -8       21
  MONTH TO DATE  477                       950   -473      855
  SINCE DEC 1   1503                      1962   -459     1654
  SINCE JUL 1   2046                      2914   -868     2286

 COOLING
  YESTERDAY        0                         0      0        0
  MONTH TO DATE    0                         0      0        0
  SINCE DEC 1      0                         0      0        0
  SINCE JAN 1      0                         0      0        0
..................................................................


WIND (MPH)
  HIGHEST WIND SPEED    21   HIGHEST WIND DIRECTION    NW (320)
  HIGHEST GUST SPEED    35   HIGHEST GUST DIRECTION    NW (320)
  AVERAGE WIND SPEED    13.9


SKY COVER
  POSSIBLE SUNSHINE  MM
  AVERAGE SKY COVER 0.3


WEATHER CONDITIONS
 THE FOLLOWING WEATHER WAS RECORDED YESTERDAY.
  NO SIGNIFICANT WEATHER WAS OBSERVED.


RELATIVE HUMIDITY (PERCENT)
 HIGHEST    78           700 AM
 LOWEST     33           400 PM
 AVERAGE    56

..........................................................


THE SALINA KS CLIMATE NORMALS FOR TODAY
                         NORMAL    RECORD    YEAR
 MAXIMUM TEMPERATURE (F)   43        71      1931
 MINIMUM TEMPERATURE (F)   21        -6      1966


SUNRISE AND SUNSET
JANUARY 29 2017.......SUNRISE   739 AM CST   SUNSET   549 PM CST
JANUARY 30 2017.......SUNRISE   738 AM CST   SUNSET   550 PM CST


-  INDICATES NEGATIVE NUMBERS.
R  INDICATES RECORD WAS SET OR TIED.
MM INDICATES DATA IS MISSING.
T  INDICATES TRACE AMOUNT.




$$
