000
CDUS43 KICT 010659
CLISLN


CLIMATE REPORT
NATIONAL WEATHER SERVICE WICHITA KS
1258 AM CST MON DEC 1 2014


...................................

...THE SALINA KS CLIMATE SUMMARY FOR NOVEMBER 30 2014...

CLIMATE NORMAL PERIOD 1981 TO 2010
CLIMATE RECORD PERIOD 1894 TO 2014


WEATHER ITEM   OBSERVED TIME   RECORD YEAR NORMAL DEPARTURE LAST
                VALUE   (LST)  VALUE       VALUE  FROM      YEAR
                                                  NORMAL
..................................................................
TEMPERATURE (F)
 YESTERDAY
  MAXIMUM         49   1210 AM  76    1995  47      2       59
  MINIMUM         20   1159 PM   2    1952  26     -6       24
  AVERAGE         35                        36     -1       42

PRECIPITATION (IN)
  YESTERDAY        0.00          0.83 1981   0.04  -0.04     0.00
  MONTH TO DATE    0.13                      1.25  -1.12     0.35
  SINCE SEP 1      5.83                      6.22  -0.39     3.17
  SINCE JAN 1     27.11                     30.56  -3.45    29.41

DEGREE DAYS
 HEATING
  YESTERDAY       30                        28      2       23
  MONTH TO DATE  763                       635    128      683
  SINCE SEP 1    997                       951     46      985
  SINCE JUL 1    997                       952     45      988

 COOLING
  YESTERDAY        0                         0      0        0
  MONTH TO DATE    0                         1     -1        0
  SINCE SEP 1    243                       240      3      356
  SINCE JAN 1   1801                      1647    154     1750
..................................................................


WIND (MPH)
  HIGHEST WIND SPEED    31   HIGHEST WIND DIRECTION     N (350)
  HIGHEST GUST SPEED    37   HIGHEST GUST DIRECTION     N (350)
  AVERAGE WIND SPEED    20.3


SKY COVER
  POSSIBLE SUNSHINE  MM
  AVERAGE SKY COVER 0.1


WEATHER CONDITIONS
 THE FOLLOWING WEATHER WAS RECORDED YESTERDAY.
  NO SIGNIFICANT WEATHER WAS OBSERVED.


RELATIVE HUMIDITY (PERCENT)
 HIGHEST    79           100 AM
 LOWEST     33           300 PM
 AVERAGE    56

..........................................................


THE SALINA KS CLIMATE NORMALS FOR TODAY
                         NORMAL    RECORD    YEAR
 MAXIMUM TEMPERATURE (F)   46        73      1917
 MINIMUM TEMPERATURE (F)   26         2      1985


SUNRISE AND SUNSET
DECEMBER  1 2014......SUNRISE   730 AM CST   SUNSET   509 PM CST
DECEMBER  2 2014......SUNRISE   731 AM CST   SUNSET   509 PM CST


-  INDICATES NEGATIVE NUMBERS.
R  INDICATES RECORD WAS SET OR TIED.
MM INDICATES DATA IS MISSING.
T  INDICATES TRACE AMOUNT.




$$

JMBW
