000
CDUS43 KICT 020621
CLISLN


CLIMATE REPORT
NATIONAL WEATHER SERVICE WICHITA KS
121 AM CDT SAT JUL 2 2016


...................................

...THE SALINA KS CLIMATE SUMMARY FOR JULY 1 2016...

CLIMATE NORMAL PERIOD 1981 TO 2010
CLIMATE RECORD PERIOD 1894 TO 2016


WEATHER ITEM   OBSERVED TIME   RECORD YEAR NORMAL DEPARTURE LAST
                VALUE   (LST)  VALUE       VALUE  FROM      YEAR
                                                  NORMAL
..................................................................
TEMPERATURE (F)
 YESTERDAY
  MAXIMUM         82    431 PM 114    1913  92    -10       97
  MINIMUM         71   1147 AM  53    1918  68      3       78
  AVERAGE         77                        80     -3       88

PRECIPITATION (IN)
  YESTERDAY        T             2.20 1993   0.15  -0.15      T
  MONTH TO DATE    T                         0.15  -0.15      T
  SINCE JUN 1      0.45                      4.26  -3.81     4.50
  SINCE JAN 1     12.27                     16.25  -3.98    16.10

DEGREE DAYS
 HEATING
  YESTERDAY        0                         0      0        0
  MONTH TO DATE    0                         0      0        0
  SINCE JUN 1      0                         7     -7        0
  SINCE JUL 1      0                         0      0        0

 COOLING
  YESTERDAY       12                        15     -3       23
  MONTH TO DATE   12                        15     -3       23
  SINCE JUN 1    504                       340    164      463
  SINCE JAN 1    629                       468    161      553
..................................................................


WIND (MPH)
  HIGHEST WIND SPEED    17   HIGHEST WIND DIRECTION    SE (120)
  HIGHEST GUST SPEED    22   HIGHEST GUST DIRECTION     E (110)
  AVERAGE WIND SPEED    10.2


SKY COVER
  POSSIBLE SUNSHINE  MM
  AVERAGE SKY COVER 0.6


WEATHER CONDITIONS
 THE FOLLOWING WEATHER WAS RECORDED YESTERDAY.
  LIGHT RAIN


RELATIVE HUMIDITY (PERCENT)
 HIGHEST    79          1200 PM
 LOWEST     48          1000 AM
 AVERAGE    64

..........................................................


THE SALINA KS CLIMATE NORMALS FOR TODAY
                         NORMAL    RECORD    YEAR
 MAXIMUM TEMPERATURE (F)   92       108      1990
 MINIMUM TEMPERATURE (F)   68        52      1959


SUNRISE AND SUNSET
JULY  2 2016..........SUNRISE   610 AM CDT   SUNSET   859 PM CDT
JULY  3 2016..........SUNRISE   611 AM CDT   SUNSET   859 PM CDT


-  INDICATES NEGATIVE NUMBERS.
R  INDICATES RECORD WAS SET OR TIED.
MM INDICATES DATA IS MISSING.
T  INDICATES TRACE AMOUNT.




$$
