000
CDUS43 KICT 200649
CLISLN

CLIMATE REPORT
NATIONAL WEATHER SERVICE WICHITA KS
148 AM CDT SUN MAR 20 2016


...................................

...THE SALINA KS CLIMATE SUMMARY FOR MARCH 19 2016...

CLIMATE NORMAL PERIOD 1981 TO 2010
CLIMATE RECORD PERIOD 1894 TO 2016


WEATHER ITEM   OBSERVED TIME   RECORD YEAR NORMAL DEPARTURE LAST
                VALUE   (LST)  VALUE       VALUE  FROM      YEAR
                                                  NORMAL
..................................................................
TEMPERATURE (F)
 YESTERDAY
  MAXIMUM         45   1254 PM  86    1907  58    -13       50
  MINIMUM         25    701 AM  -7    1923  35    -10       36
  AVERAGE         35                        46    -11       43

PRECIPITATION (IN)
  YESTERDAY        0.00          1.08 1964   0.08  -0.08      T
  MONTH TO DATE    0.46                      1.33  -0.87      T
  SINCE MAR 1      0.46                      1.33  -0.87      T
  SINCE JAN 1      1.70                      3.13  -1.43     1.44

DEGREE DAYS
 HEATING
  YESTERDAY       30                        19     11       22
  MONTH TO DATE  252                       409   -157      356
  SINCE MAR 1    252                       409   -157      356
  SINCE JUL 1   3238                      4250  -1012     4185

 COOLING
  YESTERDAY        0                         0      0        0
  MONTH TO DATE    5                         0      5        1
  SINCE MAR 1      5                         0      5        1
  SINCE JAN 1      5                         0      5        1
..................................................................


WIND (MPH)
  HIGHEST WIND SPEED    29   HIGHEST WIND DIRECTION    NW (330)
  HIGHEST GUST SPEED    33   HIGHEST GUST DIRECTION    NW (310)
  AVERAGE WIND SPEED    13.3


SKY COVER
  POSSIBLE SUNSHINE  MM
  AVERAGE SKY COVER 0.6


WEATHER CONDITIONS
 THE FOLLOWING WEATHER WAS RECORDED YESTERDAY.
  NO SIGNIFICANT WEATHER WAS OBSERVED.


RELATIVE HUMIDITY (PERCENT)
 HIGHEST    75           600 AM
 LOWEST     31           100 PM
 AVERAGE    53

..........................................................


THE SALINA KS CLIMATE NORMALS FOR TODAY
                         NORMAL    RECORD    YEAR
 MAXIMUM TEMPERATURE (F)   59        86      1934
 MINIMUM TEMPERATURE (F)   35         6      1914


SUNRISE AND SUNSET
MARCH 20 2016.........SUNRISE   733 AM CDT   SUNSET   743 PM CDT
MARCH 21 2016.........SUNRISE   732 AM CDT   SUNSET   744 PM CDT


-  INDICATES NEGATIVE NUMBERS.
R  INDICATES RECORD WAS SET OR TIED.
MM INDICATES DATA IS MISSING.
T  INDICATES TRACE AMOUNT.




$$
