780
CDUS43 KICT 260641
CLISLN

CLIMATE REPORT
NATIONAL WEATHER SERVICE WICHITA KS
139 AM CDT WED JUL 26 2017

...................................

...THE SALINA KS CLIMATE SUMMARY FOR JULY 25 2017...

CLIMATE NORMAL PERIOD 1981 TO 2010
CLIMATE RECORD PERIOD 1894 TO 2017


WEATHER ITEM   OBSERVED TIME   RECORD YEAR NORMAL DEPARTURE LAST
                VALUE   (LST)  VALUE       VALUE  FROM      YEAR
                                                  NORMAL
..................................................................
TEMPERATURE (F)
 YESTERDAY
  MAXIMUM        102    329 PM 110    1936  93      9       89
  MINIMUM         72    522 AM  50    1911  70      2       71
  AVERAGE         87                        81      6       80

PRECIPITATION (IN)
  YESTERDAY        0.00          4.30 1990   0.12  -0.12     0.16
  MONTH TO DATE    0.92                      3.54  -2.62     1.80
  SINCE JUN 1      2.61                      7.65  -5.04     2.25
  SINCE JAN 1     15.85                     19.64  -3.79    14.07

DEGREE DAYS
 HEATING
  YESTERDAY        0                         0      0        0
  MONTH TO DATE    0                         0      0        0
  SINCE JUN 1      0                         7     -7        0
  SINCE JUL 1      0                         0      0        0

 COOLING
  YESTERDAY       22                        16      6       15
  MONTH TO DATE  535                       399    136      488
  SINCE JUN 1    969                       724    245      980
  SINCE JAN 1   1129                       852    277     1105
..................................................................


WIND (MPH)
  HIGHEST WIND SPEED    24   HIGHEST WIND DIRECTION     S (160)
  HIGHEST GUST SPEED    32   HIGHEST GUST DIRECTION     S (170)
  AVERAGE WIND SPEED    13.2


SKY COVER
  AVERAGE SKY COVER 0.0


WEATHER CONDITIONS
 THE FOLLOWING WEATHER WAS RECORDED YESTERDAY.
  NO SIGNIFICANT WEATHER WAS OBSERVED.


RELATIVE HUMIDITY (PERCENT)
 HIGHEST    84           500 AM
 LOWEST     27           400 PM
 AVERAGE    56

..........................................................


THE SALINA KS CLIMATE NORMALS FOR TODAY
                         NORMAL    RECORD    YEAR
 MAXIMUM TEMPERATURE (F)   93       111      1910
 MINIMUM TEMPERATURE (F)   70        56      1926


SUNRISE AND SUNSET
JULY 26 2017..........SUNRISE   627 AM CDT   SUNSET   847 PM CDT
JULY 27 2017..........SUNRISE   628 AM CDT   SUNSET   846 PM CDT


-  INDICATES NEGATIVE NUMBERS.
R  INDICATES RECORD WAS SET OR TIED.
MM INDICATES DATA IS MISSING.
T  INDICATES TRACE AMOUNT.

$$
