796
CDUS43 KICT 090639
CLISLN


CLIMATE REPORT
NATIONAL WEATHER SERVICE WICHITA KS
1239 AM CST WED NOV 9 2016


...................................

...THE SALINA KS CLIMATE SUMMARY FOR NOVEMBER 8 2016...

CLIMATE NORMAL PERIOD 1981 TO 2010
CLIMATE RECORD PERIOD 1894 TO 2016


WEATHER ITEM   OBSERVED TIME   RECORD YEAR NORMAL DEPARTURE LAST
                VALUE   (LST)  VALUE       VALUE  FROM      YEAR
                                                  NORMAL
..................................................................
TEMPERATURE (F)
 YESTERDAY
  MAXIMUM         64    306 PM  89    2006  59      5       64
  MINIMUM         42   1109 PM   2    1925  37      5       29
  AVERAGE         53                        48      5       47

PRECIPITATION (IN)
  YESTERDAY        0.00          1.28 1977   0.05  -0.05     0.00
  MONTH TO DATE    0.46                      0.40   0.06     0.01
  SINCE SEP 1      3.94                      5.37  -1.43     2.33
  SINCE JAN 1     26.38                     29.71  -3.33    26.18

DEGREE DAYS
 HEATING
  YESTERDAY       12                        17     -5       18
  MONTH TO DATE   34                       124    -90       63
  SINCE SEP 1    165                       441   -276      221
  SINCE JUL 1    165                       442   -277      221

 COOLING
  YESTERDAY        0                         0      0        0
  MONTH TO DATE    4                         0      4        4
  SINCE SEP 1    339                       239    100      415
  SINCE JAN 1   2009                      1646    363     1869
..................................................................


WIND (MPH)
  HIGHEST WIND SPEED    21   HIGHEST WIND DIRECTION     N (360)
  HIGHEST GUST SPEED    25   HIGHEST GUST DIRECTION     N (350)
  AVERAGE WIND SPEED    11.1


SKY COVER
  POSSIBLE SUNSHINE  MM
  AVERAGE SKY COVER 0.3


WEATHER CONDITIONS
 THE FOLLOWING WEATHER WAS RECORDED YESTERDAY.
  NO SIGNIFICANT WEATHER WAS OBSERVED.


RELATIVE HUMIDITY (PERCENT)
 HIGHEST    93          1200 AM
 LOWEST     43           400 PM
 AVERAGE    68

..........................................................


THE SALINA KS CLIMATE NORMALS FOR TODAY
                         NORMAL    RECORD    YEAR
 MAXIMUM TEMPERATURE (F)   59        80      2012
                                             1999
 MINIMUM TEMPERATURE (F)   36        16      1960


SUNRISE AND SUNSET
NOVEMBER  9 2016......SUNRISE   707 AM CST   SUNSET   522 PM CST
NOVEMBER 10 2016......SUNRISE   708 AM CST   SUNSET   521 PM CST


-  INDICATES NEGATIVE NUMBERS.
R  INDICATES RECORD WAS SET OR TIED.
MM INDICATES DATA IS MISSING.
T  INDICATES TRACE AMOUNT.




$$
