938
CDUS43 KICT 080630
CLISLN

CLIMATE REPORT
NATIONAL WEATHER SERVICE WICHITA KS
129 AM CDT FRI APR 8 2016

...................................

...THE SALINA KS CLIMATE SUMMARY FOR APRIL 7 2016...

CLIMATE NORMAL PERIOD 1981 TO 2010
CLIMATE RECORD PERIOD 1894 TO 2016


WEATHER ITEM   OBSERVED TIME   RECORD YEAR NORMAL DEPARTURE LAST
                VALUE   (LST)  VALUE       VALUE  FROM      YEAR
                                                  NORMAL
..................................................................
TEMPERATURE (F)
 YESTERDAY
  MAXIMUM         72    203 PM  87    1908  64      8       73
  MINIMUM         41   1158 PM  17    2009  40      1       50
  AVERAGE         57                        52      5       62

PRECIPITATION (IN)
  YESTERDAY        T             0.86 1976   0.09  -0.09     0.00
  MONTH TO DATE    0.07                      0.64  -0.57     0.23
  SINCE MAR 1      0.77                      3.03  -2.26     0.28
  SINCE JAN 1      2.01                      4.83  -2.82     1.72

DEGREE DAYS
 HEATING
  YESTERDAY        8                        13     -5        3
  MONTH TO DATE   60                        97    -37       53
  SINCE MAR 1    478                       706   -228      568
  SINCE JUL 1   3464                      4547  -1083     4397

 COOLING
  YESTERDAY        0                         0      0        0
  MONTH TO DATE    6                         0      6        9
  SINCE MAR 1     12                         2     10       10
  SINCE JAN 1     12                         2     10       10
..................................................................


WIND (MPH)
  HIGHEST WIND SPEED    48   HIGHEST WIND DIRECTION    NW (330)
  HIGHEST GUST SPEED    56   HIGHEST GUST DIRECTION    NW (330)
  AVERAGE WIND SPEED    19.3


SKY COVER
  POSSIBLE SUNSHINE  MM
  AVERAGE SKY COVER 0.1


WEATHER CONDITIONS
 THE FOLLOWING WEATHER WAS RECORDED YESTERDAY.
  LIGHT RAIN


RELATIVE HUMIDITY (PERCENT)
 HIGHEST    71           400 AM
 LOWEST     14           300 PM
 AVERAGE    43

..........................................................


THE SALINA KS CLIMATE NORMALS FOR TODAY
                         NORMAL    RECORD    YEAR
 MAXIMUM TEMPERATURE (F)   65        91      1905
 MINIMUM TEMPERATURE (F)   41        20      1909


SUNRISE AND SUNSET
APRIL  8 2016.........SUNRISE   704 AM CDT   SUNSET   801 PM CDT
APRIL  9 2016.........SUNRISE   702 AM CDT   SUNSET   802 PM CDT


-  INDICATES NEGATIVE NUMBERS.
R  INDICATES RECORD WAS SET OR TIED.
MM INDICATES DATA IS MISSING.
T  INDICATES TRACE AMOUNT.

$$
