000
CDUS43 KICT 260645
CLISLN

CLIMATE REPORT
NATIONAL WEATHER SERVICE WICHITA KS
1244 AM CST MON DEC 26 2016


...................................

...THE SALINA KS CLIMATE SUMMARY FOR DECEMBER 25 2016...

CLIMATE NORMAL PERIOD 1981 TO 2010
CLIMATE RECORD PERIOD 1894 TO 2016


WEATHER ITEM   OBSERVED TIME   RECORD YEAR NORMAL DEPARTURE LAST
                VALUE   (LST)  VALUE       VALUE  FROM      YEAR
                                                  NORMAL
..................................................................
TEMPERATURE (F)
 YESTERDAY
  MAXIMUM         68    120 PM  69    1922  41     27       44
  MINIMUM         41   1159 PM -15    1918  21     20       22
  AVERAGE         55                        31     24       33

PRECIPITATION (IN)
  YESTERDAY        0.17R         0.09 2000   0.02   0.15     0.00
  MONTH TO DATE    0.73                      0.79  -0.06     3.66
  SINCE DEC 1      0.73                      0.79  -0.06     3.66
  SINCE JAN 1     27.25                     31.35  -4.10    32.01

DEGREE DAYS
 HEATING
  YESTERDAY       10                        34    -24       32
  MONTH TO DATE  862                       806     56      583
  SINCE DEC 1    862                       806     56      583
  SINCE JUL 1   1405                      1758   -353     1215

 COOLING
  YESTERDAY        0                         0      0        0
  MONTH TO DATE    0                         0      0        0
  SINCE DEC 1      0                         0      0        0
  SINCE JAN 1   2009                      1647    362     1869
..................................................................


WIND (MPH)
  HIGHEST WIND SPEED    44   HIGHEST WIND DIRECTION     S (170)
  HIGHEST GUST SPEED    58   HIGHEST GUST DIRECTION     S (170)
  AVERAGE WIND SPEED    18.3


SKY COVER
  POSSIBLE SUNSHINE  MM
  AVERAGE SKY COVER 0.8


WEATHER CONDITIONS
 THE FOLLOWING WEATHER WAS RECORDED YESTERDAY.
  HEAVY RAIN
  RAIN
  LIGHT RAIN
  FOG


RELATIVE HUMIDITY (PERCENT)
 HIGHEST   100          1200 AM
 LOWEST     39          1000 PM
 AVERAGE    70

..........................................................


THE SALINA KS CLIMATE NORMALS FOR TODAY
                         NORMAL    RECORD    YEAR
 MAXIMUM TEMPERATURE (F)   41        67      2008
 MINIMUM TEMPERATURE (F)   21        -4      1962


SUNRISE AND SUNSET
DECEMBER 26 2016......SUNRISE   748 AM CST   SUNSET   515 PM CST
DECEMBER 27 2016......SUNRISE   748 AM CST   SUNSET   516 PM CST


-  INDICATES NEGATIVE NUMBERS.
R  INDICATES RECORD WAS SET OR TIED.
MM INDICATES DATA IS MISSING.
T  INDICATES TRACE AMOUNT.




$$
