000
CDUS43 KICT 170621
CLISLN


CLIMATE REPORT
NATIONAL WEATHER SERVICE WICHITA KS
120 AM CDT MON AUG 17 2015


...................................

...THE SALINA KS CLIMATE SUMMARY FOR AUGUST 16 2015...

CLIMATE NORMAL PERIOD 1981 TO 2010
CLIMATE RECORD PERIOD 1894 TO 2015


WEATHER ITEM   OBSERVED TIME   RECORD YEAR NORMAL DEPARTURE LAST
                VALUE   (LST)  VALUE       VALUE  FROM      YEAR
                                                  NORMAL
..................................................................
TEMPERATURE (F)
 YESTERDAY
  MAXIMUM         94    414 PM 111    1936  91      3       93
  MINIMUM         63    435 AM  52    1919  69     -6       70
  AVERAGE         79                        80     -1       82

PRECIPITATION (IN)
  YESTERDAY        0.00          1.40 1958   0.13  -0.13     0.00
  MONTH TO DATE    2.21                      2.12   0.09     1.32
  SINCE JUN 1     10.57                     10.52   0.05    10.24
  SINCE JAN 1     22.17                     22.51  -0.34    17.63

DEGREE DAYS
 HEATING
  YESTERDAY        0                         0      0        0
  MONTH TO DATE    0                         0      0        0
  SINCE JUN 1      0                         7     -7        1
  SINCE JUL 1      0                         0      0        0

 COOLING
  YESTERDAY       14                        15     -1       17
  MONTH TO DATE  247                       251     -4      248
  SINCE JUN 1   1237                      1077    160     1048
  SINCE JAN 1   1327                      1205    122     1280
..................................................................


WIND (MPH)
  HIGHEST WIND SPEED    18   HIGHEST WIND DIRECTION     S (160)
  HIGHEST GUST SPEED    23   HIGHEST GUST DIRECTION    SE (150)
  AVERAGE WIND SPEED    10.0


SKY COVER
  POSSIBLE SUNSHINE  MM
  AVERAGE SKY COVER 0.0


WEATHER CONDITIONS
 THE FOLLOWING WEATHER WAS RECORDED YESTERDAY.
  NO SIGNIFICANT WEATHER WAS OBSERVED.


RELATIVE HUMIDITY (PERCENT)
 HIGHEST    87           400 AM
 LOWEST     30           400 PM
 AVERAGE    59

..........................................................


THE SALINA KS CLIMATE NORMALS FOR TODAY
                         NORMAL    RECORD    YEAR
 MAXIMUM TEMPERATURE (F)   91       109      1909
 MINIMUM TEMPERATURE (F)   68        54      2012


SUNRISE AND SUNSET
AUGUST 17 2015........SUNRISE   646 AM CDT   SUNSET   823 PM CDT
AUGUST 18 2015........SUNRISE   647 AM CDT   SUNSET   821 PM CDT


-  INDICATES NEGATIVE NUMBERS.
R  INDICATES RECORD WAS SET OR TIED.
MM INDICATES DATA IS MISSING.
T  INDICATES TRACE AMOUNT.




$$
