000
CDUS43 KICT 090630
CLISLN


CLIMATE REPORT
NATIONAL WEATHER SERVICE WICHITA KS
129 AM CDT THU JUN 9 2016


...................................

...THE SALINA KS CLIMATE SUMMARY FOR JUNE 8 2016...

CLIMATE NORMAL PERIOD 1981 TO 2010
CLIMATE RECORD PERIOD 1894 TO 2016


WEATHER ITEM   OBSERVED TIME   RECORD YEAR NORMAL DEPARTURE LAST
                VALUE   (LST)  VALUE       VALUE  FROM      YEAR
                                                  NORMAL
..................................................................
TEMPERATURE (F)
 YESTERDAY
  MAXIMUM         96    442 PM 103    1911  85     11       91
  MINIMUM         66    529 AM  44    1916  62      4       63
  AVERAGE         81                        73      8       77

PRECIPITATION (IN)
  YESTERDAY        0.00          1.68 1958   0.14  -0.14     0.00
  MONTH TO DATE    T                         1.17  -1.17     3.30
  SINCE JUN 1      T                         1.17  -1.17     3.30
  SINCE JAN 1     11.82                     13.16  -1.34    14.90

DEGREE DAYS
 HEATING
  YESTERDAY        0                         0      0        0
  MONTH TO DATE    0                         5     -5        0
  SINCE JUN 1      0                         5     -5        0
  SINCE JUL 1   3718                      4869  -1151     4660

 COOLING
  YESTERDAY       16                         9      7       12
  MONTH TO DATE   68                        61      7       93
  SINCE JUN 1     68                        61      7       93
  SINCE JAN 1    193                       189      4      183
..................................................................


WIND (MPH)
  HIGHEST WIND SPEED    25   HIGHEST WIND DIRECTION     S (190)
  HIGHEST GUST SPEED    34   HIGHEST GUST DIRECTION     S (170)
  AVERAGE WIND SPEED    12.5


SKY COVER
  POSSIBLE SUNSHINE  MM
  AVERAGE SKY COVER 0.0


WEATHER CONDITIONS
 THE FOLLOWING WEATHER WAS RECORDED YESTERDAY.
  NO SIGNIFICANT WEATHER WAS OBSERVED.


RELATIVE HUMIDITY (PERCENT)
 HIGHEST    81           500 AM
 LOWEST     24           200 PM
 AVERAGE    53

..........................................................


THE SALINA KS CLIMATE NORMALS FOR TODAY
                         NORMAL    RECORD    YEAR
 MAXIMUM TEMPERATURE (F)   85       105      1913
 MINIMUM TEMPERATURE (F)   62        48      1955


SUNRISE AND SUNSET
JUNE  9 2016..........SUNRISE   605 AM CDT   SUNSET   855 PM CDT
JUNE 10 2016..........SUNRISE   605 AM CDT   SUNSET   855 PM CDT


-  INDICATES NEGATIVE NUMBERS.
R  INDICATES RECORD WAS SET OR TIED.
MM INDICATES DATA IS MISSING.
T  INDICATES TRACE AMOUNT.




$$
