000
CDUS43 KICT 070704
CLISLN

CLIMATE REPORT
NATIONAL WEATHER SERVICE WICHITA KS
103 AM CST WED JAN 7 2015


...................................

...THE SALINA KS CLIMATE SUMMARY FOR JANUARY 6 2015...

CLIMATE NORMAL PERIOD 1981 TO 2010
CLIMATE RECORD PERIOD 1894 TO 2015


WEATHER ITEM   OBSERVED TIME   RECORD YEAR NORMAL DEPARTURE LAST
                VALUE   (LST)  VALUE       VALUE  FROM      YEAR
                                                  NORMAL
..................................................................
TEMPERATURE (F)
 YESTERDAY
  MAXIMUM         26    312 AM  62    1939  41    -15       15
  MINIMUM         13    838 AM -15    1910  20     -7       -6
  AVERAGE         20                        31    -11        5

PRECIPITATION (IN)
  YESTERDAY        0.00          0.24 1988   0.01  -0.01      T
  MONTH TO DATE    T                         0.09  -0.09     0.35
  SINCE DEC 1      1.90                      1.03   0.87     1.57
  SINCE JAN 1      T                         0.09  -0.09     0.35

DEGREE DAYS
 HEATING
  YESTERDAY       45                        34     11       60
  MONTH TO DATE  268                       204     64      283
  SINCE DEC 1   1161                      1216    -55     1435
  SINCE JUL 1   2158                      2168    -10     2423

 COOLING
  YESTERDAY        0                         0      0        0
  MONTH TO DATE    0                         0      0        0
  SINCE DEC 1      0                         0      0        0
  SINCE JAN 1      0                         0      0        0
..................................................................


WIND (MPH)
  HIGHEST WIND SPEED    25   HIGHEST WIND DIRECTION     N (360)
  HIGHEST GUST SPEED    31   HIGHEST GUST DIRECTION     N (360)
  AVERAGE WIND SPEED     9.3


SKY COVER
  POSSIBLE SUNSHINE  MM
  AVERAGE SKY COVER 0.2


WEATHER CONDITIONS
 THE FOLLOWING WEATHER WAS RECORDED YESTERDAY.
  NO SIGNIFICANT WEATHER WAS OBSERVED.


RELATIVE HUMIDITY (PERCENT)
 HIGHEST    80          1200 AM
 LOWEST     52           200 PM
 AVERAGE    66

..........................................................


THE SALINA KS CLIMATE NORMALS FOR TODAY
                         NORMAL    RECORD    YEAR
 MAXIMUM TEMPERATURE (F)   41        72      2006
 MINIMUM TEMPERATURE (F)   20       -12      1912


SUNRISE AND SUNSET
JANUARY  7 2015.......SUNRISE   749 AM CST   SUNSET   525 PM CST
JANUARY  8 2015.......SUNRISE   749 AM CST   SUNSET   526 PM CST


-  INDICATES NEGATIVE NUMBERS.
R  INDICATES RECORD WAS SET OR TIED.
MM INDICATES DATA IS MISSING.
T  INDICATES TRACE AMOUNT.




$$
