000
CDUS43 KICT 170630
CLISLN


CLIMATE REPORT
NATIONAL WEATHER SERVICE WICHITA KS
130 AM CDT MON OCT 17 2016


...................................

...THE SALINA KS CLIMATE SUMMARY FOR OCTOBER 16 2016...

CLIMATE NORMAL PERIOD 1981 TO 2010
CLIMATE RECORD PERIOD 1894 TO 2016


WEATHER ITEM   OBSERVED TIME   RECORD YEAR NORMAL DEPARTURE LAST
                VALUE   (LST)  VALUE       VALUE  FROM      YEAR
                                                  NORMAL
..................................................................
TEMPERATURE (F)
 YESTERDAY
  MAXIMUM         89R   441 PM  88    1958  69     20       67
  MINIMUM         66   1201 AM  24    1966  46     20       39
  AVERAGE         78                        58     20       53

PRECIPITATION (IN)
  YESTERDAY        0.00          2.93 1968   0.08  -0.08     0.00
  MONTH TO DATE    1.56                      1.31   0.25     0.06
  SINCE SEP 1      2.76                      4.01  -1.25     1.73
  SINCE JAN 1     25.20                     28.35  -3.15    25.58

DEGREE DAYS
 HEATING
  YESTERDAY        0                         8     -8       12
  MONTH TO DATE   61                       104    -43       36
  SINCE SEP 1     77                       155    -78       39
  SINCE JUL 1     77                       156    -79       39

 COOLING
  YESTERDAY       13                         1     12        0
  MONTH TO DATE   37                        27     10       23
  SINCE SEP 1    303                       232     71      386
  SINCE JAN 1   1973                      1639    334     1840
..................................................................


WIND (MPH)
  HIGHEST WIND SPEED    25   HIGHEST WIND DIRECTION     S (190)
  HIGHEST GUST SPEED    33   HIGHEST GUST DIRECTION     S (190)
  AVERAGE WIND SPEED    14.7


SKY COVER
  POSSIBLE SUNSHINE  MM
  AVERAGE SKY COVER 0.1


WEATHER CONDITIONS
 THE FOLLOWING WEATHER WAS RECORDED YESTERDAY.
  NO SIGNIFICANT WEATHER WAS OBSERVED.


RELATIVE HUMIDITY (PERCENT)
 HIGHEST    93          1200 AM
 LOWEST     43           300 PM
 AVERAGE    68

..........................................................


THE SALINA KS CLIMATE NORMALS FOR TODAY
                         NORMAL    RECORD    YEAR
 MAXIMUM TEMPERATURE (F)   69        89      1991
 MINIMUM TEMPERATURE (F)   46        22      1976


SUNRISE AND SUNSET
OCTOBER 17 2016.......SUNRISE   742 AM CDT   SUNSET   649 PM CDT
OCTOBER 18 2016.......SUNRISE   743 AM CDT   SUNSET   647 PM CDT


-  INDICATES NEGATIVE NUMBERS.
R  INDICATES RECORD WAS SET OR TIED.
MM INDICATES DATA IS MISSING.
T  INDICATES TRACE AMOUNT.




$$
