000
CDUS43 KICT 010638
CLISLN


CLIMATE REPORT
NATIONAL WEATHER SERVICE WICHITA KS
1237 AM CST THU JAN 1 2015


...................................

...THE SALINA KS CLIMATE SUMMARY FOR DECEMBER 31 2014...

CLIMATE NORMAL PERIOD 1981 TO 2010
CLIMATE RECORD PERIOD 1894 TO 2014


WEATHER ITEM   OBSERVED TIME   RECORD YEAR NORMAL DEPARTURE LAST
                VALUE   (LST)  VALUE       VALUE  FROM      YEAR
                                                  NORMAL
..................................................................
TEMPERATURE (F)
 YESTERDAY
  MAXIMUM         19    520 PM  63    2004  41    -22       49
  MINIMUM          5    709 AM  -7    1968  21    -16       15
  AVERAGE         12                        31    -19       32

PRECIPITATION (IN)
  YESTERDAY        0.00          0.57 1991   0.02  -0.02     0.00
  MONTH TO DATE    1.90                      0.94   0.96     1.22
  SINCE DEC 1      1.90                      0.94   0.96     1.22
  SINCE JAN 1     29.01                     31.50  -2.49    30.63

DEGREE DAYS
 HEATING
  YESTERDAY       53                        34     19       33
  MONTH TO DATE  893                      1010   -117     1152
  SINCE DEC 1    893                      1012   -119     1152
  SINCE JUL 1   1890                      1964    -74     2140

 COOLING
  YESTERDAY        0                         0      0        0
  MONTH TO DATE    0                         0      0        0
  SINCE DEC 1      0                         0      0        0
  SINCE JAN 1   1801                      1647    154     1750
..................................................................


WIND (MPH)
  HIGHEST WIND SPEED    16   HIGHEST WIND DIRECTION    SW (230)
  HIGHEST GUST SPEED    21   HIGHEST GUST DIRECTION    SW (240)
  AVERAGE WIND SPEED     9.5


SKY COVER
  POSSIBLE SUNSHINE  MM
  AVERAGE SKY COVER 0.4


WEATHER CONDITIONS
 THE FOLLOWING WEATHER WAS RECORDED YESTERDAY.
  NO SIGNIFICANT WEATHER WAS OBSERVED.


RELATIVE HUMIDITY (PERCENT)
 HIGHEST    76           500 AM
 LOWEST     54           100 PM
 AVERAGE    65

..........................................................


THE SALINA KS CLIMATE NORMALS FOR TODAY
                         NORMAL    RECORD    YEAR
 MAXIMUM TEMPERATURE (F)   41        71      1939
 MINIMUM TEMPERATURE (F)   21       -12      1924


SUNRISE AND SUNSET
JANUARY  1 2015.......SUNRISE   749 AM CST   SUNSET   519 PM CST
JANUARY  2 2015.......SUNRISE   749 AM CST   SUNSET   520 PM CST


-  INDICATES NEGATIVE NUMBERS.
R  INDICATES RECORD WAS SET OR TIED.
MM INDICATES DATA IS MISSING.
T  INDICATES TRACE AMOUNT.




$$
