000
CDUS43 KICT 150623
CLISLN


CLIMATE REPORT
NATIONAL WEATHER SERVICE WICHITA KS
120 AM CDT SAT OCT 15 2016


...................................

...THE SALINA KS CLIMATE SUMMARY FOR OCTOBER 14 2016...

CLIMATE NORMAL PERIOD 1981 TO 2010
CLIMATE RECORD PERIOD 1894 TO 2016


WEATHER ITEM   OBSERVED TIME   RECORD YEAR NORMAL DEPARTURE LAST
                VALUE   (LST)  VALUE       VALUE  FROM      YEAR
                                                  NORMAL
..................................................................
TEMPERATURE (F)
 YESTERDAY
  MAXIMUM         77    422 PM  92    1938  70      7       80
  MINIMUM         48    425 AM  28    1969  47      1       47
  AVERAGE         63                        58      5       64

PRECIPITATION (IN)
  YESTERDAY        0.00          1.05 2008   0.08  -0.08     0.00
  MONTH TO DATE    1.56                      1.15   0.41     0.06
  SINCE SEP 1      2.76                      3.85  -1.09     1.73
  SINCE JAN 1     25.20                     28.19  -2.99    25.58

DEGREE DAYS
 HEATING
  YESTERDAY        2                         8     -6        1
  MONTH TO DATE   61                        88    -27       24
  SINCE SEP 1     77                       139    -62       27
  SINCE JUL 1     77                       140    -63       27

 COOLING
  YESTERDAY        0                         1     -1        0
  MONTH TO DATE   16                        25     -9       23
  SINCE SEP 1    282                       230     52      386
  SINCE JAN 1   1952                      1637    315     1840
..................................................................


WIND (MPH)
  HIGHEST WIND SPEED    23   HIGHEST WIND DIRECTION     S (190)
  HIGHEST GUST SPEED    30   HIGHEST GUST DIRECTION     S (190)
  AVERAGE WIND SPEED    12.4


SKY COVER
  POSSIBLE SUNSHINE  MM
  AVERAGE SKY COVER 0.5


WEATHER CONDITIONS
 THE FOLLOWING WEATHER WAS RECORDED YESTERDAY.
  NO SIGNIFICANT WEATHER WAS OBSERVED.


RELATIVE HUMIDITY (PERCENT)
 HIGHEST    96           500 AM
 LOWEST     56           400 PM
 AVERAGE    76

..........................................................


THE SALINA KS CLIMATE NORMALS FOR TODAY
                         NORMAL    RECORD    YEAR
 MAXIMUM TEMPERATURE (F)   69        91      1938
 MINIMUM TEMPERATURE (F)   46        26      1952


SUNRISE AND SUNSET
OCTOBER 15 2016.......SUNRISE   740 AM CDT   SUNSET   651 PM CDT
OCTOBER 16 2016.......SUNRISE   741 AM CDT   SUNSET   650 PM CDT


-  INDICATES NEGATIVE NUMBERS.
R  INDICATES RECORD WAS SET OR TIED.
MM INDICATES DATA IS MISSING.
T  INDICATES TRACE AMOUNT.




$$
