474
CDUS43 KICT 040621
CLISLN


CLIMATE REPORT
NATIONAL WEATHER SERVICE WICHITA KS
121 AM CDT MON APR 4 2016


...................................

...THE SALINA KS CLIMATE SUMMARY FOR APRIL 3 2016...

CLIMATE NORMAL PERIOD 1981 TO 2010
CLIMATE RECORD PERIOD 1894 TO 2016


WEATHER ITEM   OBSERVED TIME   RECORD YEAR NORMAL DEPARTURE LAST
                VALUE   (LST)  VALUE       VALUE  FROM      YEAR
                                                  NORMAL
..................................................................
TEMPERATURE (F)
 YESTERDAY
  MAXIMUM         85    449 PM  92    2011  63     22       55
  MINIMUM         41    636 AM   5    1926  39      2       32
  AVERAGE         63                        51     12       44

PRECIPITATION (IN)
  YESTERDAY        0.00          1.22 1993   0.09  -0.09      T
  MONTH TO DATE    0.00                      0.27  -0.27     0.23
  SINCE MAR 1      0.70                      2.66  -1.96     0.28
  SINCE JAN 1      1.94                      4.46  -2.52     1.72

DEGREE DAYS
 HEATING
  YESTERDAY        2                        14    -12       21
  MONTH TO DATE   40                        43     -3       24
  SINCE MAR 1    458                       652   -194      539
  SINCE JUL 1   3444                      4493  -1049     4368

 COOLING
  YESTERDAY        0                         0      0        0
  MONTH TO DATE    0                         0      0        5
  SINCE MAR 1      6                         2      4        6
  SINCE JAN 1      6                         2      4        6
..................................................................


WIND (MPH)
  HIGHEST WIND SPEED    28   HIGHEST WIND DIRECTION    SW (220)
  HIGHEST GUST SPEED    34   HIGHEST GUST DIRECTION    SW (220)
  AVERAGE WIND SPEED    12.7


SKY COVER
  POSSIBLE SUNSHINE  MM
  AVERAGE SKY COVER 0.0


WEATHER CONDITIONS
 THE FOLLOWING WEATHER WAS RECORDED YESTERDAY.
  NO SIGNIFICANT WEATHER WAS OBSERVED.


RELATIVE HUMIDITY (PERCENT)
 HIGHEST    70           200 AM
 LOWEST     12           400 PM
 AVERAGE    41

..........................................................


THE SALINA KS CLIMATE NORMALS FOR TODAY
                         NORMAL    RECORD    YEAR
 MAXIMUM TEMPERATURE (F)   64        91      1943
 MINIMUM TEMPERATURE (F)   39        19      1920


SUNRISE AND SUNSET
APRIL  4 2016.........SUNRISE   710 AM CDT   SUNSET   758 PM CDT
APRIL  5 2016.........SUNRISE   708 AM CDT   SUNSET   759 PM CDT


-  INDICATES NEGATIVE NUMBERS.
R  INDICATES RECORD WAS SET OR TIED.
MM INDICATES DATA IS MISSING.
T  INDICATES TRACE AMOUNT.




$$
