000
CDUS43 KICT 270710
CLISLN


CLIMATE REPORT
NATIONAL WEATHER SERVICE WICHITA KS
110 AM CST MON FEB 27 2017


...................................

...THE SALINA KS CLIMATE SUMMARY FOR FEBRUARY 26 2017...

CLIMATE NORMAL PERIOD 1981 TO 2010
CLIMATE RECORD PERIOD 1894 TO 2017


WEATHER ITEM   OBSERVED TIME   RECORD YEAR NORMAL DEPARTURE LAST
                VALUE   (LST)  VALUE       VALUE  FROM      YEAR
                                                  NORMAL
..................................................................
TEMPERATURE (F)
 YESTERDAY
  MAXIMUM         55    432 PM  79    1896  50      5       64
  MINIMUM         28    738 AM  -9    1934  28      0       17
  AVERAGE         42                        39      3       41

PRECIPITATION (IN)
  YESTERDAY        0.03         99.99 2013   0.05  -0.02     0.00
  MONTH TO DATE    0.07                      1.07  -1.00     0.52
  SINCE DEC 1      2.94                      2.64   0.30     4.90
  SINCE JAN 1      2.09                      1.70   0.39     1.24

DEGREE DAYS
 HEATING
  YESTERDAY       23                        26     -3       24
  MONTH TO DATE  529                       774   -245      608
  SINCE DEC 1   2092                      2838   -746     2315
  SINCE JUL 1   2635                      3790  -1155     2947

 COOLING
  YESTERDAY        0                         0      0        0
  MONTH TO DATE    0                         0      0        0
  SINCE DEC 1      0                         0      0        0
  SINCE JAN 1      0                         0      0        0
..................................................................


WIND (MPH)
  HIGHEST WIND SPEED    21   HIGHEST WIND DIRECTION     S (200)
  HIGHEST GUST SPEED    25   HIGHEST GUST DIRECTION     S (200)
  AVERAGE WIND SPEED     5.8


SKY COVER
  POSSIBLE SUNSHINE  MM
  AVERAGE SKY COVER 0.3


WEATHER CONDITIONS
 THE FOLLOWING WEATHER WAS RECORDED YESTERDAY.
  LIGHT SNOW
  FOG
  FOG W/VISIBILITY <= 1/4 MILE


RELATIVE HUMIDITY (PERCENT)
 HIGHEST    96           600 AM
 LOWEST     22           400 PM
 AVERAGE    59

..........................................................


THE SALINA KS CLIMATE NORMALS FOR TODAY
                         NORMAL    RECORD    YEAR
 MAXIMUM TEMPERATURE (F)   51        78      2016
 MINIMUM TEMPERATURE (F)   29        -1      2002


SUNRISE AND SUNSET
FEBRUARY 27 2017......SUNRISE   705 AM CST   SUNSET   622 PM CST
FEBRUARY 28 2017......SUNRISE   704 AM CST   SUNSET   623 PM CST


-  INDICATES NEGATIVE NUMBERS.
R  INDICATES RECORD WAS SET OR TIED.
MM INDICATES DATA IS MISSING.
T  INDICATES TRACE AMOUNT.




$$
