000
CDUS43 KICT 310635
CLISLN


CLIMATE REPORT
NATIONAL WEATHER SERVICE WICHITA KS
134 AM CDT TUE OCT 31 2017


...................................

...THE SALINA KS CLIMATE SUMMARY FOR OCTOBER 30 2017...

CLIMATE NORMAL PERIOD 1981 TO 2010
CLIMATE RECORD PERIOD 1894 TO 2017


WEATHER ITEM   OBSERVED TIME   RECORD YEAR NORMAL DEPARTURE LAST
                VALUE   (LST)  VALUE       VALUE  FROM      YEAR
                                                  NORMAL
..................................................................
TEMPERATURE (F)
 YESTERDAY
  MAXIMUM         55    140 PM  88    1950  64     -9       60
  MINIMUM         30   1159 PM  15    1917  41    -11       48
  AVERAGE         43                        52     -9       54

PRECIPITATION (IN)
  YESTERDAY        0.00          4.36 1979   0.05  -0.05     0.00
  MONTH TO DATE    5.74                      2.22   3.52     2.28
  SINCE SEP 1      7.57                      4.92   2.65     3.48
  SINCE JAN 1     25.28                     29.26  -3.98    25.92

DEGREE DAYS
 HEATING
  YESTERDAY       22                        13      9       11
  MONTH TO DATE  194                       255    -61      115
  SINCE SEP 1    202                       306   -104      131
  SINCE JUL 1    202                       307   -105      131

 COOLING
  YESTERDAY        0                         0      0        0
  MONTH TO DATE   64                        32     32       69
  SINCE SEP 1    382                       237    145      335
  SINCE JAN 1   1963                      1644    319     2005
..................................................................


WIND (MPH)
  HIGHEST WIND SPEED    30   HIGHEST WIND DIRECTION     N (350)
  HIGHEST GUST SPEED    39   HIGHEST GUST DIRECTION     N (360)
  AVERAGE WIND SPEED    16.6


SKY COVER
  POSSIBLE SUNSHINE  MM
  AVERAGE SKY COVER 0.2


WEATHER CONDITIONS
 THE FOLLOWING WEATHER WAS RECORDED YESTERDAY.
  NO SIGNIFICANT WEATHER WAS OBSERVED.


RELATIVE HUMIDITY (PERCENT)
 HIGHEST    61           100 AM
 LOWEST     28          1200 PM
 AVERAGE    45

..........................................................


THE SALINA KS CLIMATE NORMALS FOR TODAY
                         NORMAL    RECORD    YEAR
 MAXIMUM TEMPERATURE (F)   63        85      1950
 MINIMUM TEMPERATURE (F)   40        14      1993


SUNRISE AND SUNSET
OCTOBER 31 2017.......SUNRISE   757 AM CDT   SUNSET   631 PM CDT
NOVEMBER  1 2017......SUNRISE   758 AM CDT   SUNSET   630 PM CDT


-  INDICATES NEGATIVE NUMBERS.
R  INDICATES RECORD WAS SET OR TIED.
MM INDICATES DATA IS MISSING.
T  INDICATES TRACE AMOUNT.




$$
