000
CDUS43 KICT 060644
CLISLN


CLIMATE REPORT
NATIONAL WEATHER SERVICE WICHITA KS
1243 AM CST WED DEC 6 2017


...................................

...THE SALINA KS CLIMATE SUMMARY FOR DECEMBER 5 2017...

CLIMATE NORMAL PERIOD 1981 TO 2010
CLIMATE RECORD PERIOD 1894 TO 2017


WEATHER ITEM   OBSERVED TIME   RECORD YEAR NORMAL DEPARTURE LAST
                VALUE   (LST)  VALUE       VALUE  FROM      YEAR
                                                  NORMAL
..................................................................
TEMPERATURE (F)
 YESTERDAY
  MAXIMUM         52    219 PM  72    1939  45      7       55
  MINIMUM         21    628 AM   0    1964  24     -3       32
  AVERAGE         37                        34      3       44

PRECIPITATION (IN)
  YESTERDAY        0.00          1.80 1913   0.04  -0.04     0.00
  MONTH TO DATE    0.00                      0.19  -0.19     0.53
  SINCE DEC 1      0.00                      0.19  -0.19     0.53
  SINCE JAN 1     25.38                     30.75  -5.37    27.05

DEGREE DAYS
 HEATING
  YESTERDAY       28                        30     -2       21
  MONTH TO DATE   93                       148    -55      131
  SINCE DEC 1     93                       148    -55      131
  SINCE JUL 1    849                      1100   -251      674

 COOLING
  YESTERDAY        0                         0      0        0
  MONTH TO DATE    0                         0      0        0
  SINCE DEC 1      0                         0      0        0
  SINCE JAN 1   1965                      1647    318     2009
..................................................................


WIND (MPH)
  HIGHEST WIND SPEED    25   HIGHEST WIND DIRECTION     W (280)
  HIGHEST GUST SPEED    33   HIGHEST GUST DIRECTION     W (280)
  AVERAGE WIND SPEED    13.1


SKY COVER
  POSSIBLE SUNSHINE  MM
  AVERAGE SKY COVER 0.0


WEATHER CONDITIONS
 THE FOLLOWING WEATHER WAS RECORDED YESTERDAY.
  NO SIGNIFICANT WEATHER WAS OBSERVED.


RELATIVE HUMIDITY (PERCENT)
 HIGHEST    50           300 AM
 LOWEST     21           100 PM
 AVERAGE    36

..........................................................


THE SALINA KS CLIMATE NORMALS FOR TODAY
                         NORMAL    RECORD    YEAR
 MAXIMUM TEMPERATURE (F)   44        81      1939
 MINIMUM TEMPERATURE (F)   24        -5      1950


SUNRISE AND SUNSET
DECEMBER  6 2017......SUNRISE   735 AM CST   SUNSET   509 PM CST
DECEMBER  7 2017......SUNRISE   736 AM CST   SUNSET   509 PM CST


-  INDICATES NEGATIVE NUMBERS.
R  INDICATES RECORD WAS SET OR TIED.
MM INDICATES DATA IS MISSING.
T  INDICATES TRACE AMOUNT.




$$
