000
CDUS43 KICT 090623
CLISLN

CLIMATE REPORT
NATIONAL WEATHER SERVICE WICHITA KS
122 AM CDT WED JUL 9 2014


...................................

...THE SALINA KS CLIMATE SUMMARY FOR JULY 8 2014...

CLIMATE NORMAL PERIOD 1981 TO 2010
CLIMATE RECORD PERIOD 1894 TO 2014


WEATHER ITEM   OBSERVED TIME   RECORD YEAR NORMAL DEPARTURE LAST
                VALUE   (LST)  VALUE       VALUE  FROM      YEAR
                                                  NORMAL
..................................................................
TEMPERATURE (F)
 YESTERDAY
  MAXIMUM         88    529 PM 110    1913  93     -5      103
  MINIMUM         69   1148 PM  51    1952  69      0       73
  AVERAGE         79                        81     -2       88

PRECIPITATION (IN)
  YESTERDAY        0.48          1.35 1971   0.14   0.34     0.02
  MONTH TO DATE    0.49                      1.18  -0.69     0.03
  SINCE JUN 1      8.68                      5.29   3.39     2.27
  SINCE JAN 1     16.07                     17.28  -1.21    15.51

DEGREE DAYS
 HEATING
  YESTERDAY        0                         0      0        0
  MONTH TO DATE    0                         0      0        0
  SINCE JUN 1      1                         7     -6        7
  SINCE JUL 1      0                         0      0        0

 COOLING
  YESTERDAY       14                        16     -2       23
  MONTH TO DATE  113                       124    -11      121
  SINCE JUN 1    470                       449     21      508
  SINCE JAN 1    702                       577    125      649
..................................................................


WIND (MPH)
  HIGHEST WIND SPEED    18   HIGHEST WIND DIRECTION     N (340)
  HIGHEST GUST SPEED    23   HIGHEST GUST DIRECTION    NW (330)
  AVERAGE WIND SPEED     9.3


SKY COVER
  POSSIBLE SUNSHINE  MM
  AVERAGE SKY COVER 0.2


WEATHER CONDITIONS
 THE FOLLOWING WEATHER WAS RECORDED YESTERDAY.
  THUNDERSTORM
  HEAVY RAIN
  RAIN
  LIGHT RAIN
  FOG


RELATIVE HUMIDITY (PERCENT)
 HIGHEST    84           600 AM
 LOWEST     31           200 PM
 AVERAGE    58

..........................................................


THE SALINA KS CLIMATE NORMALS FOR TODAY
                         NORMAL    RECORD    YEAR
 MAXIMUM TEMPERATURE (F)   93       109      1980
 MINIMUM TEMPERATURE (F)   69        50      1952


SUNRISE AND SUNSET
JULY  9 2014..........SUNRISE   614 AM CDT   SUNSET   858 PM CDT
JULY 10 2014..........SUNRISE   614 AM CDT   SUNSET   857 PM CDT


-  INDICATES NEGATIVE NUMBERS.
R  INDICATES RECORD WAS SET OR TIED.
MM INDICATES DATA IS MISSING.
T  INDICATES TRACE AMOUNT.




$$
