000
CDUS43 KICT 220630
CLISLN


CLIMATE REPORT
NATIONAL WEATHER SERVICE WICHITA KS
130 AM CDT SUN MAY 22 2016


...................................

...THE SALINA KS CLIMATE SUMMARY FOR MAY 21 2016...

CLIMATE NORMAL PERIOD 1981 TO 2010
CLIMATE RECORD PERIOD 1894 TO 2016


WEATHER ITEM   OBSERVED TIME   RECORD YEAR NORMAL DEPARTURE LAST
                VALUE   (LST)  VALUE       VALUE  FROM      YEAR
                                                  NORMAL
..................................................................
TEMPERATURE (F)
 YESTERDAY
  MAXIMUM         74    423 PM  98    2005  78     -4       67
  MINIMUM         57    526 AM  37    1968  56      1       41
  AVERAGE         66                        67     -1       54

PRECIPITATION (IN)
  YESTERDAY        0.00          5.84 1971   0.18  -0.18     0.00
  MONTH TO DATE    1.20                      3.04  -1.84     5.72
  SINCE MAR 1      6.27                      8.48  -2.21     7.60
  SINCE JAN 1      7.51                     10.28  -2.77     9.04

DEGREE DAYS
 HEATING
  YESTERDAY        0                         2     -2       11
  MONTH TO DATE  100                        82     18       76
  SINCE MAR 1    732                      1009   -277      808
  SINCE JUL 1   3718                      4850  -1132     4637

 COOLING
  YESTERDAY        1                         4     -3        0
  MONTH TO DATE   18                        52    -34       55
  SINCE MAR 1     52                        77    -25       67
  SINCE JAN 1     52                        77    -25       67
..................................................................


WIND (MPH)
  HIGHEST WIND SPEED    22   HIGHEST WIND DIRECTION    SE (120)
  HIGHEST GUST SPEED    28   HIGHEST GUST DIRECTION    SE (130)
  AVERAGE WIND SPEED    12.6


SKY COVER
  POSSIBLE SUNSHINE  MM
  AVERAGE SKY COVER 0.9


WEATHER CONDITIONS
 THE FOLLOWING WEATHER WAS RECORDED YESTERDAY.
  NO SIGNIFICANT WEATHER WAS OBSERVED.


RELATIVE HUMIDITY (PERCENT)
 HIGHEST    93           500 AM
 LOWEST     57           300 PM
 AVERAGE    75

..........................................................


THE SALINA KS CLIMATE NORMALS FOR TODAY
                         NORMAL    RECORD    YEAR
 MAXIMUM TEMPERATURE (F)   78        97      1925
 MINIMUM TEMPERATURE (F)   56        35      1931


SUNRISE AND SUNSET
MAY 22 2016...........SUNRISE   612 AM CDT   SUNSET   843 PM CDT
MAY 23 2016...........SUNRISE   612 AM CDT   SUNSET   843 PM CDT


-  INDICATES NEGATIVE NUMBERS.
R  INDICATES RECORD WAS SET OR TIED.
MM INDICATES DATA IS MISSING.
T  INDICATES TRACE AMOUNT.




$$
