000
CDUS43 KICT 240623
CLISLN


CLIMATE REPORT
NATIONAL WEATHER SERVICE WICHITA KS
122 AM CDT SUN JUL 24 2016


...................................

...THE SALINA KS CLIMATE SUMMARY FOR JULY 23 2016...

CLIMATE NORMAL PERIOD 1981 TO 2010
CLIMATE RECORD PERIOD 1894 TO 2016


WEATHER ITEM   OBSERVED TIME   RECORD YEAR NORMAL DEPARTURE LAST
                VALUE   (LST)  VALUE       VALUE  FROM      YEAR
                                                  NORMAL
..................................................................
TEMPERATURE (F)
 YESTERDAY
  MAXIMUM        101    545 PM 110    1920  93      8       97
  MINIMUM         80    654 AM  54    1970  70     10       73
  AVERAGE         91                        82      9       85

PRECIPITATION (IN)
  YESTERDAY        T             0.88 2004   0.13  -0.13     0.00
  MONTH TO DATE    1.64                      3.30  -1.66     2.62
  SINCE JUN 1      2.09                      7.41  -5.32     7.12
  SINCE JAN 1     13.91                     19.40  -5.49    18.72

DEGREE DAYS
 HEATING
  YESTERDAY        0                         0      0        0
  MONTH TO DATE    0                         0      0        0
  SINCE JUN 1      0                         7     -7        0
  SINCE JUL 1      0                         0      0        0

 COOLING
  YESTERDAY       26                        16     10       20
  MONTH TO DATE  450                       367     83      390
  SINCE JUN 1    942                       692    250      830
  SINCE JAN 1   1067                       820    247      920
..................................................................


WIND (MPH)
  HIGHEST WIND SPEED    23   HIGHEST WIND DIRECTION     S (190)
  HIGHEST GUST SPEED    30   HIGHEST GUST DIRECTION     S (190)
  AVERAGE WIND SPEED    12.5


SKY COVER
  POSSIBLE SUNSHINE  MM
  AVERAGE SKY COVER 0.0


WEATHER CONDITIONS
 THE FOLLOWING WEATHER WAS RECORDED YESTERDAY.
  THUNDERSTORM


RELATIVE HUMIDITY (PERCENT)
 HIGHEST    62           700 AM
 LOWEST     29           300 PM
 AVERAGE    46

..........................................................


THE SALINA KS CLIMATE NORMALS FOR TODAY
                         NORMAL    RECORD    YEAR
 MAXIMUM TEMPERATURE (F)   93       116      1936
 MINIMUM TEMPERATURE (F)   70        50      1905


SUNRISE AND SUNSET
JULY 24 2016..........SUNRISE   625 AM CDT   SUNSET   848 PM CDT
JULY 25 2016..........SUNRISE   626 AM CDT   SUNSET   848 PM CDT


-  INDICATES NEGATIVE NUMBERS.
R  INDICATES RECORD WAS SET OR TIED.
MM INDICATES DATA IS MISSING.
T  INDICATES TRACE AMOUNT.




$$
