000
CDUS43 KICT 260643
CLISLN


CLIMATE REPORT
NATIONAL WEATHER SERVICE WICHITA KS
140 AM CDT FRI MAY 26 2017


...................................

...THE SALINA KS CLIMATE SUMMARY FOR MAY 25 2017...

CLIMATE NORMAL PERIOD 1981 TO 2010
CLIMATE RECORD PERIOD 1894 TO 2017


WEATHER ITEM   OBSERVED TIME   RECORD YEAR NORMAL DEPARTURE LAST
                VALUE   (LST)  VALUE       VALUE  FROM      YEAR
                                                  NORMAL
..................................................................
TEMPERATURE (F)
 YESTERDAY
  MAXIMUM         82    550 PM  98    1953  79      3       88
  MINIMUM         48    323 AM  41    2002  57     -9       63
  AVERAGE         65                        68     -3       76

PRECIPITATION (IN)
  YESTERDAY        0.05          1.82 1978   0.16  -0.11     0.00
  MONTH TO DATE    3.35                      3.71  -0.36     2.37
  SINCE MAR 1     10.62                      9.15   1.47     7.44
  SINCE JAN 1     12.72                     10.95   1.77     8.68

DEGREE DAYS
 HEATING
  YESTERDAY        0                         2     -2        0
  MONTH TO DATE   76                        90    -14      100
  SINCE MAR 1    785                      1017   -232      732
  SINCE JUL 1   3453                      4858  -1405     3718

 COOLING
  YESTERDAY        0                         5     -5       11
  MONTH TO DATE   75                        70      5       56
  SINCE MAR 1    126                        95     31       90
  SINCE JAN 1    126                        95     31       90
..................................................................


WIND (MPH)
  HIGHEST WIND SPEED    29   HIGHEST WIND DIRECTION     S (160)
  HIGHEST GUST SPEED    38   HIGHEST GUST DIRECTION     S (160)
  AVERAGE WIND SPEED    12.9


SKY COVER
  POSSIBLE SUNSHINE  MM
  AVERAGE SKY COVER 0.0


WEATHER CONDITIONS
 THE FOLLOWING WEATHER WAS RECORDED YESTERDAY.
  THUNDERSTORM
  LIGHT RAIN


RELATIVE HUMIDITY (PERCENT)
 HIGHEST    86           200 AM
 LOWEST     42           200 PM
 AVERAGE    64

..........................................................


THE SALINA KS CLIMATE NORMALS FOR TODAY
                         NORMAL    RECORD    YEAR
 MAXIMUM TEMPERATURE (F)   80       100      2012
 MINIMUM TEMPERATURE (F)   58        44      2001


SUNRISE AND SUNSET
MAY 26 2017...........SUNRISE   610 AM CDT   SUNSET   846 PM CDT
MAY 27 2017...........SUNRISE   610 AM CDT   SUNSET   846 PM CDT


-  INDICATES NEGATIVE NUMBERS.
R  INDICATES RECORD WAS SET OR TIED.
MM INDICATES DATA IS MISSING.
T  INDICATES TRACE AMOUNT.




$$
