000
CDUS43 KICT 150635
CLISLN


CLIMATE REPORT
NATIONAL WEATHER SERVICE WICHITA KS
135 AM CDT SAT JUL 15 2017


...................................

...THE SALINA KS CLIMATE SUMMARY FOR JULY 14 2017...

CLIMATE NORMAL PERIOD 1981 TO 2010
CLIMATE RECORD PERIOD 1894 TO 2017


WEATHER ITEM   OBSERVED TIME   RECORD YEAR NORMAL DEPARTURE LAST
                VALUE   (LST)  VALUE       VALUE  FROM      YEAR
                                                  NORMAL
..................................................................
TEMPERATURE (F)
 YESTERDAY
  MAXIMUM         94    242 PM 113    1954  93      1       90
  MINIMUM         73    500 AM  51    1987  69      4       73
                                      1967
  AVERAGE         84                        81      3       82

PRECIPITATION (IN)
  YESTERDAY        0.00          1.53 1962   0.15  -0.15     0.01
  MONTH TO DATE    0.02                      2.09  -2.07     1.64
  SINCE JUN 1      1.71                      6.20  -4.49     2.09
  SINCE JAN 1     14.95                     18.19  -3.24    13.91

DEGREE DAYS
 HEATING
  YESTERDAY        0                         0      0        0
  MONTH TO DATE    0                         0      0        0
  SINCE JUN 1      0                         7     -7        0
  SINCE JUL 1      0                         0      0        0

 COOLING
  YESTERDAY       19                        16      3       17
  MONTH TO DATE  270                       220     50      241
  SINCE JUN 1    704                       545    159      733
  SINCE JAN 1    864                       673    191      858
..................................................................


WIND (MPH)
  HIGHEST WIND SPEED    12   HIGHEST WIND DIRECTION    SE (140)
  HIGHEST GUST SPEED    15   HIGHEST GUST DIRECTION    SE (140)
  AVERAGE WIND SPEED     6.3


SKY COVER
  POSSIBLE SUNSHINE  MM
  AVERAGE SKY COVER 0.4


WEATHER CONDITIONS
 THE FOLLOWING WEATHER WAS RECORDED YESTERDAY.
  NO SIGNIFICANT WEATHER WAS OBSERVED.


RELATIVE HUMIDITY (PERCENT)
 HIGHEST    87           600 AM
 LOWEST     46           300 PM
 AVERAGE    67

..........................................................


THE SALINA KS CLIMATE NORMALS FOR TODAY
                         NORMAL    RECORD    YEAR
 MAXIMUM TEMPERATURE (F)   93       108      2011
                                             1980
 MINIMUM TEMPERATURE (F)   70        53      1967


SUNRISE AND SUNSET
JULY 15 2017..........SUNRISE   618 AM CDT   SUNSET   855 PM CDT
JULY 16 2017..........SUNRISE   619 AM CDT   SUNSET   854 PM CDT


-  INDICATES NEGATIVE NUMBERS.
R  INDICATES RECORD WAS SET OR TIED.
MM INDICATES DATA IS MISSING.
T  INDICATES TRACE AMOUNT.




$$
