000
CDUS43 KICT 300635
CLISLN


CLIMATE REPORT
NATIONAL WEATHER SERVICE WICHITA KS
135 AM CDT SAT MAY 30 2015


...................................

...THE SALINA KS CLIMATE SUMMARY FOR MAY 29 2015...

CLIMATE NORMAL PERIOD 1981 TO 2010
CLIMATE RECORD PERIOD 1894 TO 2015


WEATHER ITEM   OBSERVED TIME   RECORD YEAR NORMAL DEPARTURE LAST
                VALUE   (LST)  VALUE       VALUE  FROM      YEAR
                                                  NORMAL
..................................................................
TEMPERATURE (F)
 YESTERDAY
  MAXIMUM         81    322 PM 104    1913  81      0       89
  MINIMUM         58   1144 PM  33    1947  59     -1       66
  AVERAGE         70                        70      0       78

PRECIPITATION (IN)
  YESTERDAY        0.02          2.77 2013   0.17  -0.15     0.00
  MONTH TO DATE    8.28                      4.40   3.88     3.95
  SINCE MAR 1     10.16                      9.84   0.32     5.58
  SINCE JAN 1     11.60                     11.64  -0.04     7.39

DEGREE DAYS
 HEATING
  YESTERDAY        0                         1     -1        0
  MONTH TO DATE   92                        94     -2       99
  SINCE MAR 1    824                      1021   -197     1147
  SINCE JUL 1   4653                      4862   -209     5397

 COOLING
  YESTERDAY        5                         6     -1       13
  MONTH TO DATE   78                        91    -13      172
  SINCE MAR 1     90                       116    -26      208
  SINCE JAN 1     90                       116    -26      208
..................................................................


WIND (MPH)
  HIGHEST WIND SPEED    37   HIGHEST WIND DIRECTION     N (340)
  HIGHEST GUST SPEED    45   HIGHEST GUST DIRECTION     N (340)
  AVERAGE WIND SPEED     6.2


SKY COVER
  POSSIBLE SUNSHINE  MM
  AVERAGE SKY COVER 0.3


WEATHER CONDITIONS
 THE FOLLOWING WEATHER WAS RECORDED YESTERDAY.
  NO SIGNIFICANT WEATHER WAS OBSERVED.


RELATIVE HUMIDITY (PERCENT)
 HIGHEST    90           200 AM
 LOWEST     48           600 PM
 AVERAGE    69

..........................................................


THE SALINA KS CLIMATE NORMALS FOR TODAY
                         NORMAL    RECORD    YEAR
 MAXIMUM TEMPERATURE (F)   81       105      1913
 MINIMUM TEMPERATURE (F)   59        44      1955


SUNRISE AND SUNSET
MAY 30 2015...........SUNRISE   608 AM CDT   SUNSET   848 PM CDT
MAY 31 2015...........SUNRISE   608 AM CDT   SUNSET   849 PM CDT


-  INDICATES NEGATIVE NUMBERS.
R  INDICATES RECORD WAS SET OR TIED.
MM INDICATES DATA IS MISSING.
T  INDICATES TRACE AMOUNT.




$$
