000
CDUS43 KICT 150633
CLISLN

CLIMATE REPORT
NATIONAL WEATHER SERVICE WICHITA KS
1230 AM CST MON DEC 15 2014

...................................

...THE SALINA KS CLIMATE SUMMARY FOR DECEMBER 14 2014...

CLIMATE NORMAL PERIOD 1981 TO 2010
CLIMATE RECORD PERIOD 1894 TO 2014


WEATHER ITEM   OBSERVED TIME   RECORD YEAR NORMAL DEPARTURE LAST
                VALUE   (LST)  VALUE       VALUE  FROM      YEAR
                                                  NORMAL
..................................................................
TEMPERATURE (F)
 YESTERDAY
  MAXIMUM         62    104 PM  69    1933  42     20       36
  MINIMUM         48    924 PM -10    1963  22     26       16
  AVERAGE         55                        32     23       26

PRECIPITATION (IN)
  YESTERDAY        0.31          0.56 1902   0.03   0.28      T
  MONTH TO DATE    0.87                      0.49   0.38      T
  SINCE DEC 1      0.87                      0.49   0.38      T
  SINCE JAN 1     27.98                     31.05  -3.07    29.41

DEGREE DAYS
 HEATING
  YESTERDAY       10                        33    -23       39
  MONTH TO DATE  341                       435    -94      533
  SINCE DEC 1    341                       435    -94      533
  SINCE JUL 1   1338                      1387    -49     1521

 COOLING
  YESTERDAY        0                         0      0        0
  MONTH TO DATE    0                         0      0        0
  SINCE DEC 1      0                         0      0        0
  SINCE JAN 1   1801                      1647    154     1750
..................................................................


WIND (MPH)
  HIGHEST WIND SPEED    29   HIGHEST WIND DIRECTION     S (200)
  HIGHEST GUST SPEED    35   HIGHEST GUST DIRECTION     S (190)
  AVERAGE WIND SPEED    14.8


SKY COVER
  POSSIBLE SUNSHINE  MM
  AVERAGE SKY COVER 0.8


WEATHER CONDITIONS
 THE FOLLOWING WEATHER WAS RECORDED YESTERDAY.
  THUNDERSTORM
  HEAVY RAIN
  RAIN
  LIGHT RAIN
  FOG
  HAZE


RELATIVE HUMIDITY (PERCENT)
 HIGHEST    89           700 PM
 LOWEST     72           100 PM
 AVERAGE    81

..........................................................


THE SALINA KS CLIMATE NORMALS FOR TODAY
                         NORMAL    RECORD    YEAR
 MAXIMUM TEMPERATURE (F)   42        69      1939
 MINIMUM TEMPERATURE (F)   22       -15      1989


SUNRISE AND SUNSET
DECEMBER 15 2014......SUNRISE   742 AM CST   SUNSET   510 PM CST
DECEMBER 16 2014......SUNRISE   742 AM CST   SUNSET   510 PM CST


-  INDICATES NEGATIVE NUMBERS.
R  INDICATES RECORD WAS SET OR TIED.
MM INDICATES DATA IS MISSING.
T  INDICATES TRACE AMOUNT.

$$

ES
