000
CDUS43 KICT 200626
CLISLN


CLIMATE REPORT
NATIONAL WEATHER SERVICE WICHITA KS
125 AM CDT MON MAR 20 2017


...................................

...THE SALINA KS CLIMATE SUMMARY FOR MARCH 19 2017...

CLIMATE NORMAL PERIOD 1981 TO 2010
CLIMATE RECORD PERIOD 1894 TO 2017


WEATHER ITEM   OBSERVED TIME   RECORD YEAR NORMAL DEPARTURE LAST
                VALUE   (LST)  VALUE       VALUE  FROM      YEAR
                                                  NORMAL
..................................................................
TEMPERATURE (F)
 YESTERDAY
  MAXIMUM         92R   353 PM  86    1907  58     34       45
  MINIMUM         54    412 AM  -7    1923  35     19       25
  AVERAGE         73                        46     27       35

PRECIPITATION (IN)
  YESTERDAY        0.00          1.08 1964   0.08  -0.08     0.00
  MONTH TO DATE    0.04                      1.33  -1.29     0.46
  SINCE MAR 1      0.04                      1.33  -1.29     0.46
  SINCE JAN 1      2.14                      3.13  -0.99     1.70

DEGREE DAYS
 HEATING
  YESTERDAY        0                        19    -19       30
  MONTH TO DATE  321                       409    -88      252
  SINCE MAR 1    321                       409    -88      252
  SINCE JUL 1   2989                      4250  -1261     3238

 COOLING
  YESTERDAY        8                         0      8        0
  MONTH TO DATE    8                         0      8        5
  SINCE MAR 1      8                         0      8        5
  SINCE JAN 1      8                         0      8        5
..................................................................


WIND (MPH)
  HIGHEST WIND SPEED    30   HIGHEST WIND DIRECTION     S (200)
  HIGHEST GUST SPEED    37   HIGHEST GUST DIRECTION     S (200)
  AVERAGE WIND SPEED    15.0


SKY COVER
  POSSIBLE SUNSHINE  MM
  AVERAGE SKY COVER 0.0


WEATHER CONDITIONS
 THE FOLLOWING WEATHER WAS RECORDED YESTERDAY.
  NO SIGNIFICANT WEATHER WAS OBSERVED.


RELATIVE HUMIDITY (PERCENT)
 HIGHEST    73           800 AM
 LOWEST     27           500 PM
 AVERAGE    50

..........................................................


THE SALINA KS CLIMATE NORMALS FOR TODAY
                         NORMAL    RECORD    YEAR
 MAXIMUM TEMPERATURE (F)   59        86      1934
 MINIMUM TEMPERATURE (F)   35         6      1914


SUNRISE AND SUNSET
MARCH 20 2017.........SUNRISE   734 AM CDT   SUNSET   743 PM CDT
MARCH 21 2017.........SUNRISE   732 AM CDT   SUNSET   744 PM CDT


-  INDICATES NEGATIVE NUMBERS.
R  INDICATES RECORD WAS SET OR TIED.
MM INDICATES DATA IS MISSING.
T  INDICATES TRACE AMOUNT.




$$
