000
CDUS43 KICT 090724
CLISLN

CLIMATE REPORT
NATIONAL WEATHER SERVICE WICHITA KS
122 AM CST TUE FEB 9 2016

...................................

...THE SALINA KS CLIMATE SUMMARY FOR FEBRUARY 8 2016...

CLIMATE NORMAL PERIOD 1981 TO 2010
CLIMATE RECORD PERIOD 1894 TO 2016


WEATHER ITEM   OBSERVED TIME   RECORD YEAR NORMAL DEPARTURE LAST
                VALUE   (LST)  VALUE       VALUE  FROM      YEAR
                                                  NORMAL
..................................................................
TEMPERATURE (F)
 YESTERDAY
  MAXIMUM         44    404 PM  74    1938  44      0       73
  MINIMUM         30   1159 PM -18    1971  23      7       41
  AVERAGE         37                        34      3       57

PRECIPITATION (IN)
  YESTERDAY        0.00          0.58 1966   0.04  -0.04     0.00
  MONTH TO DATE    0.48                      0.28   0.20     0.09
  SINCE DEC 1      4.86                      1.85   3.01     3.19
  SINCE JAN 1      1.20                      0.91   0.29     1.29

DEGREE DAYS
 HEATING
  YESTERDAY       28                        31     -3        8
  MONTH TO DATE  219                       257    -38      226
  SINCE DEC 1   1926                      2321   -395     2121
  SINCE JUL 1   2558                      3273   -715     3118

 COOLING
  YESTERDAY        0                         0      0        0
  MONTH TO DATE    0                         0      0        0
  SINCE DEC 1      0                         0      0        0
  SINCE JAN 1      0                         0      0        0
..................................................................


WIND (MPH)
  HIGHEST WIND SPEED    43   HIGHEST WIND DIRECTION    NW (330)
  HIGHEST GUST SPEED    51   HIGHEST GUST DIRECTION     N (340)
  AVERAGE WIND SPEED    22.9


SKY COVER
  POSSIBLE SUNSHINE  MM
  AVERAGE SKY COVER 0.1


WEATHER CONDITIONS
 THE FOLLOWING WEATHER WAS RECORDED YESTERDAY.
  NO SIGNIFICANT WEATHER WAS OBSERVED.


RELATIVE HUMIDITY (PERCENT)
 HIGHEST    58           700 AM
 LOWEST     28           200 PM
 AVERAGE    43

..........................................................


THE SALINA KS CLIMATE NORMALS FOR TODAY
                         NORMAL    RECORD    YEAR
 MAXIMUM TEMPERATURE (F)   45        82      1976
 MINIMUM TEMPERATURE (F)   23       -13      2011


SUNRISE AND SUNSET
FEBRUARY  9 2016......SUNRISE   729 AM CST   SUNSET   601 PM CST
FEBRUARY 10 2016......SUNRISE   728 AM CST   SUNSET   602 PM CST


-  INDICATES NEGATIVE NUMBERS.
R  INDICATES RECORD WAS SET OR TIED.
MM INDICATES DATA IS MISSING.
T  INDICATES TRACE AMOUNT.

$$
