000
CDUS43 KICT 230719
CLISLN

CLIMATE REPORT
NATIONAL WEATHER SERVICE WICHITA KS
116 AM CST FRI JAN 23 2015

...................................

...THE SALINA KS CLIMATE SUMMARY FOR JANUARY 22 2015...

CLIMATE NORMAL PERIOD 1981 TO 2010
CLIMATE RECORD PERIOD 1894 TO 2015


WEATHER ITEM   OBSERVED TIME   RECORD YEAR NORMAL DEPARTURE LAST
                VALUE   (LST)  VALUE       VALUE  FROM      YEAR
                                                  NORMAL
..................................................................
TEMPERATURE (F)
 YESTERDAY
  MAXIMUM         43    424 PM  67    1938  42      1       45
  MINIMUM         22   1125 PM  -9    1929  20      2       11
  AVERAGE         33                        31      2       28

PRECIPITATION (IN)
  YESTERDAY        0.00          0.47 1965   0.02  -0.02     0.00
  MONTH TO DATE    0.02                      0.40  -0.38     0.49
  SINCE DEC 1      1.92                      1.34   0.58     1.71
  SINCE JAN 1      0.02                      0.40  -0.38     0.49

DEGREE DAYS
 HEATING
  YESTERDAY       32                        34     -2       37
  MONTH TO DATE  804                       748     56      768
  SINCE DEC 1   1697                      1760    -63     1920
  SINCE JUL 1   2694                      2712    -18     2908

 COOLING
  YESTERDAY        0                         0      0        0
  MONTH TO DATE    0                         0      0        0
  SINCE DEC 1      0                         0      0        0
  SINCE JAN 1      0                         0      0        0
..................................................................


WIND (MPH)
  HIGHEST WIND SPEED     9   HIGHEST WIND DIRECTION     S (190)
  HIGHEST GUST SPEED    12   HIGHEST GUST DIRECTION     N (350)
  AVERAGE WIND SPEED     4.8


SKY COVER
  POSSIBLE SUNSHINE  MM
  AVERAGE SKY COVER 0.2


WEATHER CONDITIONS
 THE FOLLOWING WEATHER WAS RECORDED YESTERDAY.
  NO SIGNIFICANT WEATHER WAS OBSERVED.


RELATIVE HUMIDITY (PERCENT)
 HIGHEST    81           300 AM
 LOWEST     41           500 PM
 AVERAGE    61

..........................................................


THE SALINA KS CLIMATE NORMALS FOR TODAY
                         NORMAL    RECORD    YEAR
 MAXIMUM TEMPERATURE (F)   42        71      1981
 MINIMUM TEMPERATURE (F)   21       -10      1915


SUNRISE AND SUNSET
JANUARY 23 2015.......SUNRISE   744 AM CST   SUNSET   542 PM CST
JANUARY 24 2015.......SUNRISE   743 AM CST   SUNSET   543 PM CST


-  INDICATES NEGATIVE NUMBERS.
R  INDICATES RECORD WAS SET OR TIED.
MM INDICATES DATA IS MISSING.
T  INDICATES TRACE AMOUNT.

$$
