000
CDUS43 KICT 170638
CLISLN


CLIMATE REPORT
NATIONAL WEATHER SERVICE WICHITA KS
138 AM CDT WED SEP 17 2014


...................................

...THE SALINA KS CLIMATE SUMMARY FOR SEPTEMBER 16 2014...

CLIMATE NORMAL PERIOD 1981 TO 2010
CLIMATE RECORD PERIOD 1894 TO 2014


WEATHER ITEM   OBSERVED TIME   RECORD YEAR NORMAL DEPARTURE LAST
                VALUE   (LST)  VALUE       VALUE  FROM      YEAR
                                                  NORMAL
..................................................................
TEMPERATURE (F)
 YESTERDAY
  MAXIMUM         78    431 PM 103    1931  82     -4       64
  MINIMUM         49    522 AM  36    1903  58     -9       60
  AVERAGE         64                        70     -6       62

PRECIPITATION (IN)
  YESTERDAY        0.00          0.80 2006   0.08  -0.08     0.06
  MONTH TO DATE    0.49                      1.47  -0.98     0.86
  SINCE SEP 1      0.49                      1.47  -0.98     0.86
  SINCE JAN 1     21.77                     25.81  -4.04    27.10

DEGREE DAYS
 HEATING
  YESTERDAY        1                         1      0        3
  MONTH TO DATE   38                         9     29        3
  SINCE SEP 1     38                         9     29        3
  SINCE JUL 1     38                        10     28        6

 COOLING
  YESTERDAY        0                         6     -6        0
  MONTH TO DATE   98                       142    -44      209
  SINCE SEP 1     98                       142    -44      209
  SINCE JAN 1   1656                      1549    107     1603
..................................................................


WIND (MPH)
  HIGHEST WIND SPEED    16   HIGHEST WIND DIRECTION    SE (150)
  HIGHEST GUST SPEED    21   HIGHEST GUST DIRECTION    SE (140)
  AVERAGE WIND SPEED     6.6


SKY COVER
  POSSIBLE SUNSHINE  MM
  AVERAGE SKY COVER 0.3


WEATHER CONDITIONS
 THE FOLLOWING WEATHER WAS RECORDED YESTERDAY.
  NO SIGNIFICANT WEATHER WAS OBSERVED.


RELATIVE HUMIDITY (PERCENT)
 HIGHEST    93           500 AM
 LOWEST     46           200 PM
 AVERAGE    70

..........................................................


THE SALINA KS CLIMATE NORMALS FOR TODAY
                         NORMAL    RECORD    YEAR
 MAXIMUM TEMPERATURE (F)   81       103      1953
 MINIMUM TEMPERATURE (F)   58        34      1903


SUNRISE AND SUNSET
SEPTEMBER 17 2014.....SUNRISE   714 AM CDT   SUNSET   736 PM CDT
SEPTEMBER 18 2014.....SUNRISE   715 AM CDT   SUNSET   734 PM CDT


-  INDICATES NEGATIVE NUMBERS.
R  INDICATES RECORD WAS SET OR TIED.
MM INDICATES DATA IS MISSING.
T  INDICATES TRACE AMOUNT.




$$
