178
CDUS43 KICT 110644
CLISLN

CLIMATE REPORT
NATIONAL WEATHER SERVICE WICHITA KS
1243 AM CST MON DEC 11 2017


...................................

...THE SALINA KS CLIMATE SUMMARY FOR DECEMBER 10 2017...

CLIMATE NORMAL PERIOD 1981 TO 2010
CLIMATE RECORD PERIOD 1894 TO 2017


WEATHER ITEM   OBSERVED TIME   RECORD YEAR NORMAL DEPARTURE LAST
                VALUE   (LST)  VALUE       VALUE  FROM      YEAR
                                                  NORMAL
..................................................................
TEMPERATURE (F)
 YESTERDAY
  MAXIMUM         68    313 PM  72    1939  43     25       43
  MINIMUM         31   1215 AM -12    1919  23      8       22
  AVERAGE         50                        33     17       33

PRECIPITATION (IN)
  YESTERDAY        0.00          1.46 1960   0.03  -0.03     0.00
  MONTH TO DATE    0.00                      0.36  -0.36     0.53
  SINCE DEC 1      0.00                      0.36  -0.36     0.53
  SINCE JAN 1     25.38                     30.92  -5.54    27.05

DEGREE DAYS
 HEATING
  YESTERDAY       15                        32    -17       32
  MONTH TO DATE  234                       305    -71      326
  SINCE DEC 1    234                       305    -71      326
  SINCE JUL 1    990                      1257   -267      869

 COOLING
  YESTERDAY        0                         0      0        0
  MONTH TO DATE    0                         0      0        0
  SINCE DEC 1      0                         0      0        0
  SINCE JAN 1   1965                      1647    318     2009
..................................................................


WIND (MPH)
  HIGHEST WIND SPEED    25   HIGHEST WIND DIRECTION    NW (330)
  HIGHEST GUST SPEED    29   HIGHEST GUST DIRECTION     N (340)
  AVERAGE WIND SPEED    12.5


SKY COVER
  POSSIBLE SUNSHINE  MM
  AVERAGE SKY COVER 0.0


WEATHER CONDITIONS
 THE FOLLOWING WEATHER WAS RECORDED YESTERDAY.
  NO SIGNIFICANT WEATHER WAS OBSERVED.


RELATIVE HUMIDITY (PERCENT)
 HIGHEST    69          1200 AM
 LOWEST     15           300 PM
 AVERAGE    42

..........................................................


THE SALINA KS CLIMATE NORMALS FOR TODAY
                         NORMAL    RECORD    YEAR
 MAXIMUM TEMPERATURE (F)   43        75      1939
 MINIMUM TEMPERATURE (F)   23         0      1963


SUNRISE AND SUNSET
DECEMBER 11 2017......SUNRISE   739 AM CST   SUNSET   509 PM CST
DECEMBER 12 2017......SUNRISE   740 AM CST   SUNSET   509 PM CST


-  INDICATES NEGATIVE NUMBERS.
R  INDICATES RECORD WAS SET OR TIED.
MM INDICATES DATA IS MISSING.
T  INDICATES TRACE AMOUNT.




$$
