000
CDUS43 KICT 170628
CLISLN


CLIMATE REPORT
NATIONAL WEATHER SERVICE WICHITA KS
127 AM CDT THU AUG 17 2017


...................................

...THE SALINA KS CLIMATE SUMMARY FOR AUGUST 16 2017...

CLIMATE NORMAL PERIOD 1981 TO 2010
CLIMATE RECORD PERIOD 1894 TO 2017


WEATHER ITEM   OBSERVED TIME   RECORD YEAR NORMAL DEPARTURE LAST
                VALUE   (LST)  VALUE       VALUE  FROM      YEAR
                                                  NORMAL
..................................................................
TEMPERATURE (F)
 YESTERDAY
  MAXIMUM         87    459 PM 111    1936  91     -4       98
  MINIMUM         66    621 AM  52    1919  69     -3       65
  AVERAGE         77                        80     -3       82

PRECIPITATION (IN)
  YESTERDAY        0.55          1.53 1927   0.13   0.42     0.00
  MONTH TO DATE    0.68                      2.12  -1.44     1.01
  SINCE JUN 1      4.06                     10.52  -6.46     3.79
  SINCE JAN 1     17.30                     22.51  -5.21    15.61

DEGREE DAYS
 HEATING
  YESTERDAY        0                         0      0        0
  MONTH TO DATE    0                         0      0        0
  SINCE JUN 1      0                         7     -7        0
  SINCE JUL 1      0                         0      0        0

 COOLING
  YESTERDAY       12                        15     -3       17
  MONTH TO DATE  171                       251    -80      278
  SINCE JUN 1   1226                      1077    149     1358
  SINCE JAN 1   1386                      1205    181     1483
..................................................................


WIND (MPH)
  HIGHEST WIND SPEED    36   HIGHEST WIND DIRECTION    NW (300)
  HIGHEST GUST SPEED    46   HIGHEST GUST DIRECTION    NW (300)
  AVERAGE WIND SPEED     9.1


SKY COVER
  POSSIBLE SUNSHINE  MM
  AVERAGE SKY COVER 0.3


WEATHER CONDITIONS
 THE FOLLOWING WEATHER WAS RECORDED YESTERDAY.
  THUNDERSTORM
  HEAVY RAIN
  RAIN
  LIGHT RAIN
  FOG


RELATIVE HUMIDITY (PERCENT)
 HIGHEST    87           200 AM
 LOWEST     45           500 PM
 AVERAGE    66

..........................................................


THE SALINA KS CLIMATE NORMALS FOR TODAY
                         NORMAL    RECORD    YEAR
 MAXIMUM TEMPERATURE (F)   91       109      1909
 MINIMUM TEMPERATURE (F)   68        54      2012


SUNRISE AND SUNSET
AUGUST 17 2017........SUNRISE   646 AM CDT   SUNSET   822 PM CDT
AUGUST 18 2017........SUNRISE   647 AM CDT   SUNSET   821 PM CDT


-  INDICATES NEGATIVE NUMBERS.
R  INDICATES RECORD WAS SET OR TIED.
MM INDICATES DATA IS MISSING.
T  INDICATES TRACE AMOUNT.




$$
