000
CDUS43 KICT 010638
CLISLN


CLIMATE REPORT
NATIONAL WEATHER SERVICE WICHITA KS
138 AM CDT TUE SEP 1 2015


...................................

...THE SALINA KS CLIMATE SUMMARY FOR AUGUST 31 2015...

CLIMATE NORMAL PERIOD 1981 TO 2010
CLIMATE RECORD PERIOD 1894 TO 2015


WEATHER ITEM   OBSERVED TIME   RECORD YEAR NORMAL DEPARTURE LAST
                VALUE   (LST)  VALUE       VALUE  FROM      YEAR
                                                  NORMAL
..................................................................
TEMPERATURE (F)
 YESTERDAY
  MAXIMUM         96    251 PM 108    1922  88      8      100
  MINIMUM         62    623 AM  43    1915  65     -3       65
  AVERAGE         79                        77      2       83

PRECIPITATION (IN)
  YESTERDAY        0.00          5.14 1977   0.12  -0.12     2.53
  MONTH TO DATE    3.89                      3.95  -0.06     4.97
  SINCE JUN 1     12.25                     12.35  -0.10    13.89
  SINCE JAN 1     23.85                     24.34  -0.49    21.28

DEGREE DAYS
 HEATING
  YESTERDAY        0                         0      0        0
  MONTH TO DATE    0                         0      0        0
  SINCE JUN 1      0                         8     -8        1
  SINCE JUL 1      0                         1     -1        0

 COOLING
  YESTERDAY       14                        12      2       18
  MONTH TO DATE  374                       453    -79      526
  SINCE JUN 1   1364                      1279     85     1326
  SINCE JAN 1   1454                      1407     47     1558
..................................................................


WIND (MPH)
  HIGHEST WIND SPEED    21   HIGHEST WIND DIRECTION     S (160)
  HIGHEST GUST SPEED    26   HIGHEST GUST DIRECTION     S (190)
  AVERAGE WIND SPEED    10.5


SKY COVER
  POSSIBLE SUNSHINE  MM
  AVERAGE SKY COVER 0.1


WEATHER CONDITIONS
 THE FOLLOWING WEATHER WAS RECORDED YESTERDAY.
  FOG
  FOG W/VISIBILITY <= 1/4 MILE
  HAZE


RELATIVE HUMIDITY (PERCENT)
 HIGHEST    93           100 AM
 LOWEST     30           400 PM
 AVERAGE    62

..........................................................


THE SALINA KS CLIMATE NORMALS FOR TODAY
                         NORMAL    RECORD    YEAR
 MAXIMUM TEMPERATURE (F)   88       109      1922
 MINIMUM TEMPERATURE (F)   65        44      1949


SUNRISE AND SUNSET
SEPTEMBER  1 2015.....SUNRISE   659 AM CDT   SUNSET   801 PM CDT
SEPTEMBER  2 2015.....SUNRISE   700 AM CDT   SUNSET   800 PM CDT


-  INDICATES NEGATIVE NUMBERS.
R  INDICATES RECORD WAS SET OR TIED.
MM INDICATES DATA IS MISSING.
T  INDICATES TRACE AMOUNT.




$$
