000
CDUS43 KICT 290635
CLISLN


CLIMATE REPORT
NATIONAL WEATHER SERVICE WICHITA KS
135 AM CDT SAT APR 29 2017


...................................

...THE SALINA KS CLIMATE SUMMARY FOR APRIL 28 2017...

CLIMATE NORMAL PERIOD 1981 TO 2010
CLIMATE RECORD PERIOD 1894 TO 2017


WEATHER ITEM   OBSERVED TIME   RECORD YEAR NORMAL DEPARTURE LAST
                VALUE   (LST)  VALUE       VALUE  FROM      YEAR
                                                  NORMAL
..................................................................
TEMPERATURE (F)
 YESTERDAY
  MAXIMUM         72    202 PM  95    1909  71      1       63
  MINIMUM         44   1150 PM  28    1965  48     -4       42
  AVERAGE         58                        59     -1       53

PRECIPITATION (IN)
  YESTERDAY        0.02          1.69 1960   0.11  -0.09     0.00
  MONTH TO DATE    2.49                      2.81  -0.32     2.73
  SINCE MAR 1      6.11                      5.20   0.91     3.43
  SINCE JAN 1      8.21                      7.00   1.21     4.67

DEGREE DAYS
 HEATING
  YESTERDAY        7                         7      0       12
  MONTH TO DATE  209                       305    -96      188
  SINCE MAR 1    669                       914   -245      606
  SINCE JUL 1   3337                      4755  -1418     3592

 COOLING
  YESTERDAY        0                         1     -1        0
  MONTH TO DATE   40                        20     20       28
  SINCE MAR 1     51                        22     29       34
  SINCE JAN 1     51                        22     29       34
..................................................................


WIND (MPH)
  HIGHEST WIND SPEED    23   HIGHEST WIND DIRECTION     N (360)
  HIGHEST GUST SPEED    28   HIGHEST GUST DIRECTION     N (360)
  AVERAGE WIND SPEED    11.1


SKY COVER
  POSSIBLE SUNSHINE  MM
  AVERAGE SKY COVER 0.7


WEATHER CONDITIONS
 THE FOLLOWING WEATHER WAS RECORDED YESTERDAY.
  THUNDERSTORM
  LIGHT RAIN


RELATIVE HUMIDITY (PERCENT)
 HIGHEST    89           500 AM
 LOWEST     44           300 PM
 AVERAGE    67

..........................................................


THE SALINA KS CLIMATE NORMALS FOR TODAY
                         NORMAL    RECORD    YEAR
 MAXIMUM TEMPERATURE (F)   71        93      1910
 MINIMUM TEMPERATURE (F)   48        30      1994


SUNRISE AND SUNSET
APRIL 29 2017.........SUNRISE   635 AM CDT   SUNSET   821 PM CDT
APRIL 30 2017.........SUNRISE   634 AM CDT   SUNSET   822 PM CDT


-  INDICATES NEGATIVE NUMBERS.
R  INDICATES RECORD WAS SET OR TIED.
MM INDICATES DATA IS MISSING.
T  INDICATES TRACE AMOUNT.




$$
