000
CDUS43 KICT 030638
CLISLN

CLIMATE REPORT
NATIONAL WEATHER SERVICE WICHITA KS
137 AM CDT MON AUG 3 2015


...................................

...THE SALINA KS CLIMATE SUMMARY FOR AUGUST 2 2015...

CLIMATE NORMAL PERIOD 1981 TO 2010
CLIMATE RECORD PERIOD 1894 TO 2015


WEATHER ITEM   OBSERVED TIME   RECORD YEAR NORMAL DEPARTURE LAST
                VALUE   (LST)  VALUE       VALUE  FROM      YEAR
                                                  NORMAL
..................................................................
TEMPERATURE (F)
 YESTERDAY
  MAXIMUM         97    151 PM 109    2011  93      4       94
                                      1918
  MINIMUM         72    547 AM  53    1925  70      2       60
  AVERAGE         85                        81      4       77

PRECIPITATION (IN)
  YESTERDAY        0.00          1.69 1968   0.14  -0.14     0.00
  MONTH TO DATE    0.00                      0.29  -0.29     0.00
  SINCE JUN 1      8.36                      8.69  -0.33     8.92
  SINCE JAN 1     19.96                     20.68  -0.72    16.31

DEGREE DAYS
 HEATING
  YESTERDAY        0                         0      0        0
  MONTH TO DATE    0                         0      0        0
  SINCE JUN 1      0                         7     -7        1
  SINCE JUL 1      0                         0      0        0

 COOLING
  YESTERDAY       20                        16      4       12
  MONTH TO DATE   37                        32      5       25
  SINCE JUN 1   1027                       858    169      825
  SINCE JAN 1   1117                       986    131     1057
..................................................................


WIND (MPH)
  HIGHEST WIND SPEED    17   HIGHEST WIND DIRECTION     S (190)
  HIGHEST GUST SPEED    24   HIGHEST GUST DIRECTION     S (190)
  AVERAGE WIND SPEED     9.0


SKY COVER
  POSSIBLE SUNSHINE  MM
  AVERAGE SKY COVER 0.0


WEATHER CONDITIONS
 THE FOLLOWING WEATHER WAS RECORDED YESTERDAY.
  NO SIGNIFICANT WEATHER WAS OBSERVED.


RELATIVE HUMIDITY (PERCENT)
 HIGHEST    87           400 AM
 LOWEST     38           200 PM
 AVERAGE    63

..........................................................


THE SALINA KS CLIMATE NORMALS FOR TODAY
                         NORMAL    RECORD    YEAR
 MAXIMUM TEMPERATURE (F)   93       112      1918
 MINIMUM TEMPERATURE (F)   70        50      1898


SUNRISE AND SUNSET
AUGUST  3 2015........SUNRISE   633 AM CDT   SUNSET   840 PM CDT
AUGUST  4 2015........SUNRISE   634 AM CDT   SUNSET   839 PM CDT


-  INDICATES NEGATIVE NUMBERS.
R  INDICATES RECORD WAS SET OR TIED.
MM INDICATES DATA IS MISSING.
T  INDICATES TRACE AMOUNT.




$$
