000
CDUS43 KICT 040636
CLISLN


CLIMATE REPORT
NATIONAL WEATHER SERVICE WICHITA KS
1235 AM CST WED MAR 4 2015


...................................

...THE SALINA KS CLIMATE SUMMARY FOR MARCH 3 2015...

CLIMATE NORMAL PERIOD 1981 TO 2010
CLIMATE RECORD PERIOD 1894 TO 2015


WEATHER ITEM   OBSERVED TIME   RECORD YEAR NORMAL DEPARTURE LAST
                VALUE   (LST)  VALUE       VALUE  FROM      YEAR
                                                  NORMAL
..................................................................
TEMPERATURE (F)
 YESTERDAY
  MAXIMUM         49    100 PM  81    1986  52     -3       20
  MINIMUM         27   1130 PM  -9    1916  30     -3        0
  AVERAGE         38                        41     -3       10

PRECIPITATION (IN)
  YESTERDAY        0.00          0.84 1973   0.06  -0.06     0.00
  MONTH TO DATE    0.00                      0.17  -0.17     0.13
  SINCE MAR 1      0.00                      0.17  -0.17     0.13
  SINCE JAN 1      1.32                      1.97  -0.65     1.94

DEGREE DAYS
 HEATING
  YESTERDAY       27                        24      3       55
  MONTH TO DATE  100                        73     27      162
  SINCE MAR 1    100                        73     27      162
  SINCE JUL 1   3929                      3914     15     4412

 COOLING
  YESTERDAY        0                         0      0        0
  MONTH TO DATE    0                         0      0        0
  SINCE MAR 1      0                         0      0        0
  SINCE JAN 1      0                         0      0        0
..................................................................


WIND (MPH)
  HIGHEST WIND SPEED    35   HIGHEST WIND DIRECTION     S (200)
  HIGHEST GUST SPEED    41   HIGHEST GUST DIRECTION     S (200)
  AVERAGE WIND SPEED    18.9


SKY COVER
  POSSIBLE SUNSHINE  MM
  AVERAGE SKY COVER 0.2


WEATHER CONDITIONS
 THE FOLLOWING WEATHER WAS RECORDED YESTERDAY.
  FOG
  HAZE


RELATIVE HUMIDITY (PERCENT)
 HIGHEST    89           100 AM
 LOWEST     42          1200 PM
 AVERAGE    66

..........................................................


THE SALINA KS CLIMATE NORMALS FOR TODAY
                         NORMAL    RECORD    YEAR
 MAXIMUM TEMPERATURE (F)   53        81      1921
 MINIMUM TEMPERATURE (F)   30        -3      1978


SUNRISE AND SUNSET
MARCH  4 2015.........SUNRISE   659 AM CST   SUNSET   626 PM CST
MARCH  5 2015.........SUNRISE   657 AM CST   SUNSET   627 PM CST


-  INDICATES NEGATIVE NUMBERS.
R  INDICATES RECORD WAS SET OR TIED.
MM INDICATES DATA IS MISSING.
T  INDICATES TRACE AMOUNT.




$$
