000
CDUS43 KICT 210628
CLISLN


CLIMATE REPORT
NATIONAL WEATHER SERVICE WICHITA KS
127 AM CDT SUN AUG 21 2016


...................................

...THE SALINA KS CLIMATE SUMMARY FOR AUGUST 20 2016...

CLIMATE NORMAL PERIOD 1981 TO 2010
CLIMATE RECORD PERIOD 1894 TO 2016


WEATHER ITEM   OBSERVED TIME   RECORD YEAR NORMAL DEPARTURE LAST
                VALUE   (LST)  VALUE       VALUE  FROM      YEAR
                                                  NORMAL
..................................................................
TEMPERATURE (F)
 YESTERDAY
  MAXIMUM         79    411 PM 106    2003  91    -12       85
  MINIMUM         58   1111 PM  46    1950  68    -10       52
  AVERAGE         69                        79    -10       69

PRECIPITATION (IN)
  YESTERDAY        0.00          1.41 1964   0.12  -0.12     0.00
  MONTH TO DATE    1.63                      2.62  -0.99     2.45
  SINCE JUN 1      4.41                     11.02  -6.61    10.81
  SINCE JAN 1     16.23                     23.01  -6.78    22.41

DEGREE DAYS
 HEATING
  YESTERDAY        0                         0      0        0
  MONTH TO DATE    0                         0      0        0
  SINCE JUN 1      0                         7     -7        0
  SINCE JUL 1      0                         0      0        0

 COOLING
  YESTERDAY        4                        14    -10        4
  MONTH TO DATE  335                       310     25      277
  SINCE JUN 1   1415                      1136    279     1267
  SINCE JAN 1   1540                      1264    276     1357
..................................................................


WIND (MPH)
  HIGHEST WIND SPEED    23   HIGHEST WIND DIRECTION     N (350)
  HIGHEST GUST SPEED    29   HIGHEST GUST DIRECTION     N (340)
  AVERAGE WIND SPEED    11.5


SKY COVER
  POSSIBLE SUNSHINE  MM
  AVERAGE SKY COVER 0.3


WEATHER CONDITIONS
 THE FOLLOWING WEATHER WAS RECORDED YESTERDAY.
  NO SIGNIFICANT WEATHER WAS OBSERVED.


RELATIVE HUMIDITY (PERCENT)
 HIGHEST    90          1200 AM
 LOWEST     39           400 PM
 AVERAGE    65

..........................................................


THE SALINA KS CLIMATE NORMALS FOR TODAY
                         NORMAL    RECORD    YEAR
 MAXIMUM TEMPERATURE (F)   91       108      1922
 MINIMUM TEMPERATURE (F)   68        46      1956


SUNRISE AND SUNSET
AUGUST 21 2016........SUNRISE   650 AM CDT   SUNSET   816 PM CDT
AUGUST 22 2016........SUNRISE   651 AM CDT   SUNSET   815 PM CDT


-  INDICATES NEGATIVE NUMBERS.
R  INDICATES RECORD WAS SET OR TIED.
MM INDICATES DATA IS MISSING.
T  INDICATES TRACE AMOUNT.




$$
