000
CDUS43 KICT 191201
CLISLN


CLIMATE REPORT
NATIONAL WEATHER SERVICE WICHITA KS
700 AM CDT WED APR 19 2017


...................................

...THE SALINA KS CLIMATE SUMMARY FOR APRIL 18 2017...

CLIMATE NORMAL PERIOD 1981 TO 2010
CLIMATE RECORD PERIOD 1894 TO 2017


WEATHER ITEM   OBSERVED TIME   RECORD YEAR NORMAL DEPARTURE LAST
                VALUE   (LST)  VALUE       VALUE  FROM      YEAR
                                                  NORMAL
..................................................................
TEMPERATURE (F)
 YESTERDAY
  MAXIMUM         83    348 PM  94    1994  68     15       59
  MINIMUM         58   1245 AM  27    1953  44     14       45
  AVERAGE         71                        56     15       52

PRECIPITATION (IN)
  YESTERDAY        0.00          1.15 1970   0.10  -0.10     0.50
  MONTH TO DATE    1.81                      1.72   0.09     1.32
  SINCE MAR 1      5.43                      4.11   1.32     2.02
  SINCE JAN 1      7.53                      5.91   1.62     3.26

DEGREE DAYS
 HEATING
  YESTERDAY        0                        10    -10       13
  MONTH TO DATE  123                       222    -99      143
  SINCE MAR 1    583                       831   -248      561
  SINCE JUL 1   3251                      4672  -1421     3547

 COOLING
  YESTERDAY        6                         1      5        0
  MONTH TO DATE   32                        10     22       11
  SINCE MAR 1     43                        12     31       17
  SINCE JAN 1     43                        12     31       17
..................................................................


WIND (MPH)
  HIGHEST WIND SPEED    21   HIGHEST WIND DIRECTION     S (190)
  HIGHEST GUST SPEED    28   HIGHEST GUST DIRECTION     S (170)
  AVERAGE WIND SPEED    13.4


SKY COVER
  POSSIBLE SUNSHINE  MM
  AVERAGE SKY COVER 0.2


WEATHER CONDITIONS
 THE FOLLOWING WEATHER WAS RECORDED YESTERDAY.
  NO SIGNIFICANT WEATHER WAS OBSERVED.


RELATIVE HUMIDITY (PERCENT)
 HIGHEST    93           400 AM
 LOWEST     51           100 PM
 AVERAGE    72

..........................................................


THE SALINA KS CLIMATE NORMALS FOR TODAY
                         NORMAL    RECORD    YEAR
 MAXIMUM TEMPERATURE (F)   68        91      1961
 MINIMUM TEMPERATURE (F)   44        21      1907


SUNRISE AND SUNSET
APRIL 19 2017.........SUNRISE   648 AM CDT   SUNSET   812 PM CDT
APRIL 20 2017.........SUNRISE   647 AM CDT   SUNSET   813 PM CDT


-  INDICATES NEGATIVE NUMBERS.
R  INDICATES RECORD WAS SET OR TIED.
MM INDICATES DATA IS MISSING.
T  INDICATES TRACE AMOUNT.




$$
