000
CDUS43 KICT 160625
CLISLN


CLIMATE REPORT
NATIONAL WEATHER SERVICE WICHITA KS
124 AM CDT SAT JUL 16 2016


...................................

...THE SALINA KS CLIMATE SUMMARY FOR JULY 15 2016...

CLIMATE NORMAL PERIOD 1981 TO 2010
CLIMATE RECORD PERIOD 1894 TO 2016


WEATHER ITEM   OBSERVED TIME   RECORD YEAR NORMAL DEPARTURE LAST
                VALUE   (LST)  VALUE       VALUE  FROM      YEAR
                                                  NORMAL
..................................................................
TEMPERATURE (F)
 YESTERDAY
  MAXIMUM         90    155 PM 112    1934  93     -3       96
  MINIMUM         66    542 AM  53    1967  70     -4       72
  AVERAGE         78                        81     -3       84

PRECIPITATION (IN)
  YESTERDAY        0.00          1.56 1972   0.15  -0.15     0.04
  MONTH TO DATE    1.64                      2.24  -0.60     2.12
  SINCE JUN 1      2.09                      6.35  -4.26     6.62
  SINCE JAN 1     13.91                     18.34  -4.43    18.22

DEGREE DAYS
 HEATING
  YESTERDAY        0                         0      0        0
  MONTH TO DATE    0                         0      0        0
  SINCE JUN 1      0                         7     -7        0
  SINCE JUL 1      0                         0      0        0

 COOLING
  YESTERDAY       13                        16     -3       19
  MONTH TO DATE  254                       236     18      237
  SINCE JUN 1    746                       561    185      677
  SINCE JAN 1    871                       689    182      767
..................................................................


WIND (MPH)
  HIGHEST WIND SPEED    28   HIGHEST WIND DIRECTION     N (10)
  HIGHEST GUST SPEED    33   HIGHEST GUST DIRECTION    NE (30)
  AVERAGE WIND SPEED     8.7


SKY COVER
  POSSIBLE SUNSHINE  MM
  AVERAGE SKY COVER 0.2


WEATHER CONDITIONS
 THE FOLLOWING WEATHER WAS RECORDED YESTERDAY.
  NO SIGNIFICANT WEATHER WAS OBSERVED.


RELATIVE HUMIDITY (PERCENT)
 HIGHEST   100           600 AM
 LOWEST     41           200 PM
 AVERAGE    71

..........................................................


THE SALINA KS CLIMATE NORMALS FOR TODAY
                         NORMAL    RECORD    YEAR
 MAXIMUM TEMPERATURE (F)   93       112      1936
 MINIMUM TEMPERATURE (F)   70        54      1917


SUNRISE AND SUNSET
JULY 16 2016..........SUNRISE   619 AM CDT   SUNSET   854 PM CDT
JULY 17 2016..........SUNRISE   620 AM CDT   SUNSET   853 PM CDT


-  INDICATES NEGATIVE NUMBERS.
R  INDICATES RECORD WAS SET OR TIED.
MM INDICATES DATA IS MISSING.
T  INDICATES TRACE AMOUNT.




$$
