147
CDUS43 KICT 180655
CLISLN

CLIMATE REPORT
NATIONAL WEATHER SERVICE WICHITA KS
151 AM CDT SUN JUN 18 2017

...................................

...THE SALINA KS CLIMATE SUMMARY FOR JUNE 17 2017...

CLIMATE NORMAL PERIOD 1981 TO 2010
CLIMATE RECORD PERIOD 1894 TO 2017


WEATHER ITEM   OBSERVED TIME   RECORD YEAR NORMAL DEPARTURE LAST
                VALUE   (LST)  VALUE       VALUE  FROM      YEAR
                                                  NORMAL
..................................................................
TEMPERATURE (F)
 YESTERDAY
  MAXIMUM        103    333 PM 104    1946  88     15      103
  MINIMUM         71   1159 PM  49    1999  65      6       75
  AVERAGE         87                        76     11       89

PRECIPITATION (IN)
  YESTERDAY        T             2.04 1957   0.14  -0.14     0.00
  MONTH TO DATE    0.81                      2.40  -1.59     0.09
  SINCE JUN 1      0.81                      2.40  -1.59     0.09
  SINCE JAN 1     14.05                     14.39  -0.34    11.91

DEGREE DAYS
 HEATING
  YESTERDAY        0                         0      0        0
  MONTH TO DATE    0                         5     -5        0
  SINCE JUN 1      0                         5     -5        0
  SINCE JUL 1   3453                      4869  -1416     3718

 COOLING
  YESTERDAY       22                        11     11       24
  MONTH TO DATE  263                       152    111      246
  SINCE JUN 1    263                       152    111      246
  SINCE JAN 1    423                       280    143      371
..................................................................


WIND (MPH)
  HIGHEST WIND SPEED    28   HIGHEST WIND DIRECTION     N (360)
  HIGHEST GUST SPEED    35   HIGHEST GUST DIRECTION     N (20)
  AVERAGE WIND SPEED    13.8


SKY COVER
  AVERAGE SKY COVER 0.2


WEATHER CONDITIONS
 THE FOLLOWING WEATHER WAS RECORDED YESTERDAY.
  THUNDERSTORM


RELATIVE HUMIDITY (PERCENT)
 HIGHEST    82           600 AM
 LOWEST     31           300 PM
 AVERAGE    57

..........................................................


THE SALINA KS CLIMATE NORMALS FOR TODAY
                         NORMAL    RECORD    YEAR
 MAXIMUM TEMPERATURE (F)   88       104      1953
 MINIMUM TEMPERATURE (F)   65        51      2000


SUNRISE AND SUNSET
JUNE 18 2017..........SUNRISE   605 AM CDT   SUNSET   858 PM CDT
JUNE 19 2017..........SUNRISE   605 AM CDT   SUNSET   859 PM CDT


-  INDICATES NEGATIVE NUMBERS.
R  INDICATES RECORD WAS SET OR TIED.
MM INDICATES DATA IS MISSING.
T  INDICATES TRACE AMOUNT.

$$
