000
CDUS43 KICT 140629
CLISLN


CLIMATE REPORT
NATIONAL WEATHER SERVICE WICHITA KS
127 AM CDT SUN MAY 14 2017


...................................

...THE SALINA KS CLIMATE SUMMARY FOR MAY 13 2017...

CLIMATE NORMAL PERIOD 1981 TO 2010
CLIMATE RECORD PERIOD 1894 TO 2017


WEATHER ITEM   OBSERVED TIME   RECORD YEAR NORMAL DEPARTURE LAST
                VALUE   (LST)  VALUE       VALUE  FROM      YEAR
                                                  NORMAL
..................................................................
TEMPERATURE (F)
 YESTERDAY
  MAXIMUM         79    413 PM  90    2001  76      3       87
                                      1988
  MINIMUM         43    359 AM  32    1966  53    -10       49
  AVERAGE         61                        64     -3       68

PRECIPITATION (IN)
  YESTERDAY        0.00          2.90 1983   0.15  -0.15      T
  MONTH TO DATE    0.86                      1.75  -0.89     0.38
  SINCE MAR 1      8.13                      7.19   0.94     5.45
  SINCE JAN 1     10.23                      8.99   1.24     6.69

DEGREE DAYS
 HEATING
  YESTERDAY        4                         3      1        0
  MONTH TO DATE   39                        61    -22       39
  SINCE MAR 1    748                       988   -240      671
  SINCE JUL 1   3416                      4829  -1413     3657

 COOLING
  YESTERDAY        0                         3     -3        3
  MONTH TO DATE   30                        25      5       17
  SINCE MAR 1     81                        50     31       51
  SINCE JAN 1     81                        50     31       51
..................................................................


WIND (MPH)
  HIGHEST WIND SPEED    26   HIGHEST WIND DIRECTION     S (170)
  HIGHEST GUST SPEED    32   HIGHEST GUST DIRECTION     S (170)
  AVERAGE WIND SPEED    10.0


SKY COVER
  POSSIBLE SUNSHINE  MM
  AVERAGE SKY COVER 0.0


WEATHER CONDITIONS
 THE FOLLOWING WEATHER WAS RECORDED YESTERDAY.
  NO SIGNIFICANT WEATHER WAS OBSERVED.


RELATIVE HUMIDITY (PERCENT)
 HIGHEST    93           400 AM
 LOWEST     32           100 PM
 AVERAGE    63

..........................................................


THE SALINA KS CLIMATE NORMALS FOR TODAY
                         NORMAL    RECORD    YEAR
 MAXIMUM TEMPERATURE (F)   76        94      2013
 MINIMUM TEMPERATURE (F)   53        27      1953


SUNRISE AND SUNSET
MAY 14 2017...........SUNRISE   619 AM CDT   SUNSET   835 PM CDT
MAY 15 2017...........SUNRISE   618 AM CDT   SUNSET   836 PM CDT


-  INDICATES NEGATIVE NUMBERS.
R  INDICATES RECORD WAS SET OR TIED.
MM INDICATES DATA IS MISSING.
T  INDICATES TRACE AMOUNT.




$$
