764
CDUS43 KICT 210659
CLISLN

CLIMATE REPORT
NATIONAL WEATHER SERVICE WICHITA KS
1256 AM CST TUE FEB 21 2017

...................................

...THE SALINA KS CLIMATE SUMMARY FOR FEBRUARY 20 2017...

CLIMATE NORMAL PERIOD 1981 TO 2010
CLIMATE RECORD PERIOD 1894 TO 2017


WEATHER ITEM   OBSERVED TIME   RECORD YEAR NORMAL DEPARTURE LAST
                VALUE   (LST)  VALUE       VALUE  FROM      YEAR
                                                  NORMAL
..................................................................
TEMPERATURE (F)
 YESTERDAY
  MAXIMUM         72    439 PM  80    1981  48     24       76
  MINIMUM         44   1158 PM   0    1918  26     18       36
  AVERAGE         58                        37     21       56

PRECIPITATION (IN)
  YESTERDAY        0.01          0.79 1937   0.05  -0.04     0.00
  MONTH TO DATE    0.04                      0.79  -0.75     0.52
  SINCE DEC 1      2.91                      2.36   0.55     4.90
  SINCE JAN 1      2.06                      1.42   0.64     1.24

DEGREE DAYS
 HEATING
  YESTERDAY        7                        28    -21        9
  MONTH TO DATE  422                       613   -191      464
  SINCE DEC 1   1985                      2677   -692     2171
  SINCE JUL 1   2528                      3629  -1101     2803

 COOLING
  YESTERDAY        0                         0      0        0
  MONTH TO DATE    0                         0      0        0
  SINCE DEC 1      0                         0      0        0
  SINCE JAN 1      0                         0      0        0
..................................................................


WIND (MPH)
  HIGHEST WIND SPEED    21   HIGHEST WIND DIRECTION    NW (330)
  HIGHEST GUST SPEED    25   HIGHEST GUST DIRECTION     S (170)
  AVERAGE WIND SPEED    11.7


SKY COVER
  POSSIBLE SUNSHINE  MM
  AVERAGE SKY COVER 0.3


WEATHER CONDITIONS
 THE FOLLOWING WEATHER WAS RECORDED YESTERDAY.
  LIGHT RAIN
  FOG


RELATIVE HUMIDITY (PERCENT)
 HIGHEST    93           700 AM
 LOWEST     27           400 PM
 AVERAGE    60

..........................................................


THE SALINA KS CLIMATE NORMALS FOR TODAY
                         NORMAL    RECORD    YEAR
 MAXIMUM TEMPERATURE (F)   48        80      1977
 MINIMUM TEMPERATURE (F)   26        -3      1939


SUNRISE AND SUNSET
FEBRUARY 21 2017......SUNRISE   714 AM CST   SUNSET   615 PM CST
FEBRUARY 22 2017......SUNRISE   712 AM CST   SUNSET   616 PM CST


-  INDICATES NEGATIVE NUMBERS.
R  INDICATES RECORD WAS SET OR TIED.
MM INDICATES DATA IS MISSING.
T  INDICATES TRACE AMOUNT.

$$
