000
CDUS43 KICT 140619
CLISLN

CLIMATE REPORT
NATIONAL WEATHER SERVICE WICHITA KS
1218 AM CST WED FEB 14 2018


...................................

...THE SALINA KS CLIMATE SUMMARY FOR FEBRUARY 13 2018...

CLIMATE NORMAL PERIOD 1981 TO 2010
CLIMATE RECORD PERIOD 1894 TO 2018


WEATHER ITEM   OBSERVED TIME   RECORD YEAR NORMAL DEPARTURE LAST
                VALUE   (LST)  VALUE       VALUE  FROM      YEAR
                                                  NORMAL
..................................................................
TEMPERATURE (F)
 YESTERDAY
  MAXIMUM         59    404 PM  78    1921  46     13       54
  MINIMUM         26    736 AM -31    1905  24      2       27
  AVERAGE         43                        35      8       41

PRECIPITATION (IN)
  YESTERDAY        0.00          0.64 2003   0.04  -0.04     0.02
  MONTH TO DATE    T                         0.49  -0.49     0.02
  SINCE DEC 1      0.39                      2.06  -1.67     2.89
  SINCE JAN 1      0.34                      1.12  -0.78     2.04

DEGREE DAYS
 HEATING
  YESTERDAY       22                        30     -8       24
  MONTH TO DATE  468                       410     58      337
  SINCE DEC 1   2429                      2474    -45     1900
  SINCE JUL 1   3185                      3426   -241     2443

 COOLING
  YESTERDAY        0                         0      0        0
  MONTH TO DATE    0                         0      0        0
  SINCE DEC 1      0                         0      0        0
  SINCE JAN 1      0                         0      0        0
..................................................................


WIND (MPH)
  HIGHEST WIND SPEED    26   HIGHEST WIND DIRECTION     S (200)
  HIGHEST GUST SPEED    32   HIGHEST GUST DIRECTION     S (190)
  AVERAGE WIND SPEED    13.1


SKY COVER
  POSSIBLE SUNSHINE  MM
  AVERAGE SKY COVER 0.2


WEATHER CONDITIONS
 THE FOLLOWING WEATHER WAS RECORDED YESTERDAY.
  NO SIGNIFICANT WEATHER WAS OBSERVED.


RELATIVE HUMIDITY (PERCENT)
 HIGHEST    81           500 AM
 LOWEST     35           200 PM
 AVERAGE    58

..........................................................


THE SALINA KS CLIMATE NORMALS FOR TODAY
                         NORMAL    RECORD    YEAR
 MAXIMUM TEMPERATURE (F)   46        84      1954
 MINIMUM TEMPERATURE (F)   24        -9      1936


SUNRISE AND SUNSET
FEBRUARY 14 2018......SUNRISE   723 AM CST   SUNSET   607 PM CST
FEBRUARY 15 2018......SUNRISE   722 AM CST   SUNSET   608 PM CST


-  INDICATES NEGATIVE NUMBERS.
R  INDICATES RECORD WAS SET OR TIED.
MM INDICATES DATA IS MISSING.
T  INDICATES TRACE AMOUNT.




$$
