000
CDUS43 KICT 160630
CLISLN


CLIMATE REPORT
NATIONAL WEATHER SERVICE WICHITA KS
127 AM CDT TUE MAY 16 2017


...................................

...THE SALINA KS CLIMATE SUMMARY FOR MAY 15 2017...

CLIMATE NORMAL PERIOD 1981 TO 2010
CLIMATE RECORD PERIOD 1894 TO 2017


WEATHER ITEM   OBSERVED TIME   RECORD YEAR NORMAL DEPARTURE LAST
                VALUE   (LST)  VALUE       VALUE  FROM      YEAR
                                                  NORMAL
..................................................................
TEMPERATURE (F)
 YESTERDAY
  MAXIMUM         90        MM  93    2001  76     14       64
  MINIMUM         65        MM  36    1983  54     11       41
                                      1973
                                      1959
  AVERAGE         78                        65     13       53

PRECIPITATION (IN)
  YESTERDAY        0.00          1.55 1957   0.15  -0.15      T
  MONTH TO DATE    0.86                      2.05  -1.19     0.38
  SINCE MAR 1      8.13                      7.49   0.64     5.45
  SINCE JAN 1     10.23                      9.29   0.94     6.69

DEGREE DAYS
 HEATING
  YESTERDAY        0                         3     -3       12
  MONTH TO DATE   39                        67    -28       63
  SINCE MAR 1    748                       994   -246      695
  SINCE JUL 1   3416                      4835  -1419     3681

 COOLING
  YESTERDAY       13                         3     10        0
  MONTH TO DATE   55                        31     24       17
  SINCE MAR 1    106                        56     50       51
  SINCE JAN 1    106                        56     50       51
..................................................................


WIND (MPH)
  HIGHEST WIND SPEED    20   HIGHEST WIND DIRECTION    SE (150)
  HIGHEST GUST SPEED    33   HIGHEST GUST DIRECTION     S (190)
  AVERAGE WIND SPEED    13.6


SKY COVER
  POSSIBLE SUNSHINE   0 PERCENT
  AVERAGE SKY COVER 0.0


WEATHER CONDITIONS
 THE FOLLOWING WEATHER WAS RECORDED YESTERDAY.
  NO SIGNIFICANT WEATHER WAS OBSERVED.


RELATIVE HUMIDITY (PERCENT)
 HIGHEST     0          1200 AM
 LOWEST      0          1200 AM
 AVERAGE     0

..........................................................


THE SALINA KS CLIMATE NORMALS FOR TODAY
                         NORMAL    RECORD    YEAR
 MAXIMUM TEMPERATURE (F)   76        96      2001
 MINIMUM TEMPERATURE (F)   54        37      2011


SUNRISE AND SUNSET
MAY 16 2017...........SUNRISE   617 AM CDT   SUNSET   837 PM CDT
MAY 17 2017...........SUNRISE   616 AM CDT   SUNSET   838 PM CDT


-  INDICATES NEGATIVE NUMBERS.
R  INDICATES RECORD WAS SET OR TIED.
MM INDICATES DATA IS MISSING.
T  INDICATES TRACE AMOUNT.




$$
