000
CDUS43 KICT 100631
CLISLN


CLIMATE REPORT
NATIONAL WEATHER SERVICE WICHITA KS
1231 AM CST TUE JAN 10 2017


...................................

...THE SALINA KS CLIMATE SUMMARY FOR JANUARY 9 2017...

CLIMATE NORMAL PERIOD 1981 TO 2010
CLIMATE RECORD PERIOD 1894 TO 2017


WEATHER ITEM   OBSERVED TIME   RECORD YEAR NORMAL DEPARTURE LAST
                VALUE   (LST)  VALUE       VALUE  FROM      YEAR
                                                  NORMAL
..................................................................
TEMPERATURE (F)
 YESTERDAY
  MAXIMUM         MM        MM  66    1920  41     MM       31
  MINIMUM         MM        MM -10    1973  20     MM       10
  AVERAGE         MM                        31     MM       21

PRECIPITATION (IN)
  YESTERDAY        0.00          1.19 1985   0.02  -0.02      T
  MONTH TO DATE    T                         0.14  -0.14     0.42
  SINCE DEC 1      0.85                      1.08  -0.23     4.08
  SINCE JAN 1      T                         0.14  -0.14     0.42

DEGREE DAYS
 HEATING
  YESTERDAY       MM                        34     MM       44
  MONTH TO DATE  181                       306   -125      298
  SINCE DEC 1   1207                      1318   -111     1097
  SINCE JUL 1   1750                      2270   -520     1729

 COOLING
  YESTERDAY       MM                         0     MM        0
  MONTH TO DATE    0                         0      0        0
  SINCE DEC 1      0                         0      0        0
  SINCE JAN 1      0                         0      0        0
..................................................................


WIND (MPH)
  HIGHEST WIND SPEED    MM   HIGHEST WIND DIRECTION    MM
  HIGHEST GUST SPEED    MM   HIGHEST GUST DIRECTION    MM
  AVERAGE WIND SPEED    MM


SKY COVER
  POSSIBLE SUNSHINE  MM
  AVERAGE SKY COVER 0.2


WEATHER CONDITIONS
 THE FOLLOWING WEATHER WAS RECORDED YESTERDAY.
  NO SIGNIFICANT WEATHER WAS OBSERVED.


RELATIVE HUMIDITY (PERCENT)
 HIGHEST    MM
 LOWEST     MM
 AVERAGE    MM

..........................................................


THE SALINA KS CLIMATE NORMALS FOR TODAY
                         NORMAL    RECORD    YEAR
 MAXIMUM TEMPERATURE (F)   41        78      1990
 MINIMUM TEMPERATURE (F)   20       -11      1982


SUNRISE AND SUNSET
JANUARY 10 2017.......SUNRISE   749 AM CST   SUNSET   528 PM CST
JANUARY 11 2017.......SUNRISE   748 AM CST   SUNSET   529 PM CST


-  INDICATES NEGATIVE NUMBERS.
R  INDICATES RECORD WAS SET OR TIED.
MM INDICATES DATA IS MISSING.
T  INDICATES TRACE AMOUNT.




$$
