000
CDUS43 KICT 120711
CLISLN


CLIMATE REPORT
NATIONAL WEATHER SERVICE WICHITA KS
110 AM CST FRI DEC 12 2014


...................................

...THE SALINA KS CLIMATE SUMMARY FOR DECEMBER 11 2014...

CLIMATE NORMAL PERIOD 1981 TO 2010
CLIMATE RECORD PERIOD 1894 TO 2014


WEATHER ITEM   OBSERVED TIME   RECORD YEAR NORMAL DEPARTURE LAST
                VALUE   (LST)  VALUE       VALUE  FROM      YEAR
                                                  NORMAL
..................................................................
TEMPERATURE (F)
 YESTERDAY
  MAXIMUM         43   1159 PM  75    1939  43      0       27
  MINIMUM         36    736 AM   0    1963  23     13        9
  AVERAGE         40                        33      7       18

PRECIPITATION (IN)
  YESTERDAY        0.00          1.31 2007   0.03  -0.03      T
  MONTH TO DATE    0.56                      0.39   0.17      T
  SINCE DEC 1      0.56                      0.39   0.17      T
  SINCE JAN 1     27.67                     30.95  -3.28    29.41

DEGREE DAYS
 HEATING
  YESTERDAY       25                        32     -7       47
  MONTH TO DATE  305                       337    -32      434
  SINCE DEC 1    305                       337    -32      434
  SINCE JUL 1   1302                      1289     13     1422

 COOLING
  YESTERDAY        0                         0      0        0
  MONTH TO DATE    0                         0      0        0
  SINCE DEC 1      0                         0      0        0
  SINCE JAN 1   1801                      1647    154     1750
..................................................................


WIND (MPH)
  HIGHEST WIND SPEED     9   HIGHEST WIND DIRECTION    SE (120)
  HIGHEST GUST SPEED    11   HIGHEST GUST DIRECTION    SE (120)
  AVERAGE WIND SPEED     4.7


SKY COVER
  POSSIBLE SUNSHINE  MM
  AVERAGE SKY COVER 1.0


WEATHER CONDITIONS
 THE FOLLOWING WEATHER WAS RECORDED YESTERDAY.
  FOG


RELATIVE HUMIDITY (PERCENT)
 HIGHEST    96           900 PM
 LOWEST     82           200 PM
 AVERAGE    89

..........................................................


THE SALINA KS CLIMATE NORMALS FOR TODAY
                         NORMAL    RECORD    YEAR
 MAXIMUM TEMPERATURE (F)   43        69      1925
 MINIMUM TEMPERATURE (F)   23       -11      1961


SUNRISE AND SUNSET
DECEMBER 12 2014......SUNRISE   740 AM CST   SUNSET   509 PM CST
DECEMBER 13 2014......SUNRISE   740 AM CST   SUNSET   509 PM CST


-  INDICATES NEGATIVE NUMBERS.
R  INDICATES RECORD WAS SET OR TIED.
MM INDICATES DATA IS MISSING.
T  INDICATES TRACE AMOUNT.




$$
