032
CDUS43 KICT 220631
CLISLN


CLIMATE REPORT
NATIONAL WEATHER SERVICE WICHITA KS
130 AM CDT WED MAR 22 2017


...................................

...THE SALINA KS CLIMATE SUMMARY FOR MARCH 21 2017...

CLIMATE NORMAL PERIOD 1981 TO 2010
CLIMATE RECORD PERIOD 1894 TO 2017


WEATHER ITEM   OBSERVED TIME   RECORD YEAR NORMAL DEPARTURE LAST
                VALUE   (LST)  VALUE       VALUE  FROM      YEAR
                                                  NORMAL
..................................................................
TEMPERATURE (F)
 YESTERDAY
  MAXIMUM         65    317 PM  96    1907  59      6       73
  MINIMUM         47   1159 PM  10    1913  36     11       28
  AVERAGE         56                        47      9       51

PRECIPITATION (IN)
  YESTERDAY        0.00          1.64 2005   0.08  -0.08     0.00
  MONTH TO DATE    0.04                      1.50  -1.46     0.46
  SINCE MAR 1      0.04                      1.50  -1.46     0.46
  SINCE JAN 1      2.14                      3.30  -1.16     1.70

DEGREE DAYS
 HEATING
  YESTERDAY        9                        18     -9       14
  MONTH TO DATE  330                       445   -115      293
  SINCE MAR 1    330                       445   -115      293
  SINCE JUL 1   2998                      4286  -1288     3279

 COOLING
  YESTERDAY        0                         0      0        0
  MONTH TO DATE    9                         0      9        5
  SINCE MAR 1      9                         0      9        5
  SINCE JAN 1      9                         0      9        5
..................................................................


WIND (MPH)
  HIGHEST WIND SPEED    26   HIGHEST WIND DIRECTION    NE (40)
  HIGHEST GUST SPEED    35   HIGHEST GUST DIRECTION    NE (50)
  AVERAGE WIND SPEED    15.5


SKY COVER
  POSSIBLE SUNSHINE  MM
  AVERAGE SKY COVER 0.5


WEATHER CONDITIONS
 THE FOLLOWING WEATHER WAS RECORDED YESTERDAY.
  NO SIGNIFICANT WEATHER WAS OBSERVED.


RELATIVE HUMIDITY (PERCENT)
 HIGHEST    61           700 AM
 LOWEST     24           300 PM
 AVERAGE    43

..........................................................


THE SALINA KS CLIMATE NORMALS FOR TODAY
                         NORMAL    RECORD    YEAR
 MAXIMUM TEMPERATURE (F)   59        93      1907
 MINIMUM TEMPERATURE (F)   36        10      1914


SUNRISE AND SUNSET
MARCH 22 2017.........SUNRISE   730 AM CDT   SUNSET   745 PM CDT
MARCH 23 2017.........SUNRISE   729 AM CDT   SUNSET   746 PM CDT


-  INDICATES NEGATIVE NUMBERS.
R  INDICATES RECORD WAS SET OR TIED.
MM INDICATES DATA IS MISSING.
T  INDICATES TRACE AMOUNT.




$$
