000
CDUS43 KICT 080627
CLISLN


CLIMATE REPORT
NATIONAL WEATHER SERVICE WICHITA KS
1226 AM CST MON JAN 8 2018


...................................

...THE SALINA KS CLIMATE SUMMARY FOR JANUARY 7 2018...

CLIMATE NORMAL PERIOD 1981 TO 2010
CLIMATE RECORD PERIOD 1894 TO 2018


WEATHER ITEM   OBSERVED TIME   RECORD YEAR NORMAL DEPARTURE LAST
                VALUE   (LST)  VALUE       VALUE  FROM      YEAR
                                                  NORMAL
..................................................................
TEMPERATURE (F)
 YESTERDAY
  MAXIMUM         51    422 PM  72    2006  41     10       MM
  MINIMUM         28   1122 PM -12    1912  20      8       MM
  AVERAGE         40                        31      9       MM

PRECIPITATION (IN)
  YESTERDAY        0.00          0.55 1926   0.02  -0.02     0.00
  MONTH TO DATE    0.00                      0.11  -0.11     0.19
  SINCE DEC 1      0.05                      1.05  -1.00     1.04
  SINCE JAN 1      0.00                      0.11  -0.11     0.19

DEGREE DAYS
 HEATING
  YESTERDAY       25                        34     -9       MM
  MONTH TO DATE  292                       238     54      181
  SINCE DEC 1   1225                      1250    -25     1207
  SINCE JUL 1   1981                      2202   -221     1750

 COOLING
  YESTERDAY        0                         0      0       MM
  MONTH TO DATE    0                         0      0        0
  SINCE DEC 1      0                         0      0        0
  SINCE JAN 1      0                         0      0        0
..................................................................


WIND (MPH)
  HIGHEST WIND SPEED    24   HIGHEST WIND DIRECTION     N (350)
  HIGHEST GUST SPEED    29   HIGHEST GUST DIRECTION     N (350)
  AVERAGE WIND SPEED     8.2


SKY COVER
  POSSIBLE SUNSHINE  MM
  AVERAGE SKY COVER 0.4


WEATHER CONDITIONS
 THE FOLLOWING WEATHER WAS RECORDED YESTERDAY.
  NO SIGNIFICANT WEATHER WAS OBSERVED.


RELATIVE HUMIDITY (PERCENT)
 HIGHEST    85          1000 PM
 LOWEST     46           300 PM
 AVERAGE    66

..........................................................


THE SALINA KS CLIMATE NORMALS FOR TODAY
                         NORMAL    RECORD    YEAR
 MAXIMUM TEMPERATURE (F)   41        75      2003
 MINIMUM TEMPERATURE (F)   20       -28      1913


SUNRISE AND SUNSET
JANUARY  8 2018.......SUNRISE   749 AM CST   SUNSET   526 PM CST
JANUARY  9 2018.......SUNRISE   749 AM CST   SUNSET   527 PM CST


-  INDICATES NEGATIVE NUMBERS.
R  INDICATES RECORD WAS SET OR TIED.
MM INDICATES DATA IS MISSING.
T  INDICATES TRACE AMOUNT.




$$
