000
CDUS43 KICT 220656
CLISLN


CLIMATE REPORT
NATIONAL WEATHER SERVICE WICHITA KS
155 AM CDT WED JUL 22 2015


...................................

...THE SALINA KS CLIMATE SUMMARY FOR JULY 21 2015...

CLIMATE NORMAL PERIOD 1981 TO 2010
CLIMATE RECORD PERIOD 1894 TO 2015


WEATHER ITEM   OBSERVED TIME   RECORD YEAR NORMAL DEPARTURE LAST
                VALUE   (LST)  VALUE       VALUE  FROM      YEAR
                                                  NORMAL
..................................................................
TEMPERATURE (F)
 YESTERDAY
  MAXIMUM         86    338 PM 108    1934  93     -7      105
  MINIMUM         67    610 AM  51    1970  70     -3       75
  AVERAGE         77                        82     -5       90

PRECIPITATION (IN)
  YESTERDAY        0.00          1.66 1993   0.13  -0.13     0.00
  MONTH TO DATE    2.62                      3.04  -0.42     0.71
  SINCE JUN 1      7.12                      7.15  -0.03     8.90
  SINCE JAN 1     18.72                     19.14  -0.42    16.29

DEGREE DAYS
 HEATING
  YESTERDAY        0                         0      0        0
  MONTH TO DATE    0                         0      0        0
  SINCE JUN 1      0                         7     -7        1
  SINCE JUL 1      0                         0      0        0

 COOLING
  YESTERDAY       12                        17     -5       25
  MONTH TO DATE  357                       335     22      276
  SINCE JUN 1    797                       660    137      633
  SINCE JAN 1    887                       788     99      865
..................................................................


WIND (MPH)
  HIGHEST WIND SPEED    16   HIGHEST WIND DIRECTION     E (90)
  HIGHEST GUST SPEED    22   HIGHEST GUST DIRECTION     E (100)
  AVERAGE WIND SPEED     7.9


SKY COVER
  POSSIBLE SUNSHINE  MM
  AVERAGE SKY COVER 0.0


WEATHER CONDITIONS
 THE FOLLOWING WEATHER WAS RECORDED YESTERDAY.
  NO SIGNIFICANT WEATHER WAS OBSERVED.


RELATIVE HUMIDITY (PERCENT)
 HIGHEST    78           700 AM
 LOWEST     40           200 PM
 AVERAGE    59

..........................................................


THE SALINA KS CLIMATE NORMALS FOR TODAY
                         NORMAL    RECORD    YEAR
 MAXIMUM TEMPERATURE (F)   93       110      1934
 MINIMUM TEMPERATURE (F)   70        50      1970


SUNRISE AND SUNSET
JULY 22 2015..........SUNRISE   623 AM CDT   SUNSET   851 PM CDT
JULY 23 2015..........SUNRISE   624 AM CDT   SUNSET   850 PM CDT


-  INDICATES NEGATIVE NUMBERS.
R  INDICATES RECORD WAS SET OR TIED.
MM INDICATES DATA IS MISSING.
T  INDICATES TRACE AMOUNT.




$$
