000
CDUS43 KICT 240637
CLISLN


CLIMATE REPORT
NATIONAL WEATHER SERVICE WICHITA KS
137 AM CDT THU JUL 24 2014


...................................

...THE SALINA KS CLIMATE SUMMARY FOR JULY 23 2014...

CLIMATE NORMAL PERIOD 1981 TO 2010
CLIMATE RECORD PERIOD 1894 TO 2014


WEATHER ITEM   OBSERVED TIME   RECORD YEAR NORMAL DEPARTURE LAST
                VALUE   (LST)  VALUE       VALUE  FROM      YEAR
                                                  NORMAL
..................................................................
TEMPERATURE (F)
 YESTERDAY
  MAXIMUM         91    558 PM 110    1920  93     -2       95
  MINIMUM         72    902 AM  54    1970  70      2       70
  AVERAGE         82                        82      0       83

PRECIPITATION (IN)
  YESTERDAY        T             0.88 2004   0.13  -0.13     0.04
  MONTH TO DATE    0.71                      3.30  -2.59     2.33
  SINCE JUN 1      8.90                      7.41   1.49     4.57
  SINCE JAN 1     16.29                     19.40  -3.11    17.81

DEGREE DAYS
 HEATING
  YESTERDAY        0                         0      0        0
  MONTH TO DATE    0                         0      0        0
  SINCE JUN 1      1                         7     -6        7
  SINCE JUL 1      0                         0      0        0

 COOLING
  YESTERDAY       17                        16      1       18
  MONTH TO DATE  318                       367    -49      383
  SINCE JUN 1    675                       692    -17      770
  SINCE JAN 1    907                       820     87      911
..................................................................


WIND (MPH)
  HIGHEST WIND SPEED    26   HIGHEST WIND DIRECTION    NW (330)
  HIGHEST GUST SPEED    32   HIGHEST GUST DIRECTION    NW (320)
  AVERAGE WIND SPEED    10.6


SKY COVER
  POSSIBLE SUNSHINE  MM
  AVERAGE SKY COVER 0.1


WEATHER CONDITIONS
 THE FOLLOWING WEATHER WAS RECORDED YESTERDAY.
  NO SIGNIFICANT WEATHER WAS OBSERVED.


RELATIVE HUMIDITY (PERCENT)
 HIGHEST    74           100 AM
 LOWEST     36           500 PM
 AVERAGE    55

..........................................................


THE SALINA KS CLIMATE NORMALS FOR TODAY
                         NORMAL    RECORD    YEAR
 MAXIMUM TEMPERATURE (F)   93       116      1936
 MINIMUM TEMPERATURE (F)   70        50      1905


SUNRISE AND SUNSET
JULY 24 2014..........SUNRISE   625 AM CDT   SUNSET   849 PM CDT
JULY 25 2014..........SUNRISE   626 AM CDT   SUNSET   848 PM CDT


-  INDICATES NEGATIVE NUMBERS.
R  INDICATES RECORD WAS SET OR TIED.
MM INDICATES DATA IS MISSING.
T  INDICATES TRACE AMOUNT.




$$
