000
CDUS43 KICT 210632
CLISLN


CLIMATE REPORT
NATIONAL WEATHER SERVICE WICHITA KS
1231 AM CST FRI NOV 21 2014


...................................

...THE SALINA KS CLIMATE SUMMARY FOR NOVEMBER 20 2014...

CLIMATE NORMAL PERIOD 1981 TO 2010
CLIMATE RECORD PERIOD 1894 TO 2014


WEATHER ITEM   OBSERVED TIME   RECORD YEAR NORMAL DEPARTURE LAST
                VALUE   (LST)  VALUE       VALUE  FROM      YEAR
                                                  NORMAL
..................................................................
TEMPERATURE (F)
 YESTERDAY
  MAXIMUM         48    415 PM  75    1913  52     -4       67
  MINIMUM         18    752 AM  13    1952  31    -13       48
  AVERAGE         33                        42     -9       58

PRECIPITATION (IN)
  YESTERDAY        0.00          1.52 1979   0.03  -0.03     0.00
  MONTH TO DATE    T                         0.88  -0.88     0.35
  SINCE SEP 1      5.70                      5.85  -0.15     3.17
  SINCE JAN 1     26.98                     30.19  -3.21    29.41

DEGREE DAYS
 HEATING
  YESTERDAY       32                        24      8        7
  MONTH TO DATE  524                       371    153      342
  SINCE SEP 1    758                       688     70      644
  SINCE JUL 1    758                       689     69      647

 COOLING
  YESTERDAY        0                         0      0        0
  MONTH TO DATE    0                         0      0        0
  SINCE SEP 1    243                       239      4      356
  SINCE JAN 1   1801                      1646    155     1750
..................................................................


WIND (MPH)
  HIGHEST WIND SPEED    12   HIGHEST WIND DIRECTION     E (110)
  HIGHEST GUST SPEED    14   HIGHEST GUST DIRECTION     E (90)
  AVERAGE WIND SPEED     6.2


SKY COVER
  POSSIBLE SUNSHINE  MM
  AVERAGE SKY COVER 0.0


WEATHER CONDITIONS
 THE FOLLOWING WEATHER WAS RECORDED YESTERDAY.
  NO SIGNIFICANT WEATHER WAS OBSERVED.


RELATIVE HUMIDITY (PERCENT)
 HIGHEST    73           800 AM
 LOWEST     34           200 PM
 AVERAGE    54

..........................................................


THE SALINA KS CLIMATE NORMALS FOR TODAY
                         NORMAL    RECORD    YEAR
 MAXIMUM TEMPERATURE (F)   52        75      2012
 MINIMUM TEMPERATURE (F)   30         8      1898


SUNRISE AND SUNSET
NOVEMBER 21 2014......SUNRISE   720 AM CST   SUNSET   513 PM CST
NOVEMBER 22 2014......SUNRISE   721 AM CST   SUNSET   513 PM CST


-  INDICATES NEGATIVE NUMBERS.
R  INDICATES RECORD WAS SET OR TIED.
MM INDICATES DATA IS MISSING.
T  INDICATES TRACE AMOUNT.




$$
