000
CDUS43 KICT 060733
CLISLN

CLIMATE REPORT
NATIONAL WEATHER SERVICE WICHITA KS
231 AM CDT SUN APR 6 2014

...................................

...THE SALINA KS CLIMATE SUMMARY FOR APRIL 5 2014...

CLIMATE NORMAL PERIOD 1981 TO 2010
CLIMATE RECORD PERIOD 1894 TO 2014


WEATHER ITEM   OBSERVED TIME   RECORD YEAR NORMAL DEPARTURE LAST
                VALUE   (LST)  VALUE       VALUE  FROM      YEAR
                                                  NORMAL
..................................................................
TEMPERATURE (F)
 YESTERDAY
  MAXIMUM         69    310 PM  92    2000  64      5       69
  MINIMUM         27    500 AM   6    1920  40    -13       35
  AVERAGE         48                        52     -4       52

PRECIPITATION (IN)
  YESTERDAY        0.00          1.37 1999   0.09  -0.09     0.00
  MONTH TO DATE    0.08                      0.45  -0.37      T
  SINCE MAR 1      0.38                      2.84  -2.46     0.62
  SINCE JAN 1      2.19                      4.64  -2.45     3.89

DEGREE DAYS
 HEATING
  YESTERDAY       17                        14      3       13
  MONTH TO DATE  104                        71     33       95
  SINCE MAR 1    839                       680    159      817
  SINCE JUL 1   5089                      4521    568     4439

 COOLING
  YESTERDAY        0                         0      0        0
  MONTH TO DATE    0                         0      0        0
  SINCE MAR 1      0                         2     -2        0
  SINCE JAN 1      0                         2     -2        0
..................................................................


WIND (MPH)
  HIGHEST WIND SPEED    25   HIGHEST WIND DIRECTION     S (160)
  HIGHEST GUST SPEED    31   HIGHEST GUST DIRECTION     S (180)
  AVERAGE WIND SPEED    12.2


SKY COVER
  POSSIBLE SUNSHINE  MM
  AVERAGE SKY COVER 0.1


WEATHER CONDITIONS
 THE FOLLOWING WEATHER WAS RECORDED YESTERDAY.
  HAZE


RELATIVE HUMIDITY (PERCENT)
 HIGHEST    85           200 AM
 LOWEST     22           200 PM
 AVERAGE    54

..........................................................


THE SALINA KS CLIMATE NORMALS FOR TODAY
                         NORMAL    RECORD    YEAR
 MAXIMUM TEMPERATURE (F)   64        89      1954
 MINIMUM TEMPERATURE (F)   40        17      1936


SUNRISE AND SUNSET
APRIL  6 2014.........SUNRISE   708 AM CDT   SUNSET   759 PM CDT
APRIL  7 2014.........SUNRISE   706 AM CDT   SUNSET   800 PM CDT


-  INDICATES NEGATIVE NUMBERS.
R  INDICATES RECORD WAS SET OR TIED.
MM INDICATES DATA IS MISSING.
T  INDICATES TRACE AMOUNT.

$$
