000
CDUS43 KICT 270621
CLISLN


CLIMATE REPORT
NATIONAL WEATHER SERVICE WICHITA KS
121 AM CDT MON JUL 27 2015


...................................

...THE SALINA KS CLIMATE SUMMARY FOR JULY 26 2015...

CLIMATE NORMAL PERIOD 1981 TO 2010
CLIMATE RECORD PERIOD 1894 TO 2015


WEATHER ITEM   OBSERVED TIME   RECORD YEAR NORMAL DEPARTURE LAST
                VALUE   (LST)  VALUE       VALUE  FROM      YEAR
                                                  NORMAL
..................................................................
TEMPERATURE (F)
 YESTERDAY
  MAXIMUM         99    400 PM 111    1910  93      6      106
  MINIMUM         73    606 AM  56    1926  70      3       79
  AVERAGE         86                        81      5       93

PRECIPITATION (IN)
  YESTERDAY        0.35          2.21 1990   0.13   0.22      T
  MONTH TO DATE    2.97                      3.67  -0.70     0.71
  SINCE JUN 1      7.47                      7.78  -0.31     8.90
  SINCE JAN 1     19.07                     19.77  -0.70    16.29

DEGREE DAYS
 HEATING
  YESTERDAY        0                         0      0        0
  MONTH TO DATE    0                         0      0        0
  SINCE JUN 1      0                         7     -7        1
  SINCE JUL 1      0                         0      0        0

 COOLING
  YESTERDAY       21                        16      5       28
  MONTH TO DATE  464                       415     49      391
  SINCE JUN 1    904                       740    164      748
  SINCE JAN 1    994                       868    126      980
..................................................................


WIND (MPH)
  HIGHEST WIND SPEED    15   HIGHEST WIND DIRECTION     S (170)
  HIGHEST GUST SPEED    19   HIGHEST GUST DIRECTION     S (170)
  AVERAGE WIND SPEED     7.1


SKY COVER
  POSSIBLE SUNSHINE  MM
  AVERAGE SKY COVER 0.2


WEATHER CONDITIONS
 THE FOLLOWING WEATHER WAS RECORDED YESTERDAY.
  THUNDERSTORM
  HAZE


RELATIVE HUMIDITY (PERCENT)
 HIGHEST    82           700 AM
 LOWEST     38           400 PM
 AVERAGE    60

..........................................................


THE SALINA KS CLIMATE NORMALS FOR TODAY
                         NORMAL    RECORD    YEAR
 MAXIMUM TEMPERATURE (F)   93       113      2011
 MINIMUM TEMPERATURE (F)   70        55      2005


SUNRISE AND SUNSET
JULY 27 2015..........SUNRISE   627 AM CDT   SUNSET   846 PM CDT
JULY 28 2015..........SUNRISE   628 AM CDT   SUNSET   846 PM CDT


-  INDICATES NEGATIVE NUMBERS.
R  INDICATES RECORD WAS SET OR TIED.
MM INDICATES DATA IS MISSING.
T  INDICATES TRACE AMOUNT.




$$
