000
CDUS43 KICT 250632
CLISLN

CLIMATE REPORT
NATIONAL WEATHER SERVICE WICHITA KS
131 AM CDT THU JUN 25 2015


...................................

...THE SALINA KS CLIMATE SUMMARY FOR JUNE 24 2015...

CLIMATE NORMAL PERIOD 1981 TO 2010
CLIMATE RECORD PERIOD 1894 TO 2015


WEATHER ITEM   OBSERVED TIME   RECORD YEAR NORMAL DEPARTURE LAST
                VALUE   (LST)  VALUE       VALUE  FROM      YEAR
                                                  NORMAL
..................................................................
TEMPERATURE (F)
 YESTERDAY
  MAXIMUM        102    257 PM 107    1937  90     12       86
  MINIMUM         77    442 AM  50    1908  67     10       64
  AVERAGE         90                        78     12       75

PRECIPITATION (IN)
  YESTERDAY        0.00          1.62 1958   0.13  -0.13      T
  MONTH TO DATE    4.50                      3.34   1.16     7.29
  SINCE JUN 1      4.50                      3.34   1.16     7.29
  SINCE JAN 1     16.10                     15.33   0.77    14.68

DEGREE DAYS
 HEATING
  YESTERDAY        0                         0      0        0
  MONTH TO DATE    0                         5     -5        1
  SINCE JUN 1      0                         5     -5        1
  SINCE JUL 1   4660                      4869   -209     5398

 COOLING
  YESTERDAY       25                        13     12       10
  MONTH TO DATE  339                       240     99      278
  SINCE JUN 1    339                       240     99      278
  SINCE JAN 1    429                       368     61      510
..................................................................


WIND (MPH)
  HIGHEST WIND SPEED    28   HIGHEST WIND DIRECTION     S (190)
  HIGHEST GUST SPEED    36   HIGHEST GUST DIRECTION    SW (220)
  AVERAGE WIND SPEED    17.6


SKY COVER
  POSSIBLE SUNSHINE  MM
  AVERAGE SKY COVER 0.0


WEATHER CONDITIONS
 THE FOLLOWING WEATHER WAS RECORDED YESTERDAY.
  NO SIGNIFICANT WEATHER WAS OBSERVED.


RELATIVE HUMIDITY (PERCENT)
 HIGHEST    64           400 AM
 LOWEST     29           200 PM
 AVERAGE    47

..........................................................


THE SALINA KS CLIMATE NORMALS FOR TODAY
                         NORMAL    RECORD    YEAR
 MAXIMUM TEMPERATURE (F)   91       114      1911
 MINIMUM TEMPERATURE (F)   67        50      1958


SUNRISE AND SUNSET
JUNE 25 2015..........SUNRISE   607 AM CDT   SUNSET   900 PM CDT
JUNE 26 2015..........SUNRISE   607 AM CDT   SUNSET   900 PM CDT


-  INDICATES NEGATIVE NUMBERS.
R  INDICATES RECORD WAS SET OR TIED.
MM INDICATES DATA IS MISSING.
T  INDICATES TRACE AMOUNT.




$$
