000
CDUS43 KICT 130621
CLISLN


CLIMATE REPORT
NATIONAL WEATHER SERVICE WICHITA KS
121 AM CDT WED JUL 13 2016


...................................

...THE SALINA KS CLIMATE SUMMARY FOR JULY 12 2016...

CLIMATE NORMAL PERIOD 1981 TO 2010
CLIMATE RECORD PERIOD 1894 TO 2016


WEATHER ITEM   OBSERVED TIME   RECORD YEAR NORMAL DEPARTURE LAST
                VALUE   (LST)  VALUE       VALUE  FROM      YEAR
                                                  NORMAL
..................................................................
TEMPERATURE (F)
 YESTERDAY
  MAXIMUM         88    345 PM 111    1995  93     -5       99
  MINIMUM         68    506 AM  53    1907  69     -1       75
  AVERAGE         78                        81     -3       87

PRECIPITATION (IN)
  YESTERDAY        0.25          1.65 1987   0.15   0.10     0.00
  MONTH TO DATE    1.48                      1.78  -0.30     1.79
  SINCE JUN 1      1.93                      5.89  -3.96     6.29
  SINCE JAN 1     13.75                     17.88  -4.13    17.89

DEGREE DAYS
 HEATING
  YESTERDAY        0                         0      0        0
  MONTH TO DATE    0                         0      0        0
  SINCE JUN 1      0                         7     -7        0
  SINCE JUL 1      0                         0      0        0

 COOLING
  YESTERDAY       13                        16     -3       22
  MONTH TO DATE  207                       188     19      174
  SINCE JUN 1    699                       513    186      614
  SINCE JAN 1    824                       641    183      704
..................................................................


WIND (MPH)
  HIGHEST WIND SPEED    51   HIGHEST WIND DIRECTION    NW (330)
  HIGHEST GUST SPEED    65   HIGHEST GUST DIRECTION    NW (330)
  AVERAGE WIND SPEED    13.0


SKY COVER
  POSSIBLE SUNSHINE  MM
  AVERAGE SKY COVER 0.5


WEATHER CONDITIONS
 THE FOLLOWING WEATHER WAS RECORDED YESTERDAY.
  THUNDERSTORM
  RAIN
  LIGHT RAIN
  FOG


RELATIVE HUMIDITY (PERCENT)
 HIGHEST    90           600 AM
 LOWEST     59           300 PM
 AVERAGE    75

..........................................................


THE SALINA KS CLIMATE NORMALS FOR TODAY
                         NORMAL    RECORD    YEAR
 MAXIMUM TEMPERATURE (F)   93       113      1954
 MINIMUM TEMPERATURE (F)   69        51      1975


SUNRISE AND SUNSET
JULY 13 2016..........SUNRISE   617 AM CDT   SUNSET   856 PM CDT
JULY 14 2016..........SUNRISE   618 AM CDT   SUNSET   855 PM CDT


-  INDICATES NEGATIVE NUMBERS.
R  INDICATES RECORD WAS SET OR TIED.
MM INDICATES DATA IS MISSING.
T  INDICATES TRACE AMOUNT.




$$
