000
CDUS43 KICT 240640
CLISLN

CLIMATE REPORT
NATIONAL WEATHER SERVICE WICHITA KS
140 AM CDT WED SEP 24 2014

...................................

...THE SALINA KS CLIMATE SUMMARY FOR SEPTEMBER 23 2014...

CLIMATE NORMAL PERIOD 1981 TO 2010
CLIMATE RECORD PERIOD 1894 TO 2014


WEATHER ITEM   OBSERVED TIME   RECORD YEAR NORMAL DEPARTURE LAST
                VALUE   (LST)  VALUE       VALUE  FROM      YEAR
                                                  NORMAL
..................................................................
TEMPERATURE (F)
 YESTERDAY
  MAXIMUM         77    338 PM  97    1926  79     -2       83
  MINIMUM         59    755 AM  36    1983  55      4       55
  AVERAGE         68                        67      1       69

PRECIPITATION (IN)
  YESTERDAY        0.34          2.61 1960   0.09   0.25     0.00
  MONTH TO DATE    1.55                      2.07  -0.52     1.21
  SINCE SEP 1      1.55                      2.07  -0.52     1.21
  SINCE JAN 1     22.83                     26.41  -3.58    27.45

DEGREE DAYS
 HEATING
  YESTERDAY        0                         3     -3        0
  MONTH TO DATE   40                        24     16        3
  SINCE SEP 1     40                        24     16        3
  SINCE JUL 1     40                        25     15        6

 COOLING
  YESTERDAY        3                         4     -1        4
  MONTH TO DATE  153                       179    -26      261
  SINCE SEP 1    153                       179    -26      261
  SINCE JAN 1   1711                      1586    125     1655
..................................................................


WIND (MPH)
  HIGHEST WIND SPEED    29   HIGHEST WIND DIRECTION    SE (150)
  HIGHEST GUST SPEED    37   HIGHEST GUST DIRECTION     S (160)
  AVERAGE WIND SPEED    13.1


SKY COVER
  POSSIBLE SUNSHINE  MM
  AVERAGE SKY COVER 0.7


WEATHER CONDITIONS
 THE FOLLOWING WEATHER WAS RECORDED YESTERDAY.
  THUNDERSTORM
  HEAVY RAIN
  RAIN
  LIGHT RAIN
  FOG


RELATIVE HUMIDITY (PERCENT)
 HIGHEST    87           600 AM
 LOWEST     54           300 PM
 AVERAGE    71

..........................................................


THE SALINA KS CLIMATE NORMALS FOR TODAY
                         NORMAL    RECORD    YEAR
 MAXIMUM TEMPERATURE (F)   78        95      1933
 MINIMUM TEMPERATURE (F)   55        32      1989


SUNRISE AND SUNSET
SEPTEMBER 24 2014.....SUNRISE   720 AM CDT   SUNSET   724 PM CDT
SEPTEMBER 25 2014.....SUNRISE   721 AM CDT   SUNSET   723 PM CDT


-  INDICATES NEGATIVE NUMBERS.
R  INDICATES RECORD WAS SET OR TIED.
MM INDICATES DATA IS MISSING.
T  INDICATES TRACE AMOUNT.

$$

ES
