000
CDUS43 KICT 010621
CLISLN


CLIMATE REPORT
NATIONAL WEATHER SERVICE WICHITA KS
121 AM CDT TUE APR 1 2014


...................................

...THE SALINA KS CLIMATE SUMMARY FOR MARCH 31 2014...

CLIMATE NORMAL PERIOD 1981 TO 2010
CLIMATE RECORD PERIOD 1894 TO 2014


WEATHER ITEM   OBSERVED TIME   RECORD YEAR NORMAL DEPARTURE LAST
                VALUE   (LST)  VALUE       VALUE  FROM      YEAR
                                                  NORMAL
..................................................................
TEMPERATURE (F)
 YESTERDAY
  MAXIMUM         72   1058 AM  89    1978  62     10       66
  MINIMUM         36   1159 PM  16    1926  38     -2       43
  AVERAGE         54                        50      4       55

PRECIPITATION (IN)
  YESTERDAY        0.00          1.27 1973   0.09  -0.09      T
  MONTH TO DATE    0.30                      2.39  -2.09     0.62
  SINCE MAR 1      0.30                      2.39  -2.09     0.62
  SINCE JAN 1      2.11                      4.19  -2.08     3.89

DEGREE DAYS
 HEATING
  YESTERDAY       11                        15     -4       10
  MONTH TO DATE  735                       608    127      722
  SINCE MAR 1    735                       609    126      722
  SINCE JUL 1   4985                      4450    535     4344

 COOLING
  YESTERDAY        0                         0      0        0
  MONTH TO DATE    0                         2     -2        0
  SINCE MAR 1      0                         2     -2        0
  SINCE JAN 1      0                         2     -2        0
..................................................................


WIND (MPH)
  HIGHEST WIND SPEED    39   HIGHEST WIND DIRECTION     W (260)
  HIGHEST GUST SPEED    49   HIGHEST GUST DIRECTION    SW (210)
  AVERAGE WIND SPEED    24.2


SKY COVER
  POSSIBLE SUNSHINE  MM
  AVERAGE SKY COVER 0.4


WEATHER CONDITIONS
 THE FOLLOWING WEATHER WAS RECORDED YESTERDAY.
  LIGHT RAIN


RELATIVE HUMIDITY (PERCENT)
 HIGHEST    52          1100 PM
 LOWEST     20           300 PM
 AVERAGE    36

..........................................................


THE SALINA KS CLIMATE NORMALS FOR TODAY
                         NORMAL    RECORD    YEAR
 MAXIMUM TEMPERATURE (F)   63        91      1956
 MINIMUM TEMPERATURE (F)   39        19      1972


SUNRISE AND SUNSET
APRIL  1 2014.........SUNRISE   715 AM CDT   SUNSET   754 PM CDT
APRIL  2 2014.........SUNRISE   714 AM CDT   SUNSET   755 PM CDT


-  INDICATES NEGATIVE NUMBERS.
R  INDICATES RECORD WAS SET OR TIED.
MM INDICATES DATA IS MISSING.
T  INDICATES TRACE AMOUNT.




$$
