000
CDUS43 KICT 080622
CLISLN


CLIMATE REPORT
NATIONAL WEATHER SERVICE WICHITA KS
122 AM CDT THU JUN 8 2017


...................................

...THE SALINA KS CLIMATE SUMMARY FOR JUNE 7 2017...

CLIMATE NORMAL PERIOD 1981 TO 2010
CLIMATE RECORD PERIOD 1894 TO 2017


WEATHER ITEM   OBSERVED TIME   RECORD YEAR NORMAL DEPARTURE LAST
                VALUE   (LST)  VALUE       VALUE  FROM      YEAR
                                                  NORMAL
..................................................................
TEMPERATURE (F)
 YESTERDAY
  MAXIMUM         86    420 PM 100    2011  84      2       86
                                      1963
  MINIMUM         64   1159 PM  47    1955  62      2       62
  AVERAGE         75                        73      2       74

PRECIPITATION (IN)
  YESTERDAY        0.00          5.13 1951   0.15  -0.15     0.00
  MONTH TO DATE    0.75                      1.03  -0.28      T
  SINCE JUN 1      0.75                      1.03  -0.28      T
  SINCE JAN 1     13.99                     13.02   0.97    11.82

DEGREE DAYS
 HEATING
  YESTERDAY        0                         0      0        0
  MONTH TO DATE    0                         5     -5        0
  SINCE JUN 1      0                         5     -5        0
  SINCE JUL 1   3453                      4869  -1416     3718

 COOLING
  YESTERDAY       10                         8      2        9
  MONTH TO DATE   84                        52     32       52
  SINCE JUN 1     84                        52     32       52
  SINCE JAN 1    244                       180     64      177
..................................................................


WIND (MPH)
  HIGHEST WIND SPEED    14   HIGHEST WIND DIRECTION     E (80)
  HIGHEST GUST SPEED    19   HIGHEST GUST DIRECTION     E (70)
  AVERAGE WIND SPEED     4.8


SKY COVER
  POSSIBLE SUNSHINE  MM
  AVERAGE SKY COVER 0.2


WEATHER CONDITIONS
 THE FOLLOWING WEATHER WAS RECORDED YESTERDAY.
  NO SIGNIFICANT WEATHER WAS OBSERVED.


RELATIVE HUMIDITY (PERCENT)
 HIGHEST    93           400 AM
 LOWEST     24           600 PM
 AVERAGE    59

..........................................................


THE SALINA KS CLIMATE NORMALS FOR TODAY
                         NORMAL    RECORD    YEAR
 MAXIMUM TEMPERATURE (F)   85       100      1981
 MINIMUM TEMPERATURE (F)   62        50      2007
                                             1983
                                             1978


SUNRISE AND SUNSET
JUNE  8 2017..........SUNRISE   605 AM CDT   SUNSET   854 PM CDT
JUNE  9 2017..........SUNRISE   605 AM CDT   SUNSET   855 PM CDT


-  INDICATES NEGATIVE NUMBERS.
R  INDICATES RECORD WAS SET OR TIED.
MM INDICATES DATA IS MISSING.
T  INDICATES TRACE AMOUNT.




$$
