000
CDUS43 KICT 200618
CLISLN


CLIMATE REPORT
NATIONAL WEATHER SERVICE WICHITA KS
118 AM CDT SUN JUL 20 2014


...................................

...THE SALINA KS CLIMATE SUMMARY FOR JULY 19 2014...

CLIMATE NORMAL PERIOD 1981 TO 2010
CLIMATE RECORD PERIOD 1894 TO 2014


WEATHER ITEM   OBSERVED TIME   RECORD YEAR NORMAL DEPARTURE LAST
                VALUE   (LST)  VALUE       VALUE  FROM      YEAR
                                                  NORMAL
..................................................................
TEMPERATURE (F)
 YESTERDAY
  MAXIMUM         88        MM 111    1934  93     -5       99
  MINIMUM         60        MM  53    1953  70    -10       71
  AVERAGE         74                        82     -8       85

PRECIPITATION (IN)
  YESTERDAY        0.00          3.83 1973   0.12  -0.12     0.00
  MONTH TO DATE    0.71                      2.78  -2.07     1.92
  SINCE JUN 1      8.90                      6.89   2.01     4.16
  SINCE JAN 1     16.29                     18.88  -2.59    17.40

DEGREE DAYS
 HEATING
  YESTERDAY        0                         0      0        0
  MONTH TO DATE    0                         0      0        0
  SINCE JUN 1      1                         7     -6        7
  SINCE JUL 1      0                         0      0        0

 COOLING
  YESTERDAY        9                        17     -8       20
  MONTH TO DATE  233                       301    -68      313
  SINCE JUN 1    590                       626    -36      700
  SINCE JAN 1    822                       754     68      841
..................................................................


WIND (MPH)
  HIGHEST WIND SPEED    20   HIGHEST WIND DIRECTION     S (160)
  HIGHEST GUST SPEED    22   HIGHEST GUST DIRECTION     S (190)
  AVERAGE WIND SPEED    11.2


SKY COVER
  POSSIBLE SUNSHINE  MM
  AVERAGE SKY COVER 0.2


WEATHER CONDITIONS
 THE FOLLOWING WEATHER WAS RECORDED YESTERDAY.
  NO SIGNIFICANT WEATHER WAS OBSERVED.


RELATIVE HUMIDITY (PERCENT)
 HIGHEST    90           300 AM
 LOWEST     43           400 PM
 AVERAGE    67

..........................................................


THE SALINA KS CLIMATE NORMALS FOR TODAY
                         NORMAL    RECORD    YEAR
 MAXIMUM TEMPERATURE (F)   93       110      1934
 MINIMUM TEMPERATURE (F)   70        54      1902


SUNRISE AND SUNSET
JULY 20 2014..........SUNRISE   622 AM CDT   SUNSET   852 PM CDT
JULY 21 2014..........SUNRISE   622 AM CDT   SUNSET   851 PM CDT


-  INDICATES NEGATIVE NUMBERS.
R  INDICATES RECORD WAS SET OR TIED.
MM INDICATES DATA IS MISSING.
T  INDICATES TRACE AMOUNT.




$$
