000
CDUS43 KICT 190639
CLISLN


CLIMATE REPORT
NATIONAL WEATHER SERVICE WICHITA KS
138 AM CDT THU MAR 19 2015


...................................

...THE SALINA KS CLIMATE SUMMARY FOR MARCH 18 2015...

CLIMATE NORMAL PERIOD 1981 TO 2010
CLIMATE RECORD PERIOD 1894 TO 2015


WEATHER ITEM   OBSERVED TIME   RECORD YEAR NORMAL DEPARTURE LAST
                VALUE   (LST)  VALUE       VALUE  FROM      YEAR
                                                  NORMAL
..................................................................
TEMPERATURE (F)
 YESTERDAY
  MAXIMUM         47   1218 AM  90    1921  58    -11       62
  MINIMUM         40   1159 PM  -1    1923  35      5       35
  AVERAGE         44                        46     -2       49

PRECIPITATION (IN)
  YESTERDAY        T             1.20 1984   0.08  -0.08      T
  MONTH TO DATE    T                         1.25  -1.25     0.18
  SINCE MAR 1      T                         1.25  -1.25     0.18
  SINCE JAN 1      1.44                      3.05  -1.61     1.99

DEGREE DAYS
 HEATING
  YESTERDAY       21                        19      2       16
  MONTH TO DATE  334                       390    -56      481
  SINCE MAR 1    334                       390    -56      481
  SINCE JUL 1   4163                      4231    -68     4731

 COOLING
  YESTERDAY        0                         0      0        0
  MONTH TO DATE    1                         0      1        0
  SINCE MAR 1      1                         0      1        0
  SINCE JAN 1      1                         0      1        0
..................................................................


WIND (MPH)
  HIGHEST WIND SPEED    13   HIGHEST WIND DIRECTION     E (100)
  HIGHEST GUST SPEED    16   HIGHEST GUST DIRECTION     E (80)
  AVERAGE WIND SPEED     8.5


SKY COVER
  POSSIBLE SUNSHINE  MM
  AVERAGE SKY COVER 0.9


WEATHER CONDITIONS
 THE FOLLOWING WEATHER WAS RECORDED YESTERDAY.
  FOG


RELATIVE HUMIDITY (PERCENT)
 HIGHEST    92          1100 PM
 LOWEST     25          1200 AM
 AVERAGE    59

..........................................................


THE SALINA KS CLIMATE NORMALS FOR TODAY
                         NORMAL    RECORD    YEAR
 MAXIMUM TEMPERATURE (F)   58        86      1907
 MINIMUM TEMPERATURE (F)   35        -7      1923


SUNRISE AND SUNSET
MARCH 19 2015.........SUNRISE   736 AM CDT   SUNSET   741 PM CDT
MARCH 20 2015.........SUNRISE   734 AM CDT   SUNSET   742 PM CDT


-  INDICATES NEGATIVE NUMBERS.
R  INDICATES RECORD WAS SET OR TIED.
MM INDICATES DATA IS MISSING.
T  INDICATES TRACE AMOUNT.




$$
