000
CDUS43 KICT 080620
CLISLN

CLIMATE REPORT
NATIONAL WEATHER SERVICE WICHITA KS
1220 AM CST WED MAR 8 2017


...................................

...THE SALINA KS CLIMATE SUMMARY FOR MARCH 7 2017...

CLIMATE NORMAL PERIOD 1981 TO 2010
CLIMATE RECORD PERIOD 1894 TO 2017


WEATHER ITEM   OBSERVED TIME   RECORD YEAR NORMAL DEPARTURE LAST
                VALUE   (LST)  VALUE       VALUE  FROM      YEAR
                                                  NORMAL
..................................................................
TEMPERATURE (F)
 YESTERDAY
  MAXIMUM         66    325 PM  78    2016  54     12       78
  MINIMUM         28    446 AM  -4    1920  31     -3       61
  AVERAGE         47                        42      5       70

PRECIPITATION (IN)
  YESTERDAY        0.00          0.43 1969   0.07  -0.07     0.00
  MONTH TO DATE    0.00                      0.43  -0.43      T
  SINCE MAR 1      0.00                      0.43  -0.43      T
  SINCE JAN 1      2.10                      2.23  -0.13     1.24

DEGREE DAYS
 HEATING
  YESTERDAY       18                        23     -5        0
  MONTH TO DATE   92                       166    -74       86
  SINCE MAR 1     92                       166    -74       86
  SINCE JUL 1   2760                      4007  -1247     3072

 COOLING
  YESTERDAY        0                         0      0        5
  MONTH TO DATE    0                         0      0        5
  SINCE MAR 1      0                         0      0        5
  SINCE JAN 1      0                         0      0        5
..................................................................


WIND (MPH)
  HIGHEST WIND SPEED    37   HIGHEST WIND DIRECTION     W (290)
  HIGHEST GUST SPEED    50   HIGHEST GUST DIRECTION     W (280)
  AVERAGE WIND SPEED    15.5


SKY COVER
  POSSIBLE SUNSHINE  MM
  AVERAGE SKY COVER 0.0


WEATHER CONDITIONS
 THE FOLLOWING WEATHER WAS RECORDED YESTERDAY.
  NO SIGNIFICANT WEATHER WAS OBSERVED.


RELATIVE HUMIDITY (PERCENT)
 HIGHEST    58           500 AM
 LOWEST      7           300 PM
 AVERAGE    33

..........................................................


THE SALINA KS CLIMATE NORMALS FOR TODAY
                         NORMAL    RECORD    YEAR
 MAXIMUM TEMPERATURE (F)   54        78      1970
 MINIMUM TEMPERATURE (F)   32        -1      1967


SUNRISE AND SUNSET
MARCH  8 2017.........SUNRISE   652 AM CST   SUNSET   631 PM CST
MARCH  9 2017.........SUNRISE   651 AM CST   SUNSET   632 PM CST


-  INDICATES NEGATIVE NUMBERS.
R  INDICATES RECORD WAS SET OR TIED.
MM INDICATES DATA IS MISSING.
T  INDICATES TRACE AMOUNT.




$$
