377
CDUS43 KICT 100645
CLISLN


CLIMATE REPORT
NATIONAL WEATHER SERVICE WICHITA KS
1245 AM CST SUN DEC 10 2017


...................................

...THE SALINA KS CLIMATE SUMMARY FOR DECEMBER 9 2017...

CLIMATE NORMAL PERIOD 1981 TO 2010
CLIMATE RECORD PERIOD 1894 TO 2017


WEATHER ITEM   OBSERVED TIME   RECORD YEAR NORMAL DEPARTURE LAST
                VALUE   (LST)  VALUE       VALUE  FROM      YEAR
                                                  NORMAL
..................................................................
TEMPERATURE (F)
 YESTERDAY
  MAXIMUM         53    323 PM  73    1939  43     10       29
  MINIMUM         28    736 AM  -6    2009  23      5        9
  AVERAGE         41                        33      8       19

PRECIPITATION (IN)
  YESTERDAY        0.00          0.50 1980   0.04  -0.04     0.00
  MONTH TO DATE    0.00                      0.33  -0.33     0.53
  SINCE DEC 1      0.00                      0.33  -0.33     0.53
  SINCE JAN 1     25.38                     30.89  -5.51    27.05

DEGREE DAYS
 HEATING
  YESTERDAY       24                        32     -8       46
  MONTH TO DATE  219                       273    -54      294
  SINCE DEC 1    219                       273    -54      294
  SINCE JUL 1    975                      1225   -250      837

 COOLING
  YESTERDAY        0                         0      0        0
  MONTH TO DATE    0                         0      0        0
  SINCE DEC 1      0                         0      0        0
  SINCE JAN 1   1965                      1647    318     2009
..................................................................


WIND (MPH)
  HIGHEST WIND SPEED    22   HIGHEST WIND DIRECTION    NW (330)
  HIGHEST GUST SPEED    27   HIGHEST GUST DIRECTION    NW (330)
  AVERAGE WIND SPEED    10.9


SKY COVER
  POSSIBLE SUNSHINE  MM
  AVERAGE SKY COVER 0.0


WEATHER CONDITIONS
 THE FOLLOWING WEATHER WAS RECORDED YESTERDAY.
  NO SIGNIFICANT WEATHER WAS OBSERVED.


RELATIVE HUMIDITY (PERCENT)
 HIGHEST    78           700 AM
 LOWEST     32           300 PM
 AVERAGE    55

..........................................................


THE SALINA KS CLIMATE NORMALS FOR TODAY
                         NORMAL    RECORD    YEAR
 MAXIMUM TEMPERATURE (F)   43        72      1939
 MINIMUM TEMPERATURE (F)   23       -12      1919


SUNRISE AND SUNSET
DECEMBER 10 2017......SUNRISE   738 AM CST   SUNSET   509 PM CST
DECEMBER 11 2017......SUNRISE   739 AM CST   SUNSET   509 PM CST


-  INDICATES NEGATIVE NUMBERS.
R  INDICATES RECORD WAS SET OR TIED.
MM INDICATES DATA IS MISSING.
T  INDICATES TRACE AMOUNT.




$$
