000
CDUS43 KICT 250630
CLISLN


CLIMATE REPORT
NATIONAL WEATHER SERVICE WICHITA KS
130 AM CDT SAT OCT 25 2014


...................................

...THE SALINA KS CLIMATE SUMMARY FOR OCTOBER 24 2014...

CLIMATE NORMAL PERIOD 1981 TO 2010
CLIMATE RECORD PERIOD 1894 TO 2014


WEATHER ITEM   OBSERVED TIME   RECORD YEAR NORMAL DEPARTURE LAST
                VALUE   (LST)  VALUE       VALUE  FROM      YEAR
                                                  NORMAL
..................................................................
TEMPERATURE (F)
 YESTERDAY
  MAXIMUM         85    240 PM  92    1939  66     19       53
  MINIMUM         58    731 AM  26    1972  43     15       32
  AVERAGE         72                        55     17       43

PRECIPITATION (IN)
  YESTERDAY        0.00          0.97 2000   0.06  -0.06     0.00
  MONTH TO DATE    1.56                      1.90  -0.34     0.80
  SINCE SEP 1      5.70                      4.60   1.10     2.43
  SINCE JAN 1     26.98                     28.94  -1.96    28.67

DEGREE DAYS
 HEATING
  YESTERDAY        0                        11    -11       22
  MONTH TO DATE  138                       182    -44      201
  SINCE SEP 1    178                       233    -55      210
  SINCE JUL 1    178                       234    -56      213

 COOLING
  YESTERDAY        7                         0      7        0
  MONTH TO DATE   27                        32     -5       55
  SINCE SEP 1    227                       237    -10      356
  SINCE JAN 1   1785                      1644    141     1750
..................................................................


WIND (MPH)
  HIGHEST WIND SPEED    17   HIGHEST WIND DIRECTION    SW (210)
  HIGHEST GUST SPEED    22   HIGHEST GUST DIRECTION     S (190)
  AVERAGE WIND SPEED     8.8


SKY COVER
  POSSIBLE SUNSHINE  MM
  AVERAGE SKY COVER 0.0


WEATHER CONDITIONS
 THE FOLLOWING WEATHER WAS RECORDED YESTERDAY.
  FOG
  HAZE


RELATIVE HUMIDITY (PERCENT)
 HIGHEST    93          1200 AM
 LOWEST     48           300 PM
 AVERAGE    71

..........................................................


THE SALINA KS CLIMATE NORMALS FOR TODAY
                         NORMAL    RECORD    YEAR
 MAXIMUM TEMPERATURE (F)   66        91      1927
 MINIMUM TEMPERATURE (F)   43        24      1975


SUNRISE AND SUNSET
OCTOBER 25 2014.......SUNRISE   750 AM CDT   SUNSET   639 PM CDT
OCTOBER 26 2014.......SUNRISE   751 AM CDT   SUNSET   637 PM CDT


-  INDICATES NEGATIVE NUMBERS.
R  INDICATES RECORD WAS SET OR TIED.
MM INDICATES DATA IS MISSING.
T  INDICATES TRACE AMOUNT.




$$
