000
CDUS43 KICT 180629
CLISLN


CLIMATE REPORT
NATIONAL WEATHER SERVICE WICHITA KS
129 AM CDT FRI AUG 18 2017


...................................

...THE SALINA KS CLIMATE SUMMARY FOR AUGUST 17 2017...

CLIMATE NORMAL PERIOD 1981 TO 2010
CLIMATE RECORD PERIOD 1894 TO 2017


WEATHER ITEM   OBSERVED TIME   RECORD YEAR NORMAL DEPARTURE LAST
                VALUE   (LST)  VALUE       VALUE  FROM      YEAR
                                                  NORMAL
..................................................................
TEMPERATURE (F)
 YESTERDAY
  MAXIMUM         92    528 PM 109    1909  91      1       99
  MINIMUM         62    608 AM  54    2012  68     -6       69
  AVERAGE         77                        80     -3       84

PRECIPITATION (IN)
  YESTERDAY        0.00          1.80 1928   0.13  -0.13     0.00
  MONTH TO DATE    0.68                      2.25  -1.57     1.01
  SINCE JUN 1      4.06                     10.65  -6.59     3.79
  SINCE JAN 1     17.30                     22.64  -5.34    15.61

DEGREE DAYS
 HEATING
  YESTERDAY        0                         0      0        0
  MONTH TO DATE    0                         0      0        0
  SINCE JUN 1      0                         7     -7        0
  SINCE JUL 1      0                         0      0        0

 COOLING
  YESTERDAY       12                        15     -3       19
  MONTH TO DATE  183                       266    -83      297
  SINCE JUN 1   1238                      1092    146     1377
  SINCE JAN 1   1398                      1220    178     1502
..................................................................


WIND (MPH)
  HIGHEST WIND SPEED    15   HIGHEST WIND DIRECTION    NW (320)
  HIGHEST GUST SPEED    18   HIGHEST GUST DIRECTION     N (340)
  AVERAGE WIND SPEED     6.7


SKY COVER
  POSSIBLE SUNSHINE  MM
  AVERAGE SKY COVER 0.0


WEATHER CONDITIONS
 THE FOLLOWING WEATHER WAS RECORDED YESTERDAY.
  NO SIGNIFICANT WEATHER WAS OBSERVED.


RELATIVE HUMIDITY (PERCENT)
 HIGHEST    93           500 AM
 LOWEST     26           300 PM
 AVERAGE    60

..........................................................


THE SALINA KS CLIMATE NORMALS FOR TODAY
                         NORMAL    RECORD    YEAR
 MAXIMUM TEMPERATURE (F)   91       110      1936
 MINIMUM TEMPERATURE (F)   68        54      1919


SUNRISE AND SUNSET
AUGUST 18 2017........SUNRISE   647 AM CDT   SUNSET   821 PM CDT
AUGUST 19 2017........SUNRISE   648 AM CDT   SUNSET   819 PM CDT


-  INDICATES NEGATIVE NUMBERS.
R  INDICATES RECORD WAS SET OR TIED.
MM INDICATES DATA IS MISSING.
T  INDICATES TRACE AMOUNT.




$$
