000
CDUS43 KICT 060625
CLISLN

CLIMATE REPORT
NATIONAL WEATHER SERVICE WICHITA KS
1225 AM CST FRI MAR 6 2015


...................................

...THE SALINA KS CLIMATE SUMMARY FOR MARCH 5 2015...

CLIMATE NORMAL PERIOD 1981 TO 2010
CLIMATE RECORD PERIOD 1894 TO 2015


WEATHER ITEM   OBSERVED TIME   RECORD YEAR NORMAL DEPARTURE LAST
                VALUE   (LST)  VALUE       VALUE  FROM      YEAR
                                                  NORMAL
..................................................................
TEMPERATURE (F)
 YESTERDAY
  MAXIMUM         47    352 PM  85    2009  53     -6       36
  MINIMUM         13    721 AM   1    1960  31    -18       27
  AVERAGE         30                        42    -12       32

PRECIPITATION (IN)
  YESTERDAY        0.00          0.20 1992   0.06  -0.06      T
  MONTH TO DATE    0.00                      0.29  -0.29     0.13
  SINCE MAR 1      0.00                      0.29  -0.29     0.13
  SINCE JAN 1      1.44                      2.09  -0.65     1.94

DEGREE DAYS
 HEATING
  YESTERDAY       35                        23     12       33
  MONTH TO DATE  173                       120     53      235
  SINCE MAR 1    173                       120     53      235
  SINCE JUL 1   4002                      3961     41     4485

 COOLING
  YESTERDAY        0                         0      0        0
  MONTH TO DATE    0                         0      0        0
  SINCE MAR 1      0                         0      0        0
  SINCE JAN 1      0                         0      0        0
..................................................................


WIND (MPH)
  HIGHEST WIND SPEED    14   HIGHEST WIND DIRECTION    SE (120)
  HIGHEST GUST SPEED    18   HIGHEST GUST DIRECTION     S (190)
  AVERAGE WIND SPEED     7.3


SKY COVER
  POSSIBLE SUNSHINE  MM
  AVERAGE SKY COVER 0.0


WEATHER CONDITIONS
 THE FOLLOWING WEATHER WAS RECORDED YESTERDAY.
  NO SIGNIFICANT WEATHER WAS OBSERVED.


RELATIVE HUMIDITY (PERCENT)
 HIGHEST    67           100 AM
 LOWEST     17           400 PM
 AVERAGE    42

..........................................................


THE SALINA KS CLIMATE NORMALS FOR TODAY
                         NORMAL    RECORD    YEAR
 MAXIMUM TEMPERATURE (F)   53        87      1925
 MINIMUM TEMPERATURE (F)   31        -1      1960


SUNRISE AND SUNSET
MARCH  6 2015.........SUNRISE   656 AM CST   SUNSET   628 PM CST
MARCH  7 2015.........SUNRISE   654 AM CST   SUNSET   629 PM CST


-  INDICATES NEGATIVE NUMBERS.
R  INDICATES RECORD WAS SET OR TIED.
MM INDICATES DATA IS MISSING.
T  INDICATES TRACE AMOUNT.




$$
