000
CDUS43 KICT 160626
CLISLN


CLIMATE REPORT
NATIONAL WEATHER SERVICE WICHITA KS
124 AM CDT MON OCT 16 2017


...................................

...THE SALINA KS CLIMATE SUMMARY FOR OCTOBER 15 2017...

CLIMATE NORMAL PERIOD 1981 TO 2010
CLIMATE RECORD PERIOD 1894 TO 2017


WEATHER ITEM   OBSERVED TIME   RECORD YEAR NORMAL DEPARTURE LAST
                VALUE   (LST)  VALUE       VALUE  FROM      YEAR
                                                  NORMAL
..................................................................
TEMPERATURE (F)
 YESTERDAY
  MAXIMUM         65    406 PM  91    1938  69     -4       83
  MINIMUM         43   1141 PM  26    1952  46     -3       62
  AVERAGE         54                        58     -4       73

PRECIPITATION (IN)
  YESTERDAY        0.00          1.46 1963   0.08  -0.08     0.00
  MONTH TO DATE    5.74                      1.23   4.51     1.56
  SINCE SEP 1      7.57                      3.93   3.64     2.76
  SINCE JAN 1     25.28                     28.27  -2.99    25.20

DEGREE DAYS
 HEATING
  YESTERDAY       11                         8      3        0
  MONTH TO DATE   57                        96    -39       61
  SINCE SEP 1     65                       147    -82       77
  SINCE JUL 1     65                       148    -83       77

 COOLING
  YESTERDAY        0                         1     -1        8
  MONTH TO DATE   57                        26     31       24
  SINCE SEP 1    375                       231    144      290
  SINCE JAN 1   1956                      1638    318     1960
..................................................................


WIND (MPH)
  HIGHEST WIND SPEED    24   HIGHEST WIND DIRECTION     N (340)
  HIGHEST GUST SPEED    31   HIGHEST GUST DIRECTION     N (340)
  AVERAGE WIND SPEED     9.3


SKY COVER
  POSSIBLE SUNSHINE  MM
  AVERAGE SKY COVER 0.1


WEATHER CONDITIONS
 THE FOLLOWING WEATHER WAS RECORDED YESTERDAY.
  LIGHT RAIN


RELATIVE HUMIDITY (PERCENT)
 HIGHEST    86           900 PM
 LOWEST     31           400 PM
 AVERAGE    59

..........................................................


THE SALINA KS CLIMATE NORMALS FOR TODAY
                         NORMAL    RECORD    YEAR
 MAXIMUM TEMPERATURE (F)   69        89      2016
 MINIMUM TEMPERATURE (F)   46        24      1966


SUNRISE AND SUNSET
OCTOBER 16 2017.......SUNRISE   741 AM CDT   SUNSET   650 PM CDT
OCTOBER 17 2017.......SUNRISE   742 AM CDT   SUNSET   649 PM CDT


-  INDICATES NEGATIVE NUMBERS.
R  INDICATES RECORD WAS SET OR TIED.
MM INDICATES DATA IS MISSING.
T  INDICATES TRACE AMOUNT.




$$
