000
CDUS43 KICT 200637
CLISLN


CLIMATE REPORT
NATIONAL WEATHER SERVICE WICHITA KS
1237 AM CST SAT JAN 20 2018


...................................

...THE SALINA KS CLIMATE SUMMARY FOR JANUARY 19 2018...

CLIMATE NORMAL PERIOD 1981 TO 2010
CLIMATE RECORD PERIOD 1894 TO 2018


WEATHER ITEM   OBSERVED TIME   RECORD YEAR NORMAL DEPARTURE LAST
                VALUE   (LST)  VALUE       VALUE  FROM      YEAR
                                                  NORMAL
..................................................................
TEMPERATURE (F)
 YESTERDAY
  MAXIMUM         51    443 PM  68    2014  42      9       48
                                      2003
  MINIMUM         30    832 AM -14    1943  20     10       46
  AVERAGE         41                        31     10       47

PRECIPITATION (IN)
  YESTERDAY        0.00          0.64 1980   0.02  -0.02      T
  MONTH TO DATE    0.13                      0.33  -0.20     2.02
  SINCE DEC 1      0.18                      1.27  -1.09     2.87
  SINCE JAN 1      0.13                      0.33  -0.20     2.02

DEGREE DAYS
 HEATING
  YESTERDAY       24                        34    -10       18
  MONTH TO DATE  727                       646     81      248
  SINCE DEC 1   1660                      1658      2     1274
  SINCE JUL 1   2416                      2610   -194     1817

 COOLING
  YESTERDAY        0                         0      0        0
  MONTH TO DATE    0                         0      0        0
  SINCE DEC 1      0                         0      0        0
  SINCE JAN 1      0                         0      0        0
..................................................................


WIND (MPH)
  HIGHEST WIND SPEED    20   HIGHEST WIND DIRECTION     S (200)
  HIGHEST GUST SPEED    25   HIGHEST GUST DIRECTION     S (190)
  AVERAGE WIND SPEED    12.8


SKY COVER
  POSSIBLE SUNSHINE  MM
  AVERAGE SKY COVER 0.0


WEATHER CONDITIONS
 THE FOLLOWING WEATHER WAS RECORDED YESTERDAY.
  NO SIGNIFICANT WEATHER WAS OBSERVED.


RELATIVE HUMIDITY (PERCENT)
 HIGHEST    69           300 AM
 LOWEST     41           400 PM
 AVERAGE    55

..........................................................


THE SALINA KS CLIMATE NORMALS FOR TODAY
                         NORMAL    RECORD    YEAR
 MAXIMUM TEMPERATURE (F)   42        72      1986
 MINIMUM TEMPERATURE (F)   20       -16      1962


SUNRISE AND SUNSET
JANUARY 20 2018.......SUNRISE   745 AM CST   SUNSET   539 PM CST
JANUARY 21 2018.......SUNRISE   745 AM CST   SUNSET   540 PM CST


-  INDICATES NEGATIVE NUMBERS.
R  INDICATES RECORD WAS SET OR TIED.
MM INDICATES DATA IS MISSING.
T  INDICATES TRACE AMOUNT.




$$
