000
CDUS43 KICT 200640
CLISLN


CLIMATE REPORT
NATIONAL WEATHER SERVICE WICHITA KS
1238 AM CST TUE JAN 20 2015


...................................

...THE SALINA KS CLIMATE SUMMARY FOR JANUARY 19 2015...

CLIMATE NORMAL PERIOD 1981 TO 2010
CLIMATE RECORD PERIOD 1894 TO 2015


WEATHER ITEM   OBSERVED TIME   RECORD YEAR NORMAL DEPARTURE LAST
                VALUE   (LST)  VALUE       VALUE  FROM      YEAR
                                                  NORMAL
..................................................................
TEMPERATURE (F)
 YESTERDAY
  MAXIMUM         65    344 PM  68    2014  42     23       68
                                      2003
  MINIMUM         27    440 AM -14    1943  20      7       23
  AVERAGE         46                        31     15       46

PRECIPITATION (IN)
  YESTERDAY        0.00          0.64 1980   0.02  -0.02     0.00
  MONTH TO DATE    0.02                      0.33  -0.31     0.49
  SINCE DEC 1      1.92                      1.27   0.65     1.71
  SINCE JAN 1      0.02                      0.33  -0.31     0.49

DEGREE DAYS
 HEATING
  YESTERDAY       19                        34    -15       19
  MONTH TO DATE  724                       646     78      658
  SINCE DEC 1   1617                      1658    -41     1810
  SINCE JUL 1   2614                      2610      4     2798

 COOLING
  YESTERDAY        0                         0      0        0
  MONTH TO DATE    0                         0      0        0
  SINCE DEC 1      0                         0      0        0
  SINCE JAN 1      0                         0      0        0
..................................................................


WIND (MPH)
  HIGHEST WIND SPEED    22   HIGHEST WIND DIRECTION    NW (330)
  HIGHEST GUST SPEED    25   HIGHEST GUST DIRECTION    NW (320)
  AVERAGE WIND SPEED     7.4


SKY COVER
  POSSIBLE SUNSHINE  MM
  AVERAGE SKY COVER 0.0


WEATHER CONDITIONS
 THE FOLLOWING WEATHER WAS RECORDED YESTERDAY.
  NO SIGNIFICANT WEATHER WAS OBSERVED.


RELATIVE HUMIDITY (PERCENT)
 HIGHEST    78           800 AM
 LOWEST     32          1200 PM
 AVERAGE    55

..........................................................


THE SALINA KS CLIMATE NORMALS FOR TODAY
                         NORMAL    RECORD    YEAR
 MAXIMUM TEMPERATURE (F)   42        72      1986
 MINIMUM TEMPERATURE (F)   20       -16      1962


SUNRISE AND SUNSET
JANUARY 20 2015.......SUNRISE   745 AM CST   SUNSET   538 PM CST
JANUARY 21 2015.......SUNRISE   745 AM CST   SUNSET   539 PM CST


-  INDICATES NEGATIVE NUMBERS.
R  INDICATES RECORD WAS SET OR TIED.
MM INDICATES DATA IS MISSING.
T  INDICATES TRACE AMOUNT.




$$
