000
CDUS43 KICT 140645
CLISLN


CLIMATE REPORT
NATIONAL WEATHER SERVICE WICHITA KS
144 AM CDT MON AUG 14 2017


...................................

...THE SALINA KS CLIMATE SUMMARY FOR AUGUST 13 2017...

CLIMATE NORMAL PERIOD 1981 TO 2010
CLIMATE RECORD PERIOD 1894 TO 2017


WEATHER ITEM   OBSERVED TIME   RECORD YEAR NORMAL DEPARTURE LAST
                VALUE   (LST)  VALUE       VALUE  FROM      YEAR
                                                  NORMAL
..................................................................
TEMPERATURE (F)
 YESTERDAY
  MAXIMUM         88    321 PM 118    1936  92     -4       92
  MINIMUM         63    540 AM  52    1920  69     -6       66
  AVERAGE         76                        80     -4       79

PRECIPITATION (IN)
  YESTERDAY        0.00          2.53 1975   0.13  -0.13     0.00
  MONTH TO DATE    0.13                      1.74  -1.61     1.01
  SINCE JUN 1      3.51                     10.14  -6.63     3.79
  SINCE JAN 1     16.75                     22.13  -5.38    15.61

DEGREE DAYS
 HEATING
  YESTERDAY        0                         0      0        0
  MONTH TO DATE    0                         0      0        0
  SINCE JUN 1      0                         7     -7        0
  SINCE JUL 1      0                         0      0        0

 COOLING
  YESTERDAY       11                        15     -4       14
  MONTH TO DATE  122                       206    -84      231
  SINCE JUN 1   1177                      1032    145     1311
  SINCE JAN 1   1337                      1160    177     1436
..................................................................


WIND (MPH)
  HIGHEST WIND SPEED    15   HIGHEST WIND DIRECTION     S (200)
  HIGHEST GUST SPEED    19   HIGHEST GUST DIRECTION     S (190)
  AVERAGE WIND SPEED     7.2


SKY COVER
  POSSIBLE SUNSHINE  MM
  AVERAGE SKY COVER 0.4


WEATHER CONDITIONS
 THE FOLLOWING WEATHER WAS RECORDED YESTERDAY.
  NO SIGNIFICANT WEATHER WAS OBSERVED.


RELATIVE HUMIDITY (PERCENT)
 HIGHEST    87           200 AM
 LOWEST     46           300 PM
 AVERAGE    67

..........................................................


THE SALINA KS CLIMATE NORMALS FOR TODAY
                         NORMAL    RECORD    YEAR
 MAXIMUM TEMPERATURE (F)   92       110      1936
 MINIMUM TEMPERATURE (F)   69        47      1920


SUNRISE AND SUNSET
AUGUST 14 2017........SUNRISE   644 AM CDT   SUNSET   826 PM CDT
AUGUST 15 2017........SUNRISE   645 AM CDT   SUNSET   825 PM CDT


-  INDICATES NEGATIVE NUMBERS.
R  INDICATES RECORD WAS SET OR TIED.
MM INDICATES DATA IS MISSING.
T  INDICATES TRACE AMOUNT.




$$
