000
CDUS43 KICT 200636
CLISLN


CLIMATE REPORT
NATIONAL WEATHER SERVICE WICHITA KS
136 AM CDT FRI MAR 20 2015


...................................

...THE SALINA KS CLIMATE SUMMARY FOR MARCH 19 2015...

CLIMATE NORMAL PERIOD 1981 TO 2010
CLIMATE RECORD PERIOD 1894 TO 2015


WEATHER ITEM   OBSERVED TIME   RECORD YEAR NORMAL DEPARTURE LAST
                VALUE   (LST)  VALUE       VALUE  FROM      YEAR
                                                  NORMAL
..................................................................
TEMPERATURE (F)
 YESTERDAY
  MAXIMUM         50    326 PM  86    1907  58     -8       59
  MINIMUM         36   1159 PM  -7    1923  35      1       28
  AVERAGE         43                        46     -3       44

PRECIPITATION (IN)
  YESTERDAY        T             1.08 1964   0.08  -0.08      T
  MONTH TO DATE    T                         1.33  -1.33     0.18
  SINCE MAR 1      T                         1.33  -1.33     0.18
  SINCE JAN 1      1.44                      3.13  -1.69     1.99

DEGREE DAYS
 HEATING
  YESTERDAY       22                        19      3       21
  MONTH TO DATE  356                       409    -53      502
  SINCE MAR 1    356                       409    -53      502
  SINCE JUL 1   4185                      4250    -65     4752

 COOLING
  YESTERDAY        0                         0      0        0
  MONTH TO DATE    1                         0      1        0
  SINCE MAR 1      1                         0      1        0
  SINCE JAN 1      1                         0      1        0
..................................................................


WIND (MPH)
  HIGHEST WIND SPEED    13   HIGHEST WIND DIRECTION     N (350)
  HIGHEST GUST SPEED    16   HIGHEST GUST DIRECTION     N (350)
  AVERAGE WIND SPEED     5.6


SKY COVER
  POSSIBLE SUNSHINE  MM
  AVERAGE SKY COVER 0.8


WEATHER CONDITIONS
 THE FOLLOWING WEATHER WAS RECORDED YESTERDAY.
  LIGHT RAIN
  FOG


RELATIVE HUMIDITY (PERCENT)
 HIGHEST    92          1200 AM
 LOWEST     61           300 PM
 AVERAGE    77

..........................................................


THE SALINA KS CLIMATE NORMALS FOR TODAY
                         NORMAL    RECORD    YEAR
 MAXIMUM TEMPERATURE (F)   59        86      1934
 MINIMUM TEMPERATURE (F)   35         6      1914


SUNRISE AND SUNSET
MARCH 20 2015.........SUNRISE   734 AM CDT   SUNSET   742 PM CDT
MARCH 21 2015.........SUNRISE   733 AM CDT   SUNSET   743 PM CDT


-  INDICATES NEGATIVE NUMBERS.
R  INDICATES RECORD WAS SET OR TIED.
MM INDICATES DATA IS MISSING.
T  INDICATES TRACE AMOUNT.




$$
