699
CDUS43 KICT 060634
CLISLN


CLIMATE REPORT
NATIONAL WEATHER SERVICE WICHITA KS
134 AM CDT FRI OCT 6 2017


...................................

...THE SALINA KS CLIMATE SUMMARY FOR OCTOBER 5 2017...

CLIMATE NORMAL PERIOD 1981 TO 2010
CLIMATE RECORD PERIOD 1894 TO 2017


WEATHER ITEM   OBSERVED TIME   RECORD YEAR NORMAL DEPARTURE LAST
                VALUE   (LST)  VALUE       VALUE  FROM      YEAR
                                                  NORMAL
..................................................................
TEMPERATURE (F)
 YESTERDAY
  MAXIMUM         80    227 PM  96    1956  73      7       79
  MINIMUM         62   1243 AM  33    1953  50     12       48
  AVERAGE         71                        62      9       64

PRECIPITATION (IN)
  YESTERDAY        0.14          1.33 1984   0.08   0.06     0.00
  MONTH TO DATE    2.98                      0.44   2.54     1.23
  SINCE SEP 1      4.81                      3.14   1.67     2.43
  SINCE JAN 1     22.52                     27.48  -4.96    24.87

DEGREE DAYS
 HEATING
  YESTERDAY        0                         6     -6        1
  MONTH TO DATE    5                        26    -21        2
  SINCE SEP 1     13                        77    -64       18
  SINCE JUL 1     13                        78    -65       18

 COOLING
  YESTERDAY        6                         2      4        0
  MONTH TO DATE   35                        12     23       14
  SINCE SEP 1    353                       217    136      280
  SINCE JAN 1   1934                      1624    310     1950
..................................................................


WIND (MPH)
  HIGHEST WIND SPEED    18   HIGHEST WIND DIRECTION     S (200)
  HIGHEST GUST SPEED    22   HIGHEST GUST DIRECTION     S (190)
  AVERAGE WIND SPEED     6.3


SKY COVER
  POSSIBLE SUNSHINE  MM
  AVERAGE SKY COVER 0.9


WEATHER CONDITIONS
 THE FOLLOWING WEATHER WAS RECORDED YESTERDAY.
  HEAVY RAIN
  RAIN
  LIGHT RAIN
  FOG


RELATIVE HUMIDITY (PERCENT)
 HIGHEST   100           800 AM
 LOWEST     74           200 PM
 AVERAGE    87

..........................................................


THE SALINA KS CLIMATE NORMALS FOR TODAY
                         NORMAL    RECORD    YEAR
 MAXIMUM TEMPERATURE (F)   73        94      1963
 MINIMUM TEMPERATURE (F)   50        26      1952


SUNRISE AND SUNSET
OCTOBER  6 2017.......SUNRISE   731 AM CDT   SUNSET   705 PM CDT
OCTOBER  7 2017.......SUNRISE   732 AM CDT   SUNSET   704 PM CDT


-  INDICATES NEGATIVE NUMBERS.
R  INDICATES RECORD WAS SET OR TIED.
MM INDICATES DATA IS MISSING.
T  INDICATES TRACE AMOUNT.




$$
