000
CDUS43 KICT 030625
CLISLN


CLIMATE REPORT
NATIONAL WEATHER SERVICE WICHITA KS
1224 AM CST SUN DEC 3 2017


...................................

...THE SALINA KS CLIMATE SUMMARY FOR DECEMBER 2 2017...

CLIMATE NORMAL PERIOD 1981 TO 2010
CLIMATE RECORD PERIOD 1894 TO 2017


WEATHER ITEM   OBSERVED TIME   RECORD YEAR NORMAL DEPARTURE LAST
                VALUE   (LST)  VALUE       VALUE  FROM      YEAR
                                                  NORMAL
..................................................................
TEMPERATURE (F)
 YESTERDAY
  MAXIMUM         63    322 PM  70    1988  46     17       51
  MINIMUM         31    743 AM   2    1985  25      6       18
  AVERAGE         47                        36     11       35

PRECIPITATION (IN)
  YESTERDAY        0.00          0.98 1953   0.04  -0.04     0.00
  MONTH TO DATE    0.00                      0.08  -0.08     0.00
  SINCE DEC 1      0.00                      0.08  -0.08     0.00
  SINCE JAN 1     25.38                     30.64  -5.26    26.52

DEGREE DAYS
 HEATING
  YESTERDAY       18                        29    -11       30
  MONTH TO DATE   36                        58    -22       60
  SINCE DEC 1     36                        58    -22       60
  SINCE JUL 1    792                      1010   -218      603

 COOLING
  YESTERDAY        0                         0      0        0
  MONTH TO DATE    0                         0      0        0
  SINCE DEC 1      0                         0      0        0
  SINCE JAN 1   1965                      1647    318     2009
..................................................................


WIND (MPH)
  HIGHEST WIND SPEED    12   HIGHEST WIND DIRECTION     N (360)
  HIGHEST GUST SPEED    14   HIGHEST GUST DIRECTION     N (350)
  AVERAGE WIND SPEED     3.3


SKY COVER
  POSSIBLE SUNSHINE  MM
  AVERAGE SKY COVER 0.0


WEATHER CONDITIONS
 THE FOLLOWING WEATHER WAS RECORDED YESTERDAY.
  NO SIGNIFICANT WEATHER WAS OBSERVED.


RELATIVE HUMIDITY (PERCENT)
 HIGHEST    92           700 AM
 LOWEST     36           300 PM
 AVERAGE    64

..........................................................


THE SALINA KS CLIMATE NORMALS FOR TODAY
                         NORMAL    RECORD    YEAR
 MAXIMUM TEMPERATURE (F)   46        70      2013
 MINIMUM TEMPERATURE (F)   25         0      1919


SUNRISE AND SUNSET
DECEMBER  3 2017......SUNRISE   732 AM CST   SUNSET   509 PM CST
DECEMBER  4 2017......SUNRISE   733 AM CST   SUNSET   509 PM CST


-  INDICATES NEGATIVE NUMBERS.
R  INDICATES RECORD WAS SET OR TIED.
MM INDICATES DATA IS MISSING.
T  INDICATES TRACE AMOUNT.




$$
