000
CDUS43 KICT 080633
CLISLN


CLIMATE REPORT
NATIONAL WEATHER SERVICE WICHITA KS
133 AM CDT SUN MAY 8 2016


...................................

...THE SALINA KS CLIMATE SUMMARY FOR MAY 7 2016...

CLIMATE NORMAL PERIOD 1981 TO 2010
CLIMATE RECORD PERIOD 1894 TO 2016


WEATHER ITEM   OBSERVED TIME   RECORD YEAR NORMAL DEPARTURE LAST
                VALUE   (LST)  VALUE       VALUE  FROM      YEAR
                                                  NORMAL
..................................................................
TEMPERATURE (F)
 YESTERDAY
  MAXIMUM         86    239 PM  99    1895  74     12       79
  MINIMUM         53    434 AM  35    1951  51      2       60
  AVERAGE         70                        62      8       70

PRECIPITATION (IN)
  YESTERDAY        0.00          2.30 1995   0.14  -0.14     0.21
  MONTH TO DATE    0.00                      0.90  -0.90     2.39
  SINCE MAR 1      5.07                      6.34  -1.27     4.27
  SINCE JAN 1      6.31                      8.14  -1.83     5.71

DEGREE DAYS
 HEATING
  YESTERDAY        0                         5     -5        0
  MONTH TO DATE   38                        38      0        2
  SINCE MAR 1    670                       965   -295      734
  SINCE JUL 1   3656                      4806  -1150     4563

 COOLING
  YESTERDAY        5                         2      3        5
  MONTH TO DATE    6                        11     -5       39
  SINCE MAR 1     40                        36      4       51
  SINCE JAN 1     40                        36      4       51
..................................................................


WIND (MPH)
  HIGHEST WIND SPEED    20   HIGHEST WIND DIRECTION    SE (150)
  HIGHEST GUST SPEED    26   HIGHEST GUST DIRECTION    SE (140)
  AVERAGE WIND SPEED     9.1


SKY COVER
  POSSIBLE SUNSHINE  MM
  AVERAGE SKY COVER 0.0


WEATHER CONDITIONS
 THE FOLLOWING WEATHER WAS RECORDED YESTERDAY.
  NO SIGNIFICANT WEATHER WAS OBSERVED.


RELATIVE HUMIDITY (PERCENT)
 HIGHEST    86           600 AM
 LOWEST     37           100 PM
 AVERAGE    62

..........................................................


THE SALINA KS CLIMATE NORMALS FOR TODAY
                         NORMAL    RECORD    YEAR
 MAXIMUM TEMPERATURE (F)   74        96      1895
 MINIMUM TEMPERATURE (F)   51        32      1917


SUNRISE AND SUNSET
MAY  8 2016...........SUNRISE   625 AM CDT   SUNSET   830 PM CDT
MAY  9 2016...........SUNRISE   624 AM CDT   SUNSET   831 PM CDT


-  INDICATES NEGATIVE NUMBERS.
R  INDICATES RECORD WAS SET OR TIED.
MM INDICATES DATA IS MISSING.
T  INDICATES TRACE AMOUNT.




$$
