000
CDUS43 KICT 270658
CLISLN


CLIMATE REPORT
NATIONAL WEATHER SERVICE WICHITA KS
157 AM CDT WED SEP 27 2017


...................................

...THE SALINA KS CLIMATE SUMMARY FOR SEPTEMBER 26 2017...

CLIMATE NORMAL PERIOD 1981 TO 2010
CLIMATE RECORD PERIOD 1894 TO 2017


WEATHER ITEM   OBSERVED TIME   RECORD YEAR NORMAL DEPARTURE LAST
                VALUE   (LST)  VALUE       VALUE  FROM      YEAR
                                                  NORMAL
..................................................................
TEMPERATURE (F)
 YESTERDAY
  MAXIMUM         64    452 PM 101    1938  77    -13       77
  MINIMUM         55    802 AM  34    1912  54      1       44
  AVERAGE         60                        65     -5       61

PRECIPITATION (IN)
  YESTERDAY        0.01          3.42 1935   0.09  -0.08     0.00
  MONTH TO DATE    1.83                      2.34  -0.51     1.20
  SINCE SEP 1      1.83                      2.34  -0.51     1.20
  SINCE JAN 1     19.54                     26.68  -7.14    23.64

DEGREE DAYS
 HEATING
  YESTERDAY        5                         3      2        4
  MONTH TO DATE    5                        33    -28        5
  SINCE SEP 1      5                        33    -28        5
  SINCE JUL 1      5                        34    -29        5

 COOLING
  YESTERDAY        0                         4     -4        0
  MONTH TO DATE  303                       191    112      262
  SINCE SEP 1    303                       191    112      262
  SINCE JAN 1   1884                      1598    286     1932
..................................................................


WIND (MPH)
  HIGHEST WIND SPEED    18   HIGHEST WIND DIRECTION    NW (330)
  HIGHEST GUST SPEED    21   HIGHEST GUST DIRECTION    NW (330)
  AVERAGE WIND SPEED    10.9


SKY COVER
  POSSIBLE SUNSHINE  MM
  AVERAGE SKY COVER 0.8


WEATHER CONDITIONS
 THE FOLLOWING WEATHER WAS RECORDED YESTERDAY.
  LIGHT RAIN
  FOG


RELATIVE HUMIDITY (PERCENT)
 HIGHEST    93           300 AM
 LOWEST     67           300 PM
 AVERAGE    80

..........................................................


THE SALINA KS CLIMATE NORMALS FOR TODAY
                         NORMAL    RECORD    YEAR
 MAXIMUM TEMPERATURE (F)   77       101      1911
 MINIMUM TEMPERATURE (F)   53        32      1903


SUNRISE AND SUNSET
SEPTEMBER 27 2017.....SUNRISE   723 AM CDT   SUNSET   719 PM CDT
SEPTEMBER 28 2017.....SUNRISE   724 AM CDT   SUNSET   718 PM CDT


-  INDICATES NEGATIVE NUMBERS.
R  INDICATES RECORD WAS SET OR TIED.
MM INDICATES DATA IS MISSING.
T  INDICATES TRACE AMOUNT.




$$
