000
CDUS43 KICT 150703
CLISLN


CLIMATE REPORT
NATIONAL WEATHER SERVICE WICHITA KS
203 AM CDT SUN MAR 15 2015


...................................

...THE SALINA KS CLIMATE SUMMARY FOR MARCH 14 2015...

CLIMATE NORMAL PERIOD 1981 TO 2010
CLIMATE RECORD PERIOD 1894 TO 2015


WEATHER ITEM   OBSERVED TIME   RECORD YEAR NORMAL DEPARTURE LAST
                VALUE   (LST)  VALUE       VALUE  FROM      YEAR
                                                  NORMAL
..................................................................
TEMPERATURE (F)
 YESTERDAY
  MAXIMUM         66    459 PM  85    2012  56     10       67
                                      1935
  MINIMUM         33   1125 PM   3    1975  33      0       34
  AVERAGE         50                        45      5       51

PRECIPITATION (IN)
  YESTERDAY        0.00          1.06 1982   0.07  -0.07     0.00
  MONTH TO DATE    0.00                      0.93  -0.93     0.18
  SINCE MAR 1      0.00                      0.93  -0.93     0.18
  SINCE JAN 1      1.44                      2.73  -1.29     1.99

DEGREE DAYS
 HEATING
  YESTERDAY       15                        20     -5       14
  MONTH TO DATE  285                       313    -28      404
  SINCE MAR 1    285                       313    -28      404
  SINCE JUL 1   4114                      4154    -40     4654

 COOLING
  YESTERDAY        0                         0      0        0
  MONTH TO DATE    0                         0      0        0
  SINCE MAR 1      0                         0      0        0
  SINCE JAN 1      0                         0      0        0
..................................................................


WIND (MPH)
  HIGHEST WIND SPEED    20   HIGHEST WIND DIRECTION     N (20)
  HIGHEST GUST SPEED    24   HIGHEST GUST DIRECTION     N (20)
  AVERAGE WIND SPEED    10.4


SKY COVER
  POSSIBLE SUNSHINE  MM
  AVERAGE SKY COVER 0.0


WEATHER CONDITIONS
 THE FOLLOWING WEATHER WAS RECORDED YESTERDAY.
  NO SIGNIFICANT WEATHER WAS OBSERVED.


RELATIVE HUMIDITY (PERCENT)
 HIGHEST    73           700 AM
 LOWEST     20           200 PM
 AVERAGE    47

..........................................................


THE SALINA KS CLIMATE NORMALS FOR TODAY
                         NORMAL    RECORD    YEAR
 MAXIMUM TEMPERATURE (F)   57        87      2013
 MINIMUM TEMPERATURE (F)   34         6      1912


SUNRISE AND SUNSET
MARCH 15 2015.........SUNRISE   742 AM CDT   SUNSET   737 PM CDT
MARCH 16 2015.........SUNRISE   741 AM CDT   SUNSET   738 PM CDT


-  INDICATES NEGATIVE NUMBERS.
R  INDICATES RECORD WAS SET OR TIED.
MM INDICATES DATA IS MISSING.
T  INDICATES TRACE AMOUNT.




$$
