000
CDUS43 KICT 140654
CLISLN


CLIMATE REPORT
NATIONAL WEATHER SERVICE WICHITA KS
1254 AM CST SUN DEC 14 2014


...................................

...THE SALINA KS CLIMATE SUMMARY FOR DECEMBER 13 2014...

CLIMATE NORMAL PERIOD 1981 TO 2010
CLIMATE RECORD PERIOD 1894 TO 2014


WEATHER ITEM   OBSERVED TIME   RECORD YEAR NORMAL DEPARTURE LAST
                VALUE   (LST)  VALUE       VALUE  FROM      YEAR
                                                  NORMAL
..................................................................
TEMPERATURE (F)
 YESTERDAY
  MAXIMUM         58   1159 PM  74    1921  42     16       50
  MINIMUM         49    607 AM -10    1961  22     27       27
  AVERAGE         54                        32     22       39

PRECIPITATION (IN)
  YESTERDAY        0.00          0.94 1984   0.04  -0.04      T
  MONTH TO DATE    0.56                      0.46   0.10      T
  SINCE DEC 1      0.56                      0.46   0.10      T
  SINCE JAN 1     27.67                     31.02  -3.35    29.41

DEGREE DAYS
 HEATING
  YESTERDAY       11                        33    -22       26
  MONTH TO DATE  331                       402    -71      494
  SINCE DEC 1    331                       402    -71      494
  SINCE JUL 1   1328                      1354    -26     1482

 COOLING
  YESTERDAY        0                         0      0        0
  MONTH TO DATE    0                         0      0        0
  SINCE DEC 1      0                         0      0        0
  SINCE JAN 1   1801                      1647    154     1750
..................................................................


WIND (MPH)
  HIGHEST WIND SPEED    23   HIGHEST WIND DIRECTION     S (170)
  HIGHEST GUST SPEED    30   HIGHEST GUST DIRECTION     S (170)
  AVERAGE WIND SPEED    14.0


SKY COVER
  POSSIBLE SUNSHINE  MM
  AVERAGE SKY COVER 1.0


WEATHER CONDITIONS
 THE FOLLOWING WEATHER WAS RECORDED YESTERDAY.
  FOG


RELATIVE HUMIDITY (PERCENT)
 HIGHEST   100           500 AM
 LOWEST     86           200 AM
 AVERAGE    93

..........................................................


THE SALINA KS CLIMATE NORMALS FOR TODAY
                         NORMAL    RECORD    YEAR
 MAXIMUM TEMPERATURE (F)   42        69      1933
 MINIMUM TEMPERATURE (F)   22       -10      1963


SUNRISE AND SUNSET
DECEMBER 14 2014......SUNRISE   741 AM CST   SUNSET   510 PM CST
DECEMBER 15 2014......SUNRISE   742 AM CST   SUNSET   510 PM CST


-  INDICATES NEGATIVE NUMBERS.
R  INDICATES RECORD WAS SET OR TIED.
MM INDICATES DATA IS MISSING.
T  INDICATES TRACE AMOUNT.




$$
