000
CDUS43 KICT 060619
CLISLN


CLIMATE REPORT
NATIONAL WEATHER SERVICE WICHITA KS
119 AM CDT THU APR 6 2017


...................................

...THE SALINA KS CLIMATE SUMMARY FOR APRIL 5 2017...

CLIMATE NORMAL PERIOD 1981 TO 2010
CLIMATE RECORD PERIOD 1894 TO 2017


WEATHER ITEM   OBSERVED TIME   RECORD YEAR NORMAL DEPARTURE LAST
                VALUE   (LST)  VALUE       VALUE  FROM      YEAR
                                                  NORMAL
..................................................................
TEMPERATURE (F)
 YESTERDAY
  MAXIMUM         63    300 PM  92    2000  64     -1       89
  MINIMUM         42   1150 PM   6    1920  40      2       52
  AVERAGE         53                        52      1       71

PRECIPITATION (IN)
  YESTERDAY        0.06          1.37 1999   0.09  -0.03     0.05
  MONTH TO DATE    1.64                      0.45   1.19     0.05
  SINCE MAR 1      5.26                      2.84   2.42     0.75
  SINCE JAN 1      7.36                      4.64   2.72     1.99

DEGREE DAYS
 HEATING
  YESTERDAY       12                        14     -2        0
  MONTH TO DATE   63                        71     -8       46
  SINCE MAR 1    523                       680   -157      464
  SINCE JUL 1   3191                      4521  -1330     3450

 COOLING
  YESTERDAY        0                         0      0        6
  MONTH TO DATE    0                         0      0        6
  SINCE MAR 1     11                         2      9       12
  SINCE JAN 1     11                         2      9       12
..................................................................


WIND (MPH)
  HIGHEST WIND SPEED    32   HIGHEST WIND DIRECTION     N (360)
  HIGHEST GUST SPEED    43   HIGHEST GUST DIRECTION     N (360)
  AVERAGE WIND SPEED    16.5


SKY COVER
  POSSIBLE SUNSHINE  MM
  AVERAGE SKY COVER 0.4


WEATHER CONDITIONS
 THE FOLLOWING WEATHER WAS RECORDED YESTERDAY.
  LIGHT RAIN


RELATIVE HUMIDITY (PERCENT)
 HIGHEST    86          1200 AM
 LOWEST     36           200 PM
 AVERAGE    61

..........................................................


THE SALINA KS CLIMATE NORMALS FOR TODAY
                         NORMAL    RECORD    YEAR
 MAXIMUM TEMPERATURE (F)   64        89      1954
 MINIMUM TEMPERATURE (F)   40        17      1936


SUNRISE AND SUNSET
APRIL  6 2017.........SUNRISE   707 AM CDT   SUNSET   759 PM CDT
APRIL  7 2017.........SUNRISE   706 AM CDT   SUNSET   800 PM CDT


-  INDICATES NEGATIVE NUMBERS.
R  INDICATES RECORD WAS SET OR TIED.
MM INDICATES DATA IS MISSING.
T  INDICATES TRACE AMOUNT.




$$
