000
CDUS43 KICT 300621
CLISLN


CLIMATE REPORT
NATIONAL WEATHER SERVICE WICHITA KS
120 AM CDT MON OCT 30 2017


...................................

...THE SALINA KS CLIMATE SUMMARY FOR OCTOBER 29 2017...

CLIMATE NORMAL PERIOD 1981 TO 2010
CLIMATE RECORD PERIOD 1894 TO 2017


WEATHER ITEM   OBSERVED TIME   RECORD YEAR NORMAL DEPARTURE LAST
                VALUE   (LST)  VALUE       VALUE  FROM      YEAR
                                                  NORMAL
..................................................................
TEMPERATURE (F)
 YESTERDAY
  MAXIMUM         79    427 PM  93    1937  64     15       85
  MINIMUM         31    718 AM  16    1913  41    -10       57
  AVERAGE         55                        53      2       71

PRECIPITATION (IN)
  YESTERDAY        0.00          2.12 1971   0.05  -0.05     0.00
  MONTH TO DATE    5.74                      2.17   3.57     2.28
  SINCE SEP 1      7.57                      4.87   2.70     3.48
  SINCE JAN 1     25.28                     29.21  -3.93    25.92

DEGREE DAYS
 HEATING
  YESTERDAY       10                        13     -3        0
  MONTH TO DATE  172                       242    -70      104
  SINCE SEP 1    180                       293   -113      120
  SINCE JUL 1    180                       294   -114      120

 COOLING
  YESTERDAY        0                         0      0        6
  MONTH TO DATE   64                        32     32       69
  SINCE SEP 1    382                       237    145      335
  SINCE JAN 1   1963                      1644    319     2005
..................................................................


WIND (MPH)
  HIGHEST WIND SPEED    33   HIGHEST WIND DIRECTION     N (350)
  HIGHEST GUST SPEED    41   HIGHEST GUST DIRECTION     N (350)
  AVERAGE WIND SPEED     9.8


SKY COVER
  POSSIBLE SUNSHINE  MM
  AVERAGE SKY COVER 0.0


WEATHER CONDITIONS
 THE FOLLOWING WEATHER WAS RECORDED YESTERDAY.
  HAZE


RELATIVE HUMIDITY (PERCENT)
 HIGHEST    61          1000 PM
 LOWEST     25           300 PM
 AVERAGE    43

..........................................................


THE SALINA KS CLIMATE NORMALS FOR TODAY
                         NORMAL    RECORD    YEAR
 MAXIMUM TEMPERATURE (F)   64        88      1950
 MINIMUM TEMPERATURE (F)   41        15      1917


SUNRISE AND SUNSET
OCTOBER 30 2017.......SUNRISE   756 AM CDT   SUNSET   632 PM CDT
OCTOBER 31 2017.......SUNRISE   757 AM CDT   SUNSET   631 PM CDT


-  INDICATES NEGATIVE NUMBERS.
R  INDICATES RECORD WAS SET OR TIED.
MM INDICATES DATA IS MISSING.
T  INDICATES TRACE AMOUNT.




$$
