000
CDUS43 KICT 130645
CLISLN


CLIMATE REPORT
NATIONAL WEATHER SERVICE WICHITA KS
144 AM CDT FRI MAR 13 2015


...................................

...THE SALINA KS CLIMATE SUMMARY FOR MARCH 12 2015...

CLIMATE NORMAL PERIOD 1981 TO 2010
CLIMATE RECORD PERIOD 1894 TO 2015


WEATHER ITEM   OBSERVED TIME   RECORD YEAR NORMAL DEPARTURE LAST
                VALUE   (LST)  VALUE       VALUE  FROM      YEAR
                                                  NORMAL
..................................................................
TEMPERATURE (F)
 YESTERDAY
  MAXIMUM         76    422 PM  86    1916  56     20       60
  MINIMUM         38    345 AM  -3    1948  33      5       28
  AVERAGE         57                        44     13       44

PRECIPITATION (IN)
  YESTERDAY        0.00          1.35 1986   0.07  -0.07     0.00
  MONTH TO DATE    0.00                      0.78  -0.78     0.18
  SINCE MAR 1      0.00                      0.78  -0.78     0.18
  SINCE JAN 1      1.44                      2.58  -1.14     1.99

DEGREE DAYS
 HEATING
  YESTERDAY        8                        21    -13       21
  MONTH TO DATE  262                       273    -11      376
  SINCE MAR 1    262                       273    -11      376
  SINCE JUL 1   4091                      4114    -23     4626

 COOLING
  YESTERDAY        0                         0      0        0
  MONTH TO DATE    0                         0      0        0
  SINCE MAR 1      0                         0      0        0
  SINCE JAN 1      0                         0      0        0
..................................................................


WIND (MPH)
  HIGHEST WIND SPEED    22   HIGHEST WIND DIRECTION     S (200)
  HIGHEST GUST SPEED    27   HIGHEST GUST DIRECTION     S (160)
  AVERAGE WIND SPEED     9.2


SKY COVER
  POSSIBLE SUNSHINE  MM
  AVERAGE SKY COVER 0.0


WEATHER CONDITIONS
 THE FOLLOWING WEATHER WAS RECORDED YESTERDAY.
  LIGHT SNOW
  HAZE


RELATIVE HUMIDITY (PERCENT)
 HIGHEST    79           700 AM
 LOWEST     19           300 PM
 AVERAGE    49

..........................................................


THE SALINA KS CLIMATE NORMALS FOR TODAY
                         NORMAL    RECORD    YEAR
 MAXIMUM TEMPERATURE (F)   56        87      1918
 MINIMUM TEMPERATURE (F)   33         7      1950


SUNRISE AND SUNSET
MARCH 13 2015.........SUNRISE   745 AM CDT   SUNSET   735 PM CDT
MARCH 14 2015.........SUNRISE   744 AM CDT   SUNSET   736 PM CDT


-  INDICATES NEGATIVE NUMBERS.
R  INDICATES RECORD WAS SET OR TIED.
MM INDICATES DATA IS MISSING.
T  INDICATES TRACE AMOUNT.




$$

JMBW
