000
CDUS43 KICT 160652
CLISLN


CLIMATE REPORT
NATIONAL WEATHER SERVICE WICHITA KS
1251 AM CST WED NOV 16 2016


...................................

...THE SALINA KS CLIMATE SUMMARY FOR NOVEMBER 15 2016...

CLIMATE NORMAL PERIOD 1981 TO 2010
CLIMATE RECORD PERIOD 1894 TO 2016


WEATHER ITEM   OBSERVED TIME   RECORD YEAR NORMAL DEPARTURE LAST
                VALUE   (LST)  VALUE       VALUE  FROM      YEAR
                                                  NORMAL
..................................................................
TEMPERATURE (F)
 YESTERDAY
  MAXIMUM         77    358 PM  78    1952  55     22       59
  MINIMUM         39    456 AM   7    1940  33      6       44
  AVERAGE         58                        44     14       52

PRECIPITATION (IN)
  YESTERDAY        0.00          1.59 1964   0.04  -0.04      T
  MONTH TO DATE    0.46                      0.70  -0.24     0.01
  SINCE SEP 1      3.94                      5.67  -1.73     2.33
  SINCE JAN 1     26.38                     30.01  -3.63    26.18

DEGREE DAYS
 HEATING
  YESTERDAY        7                        21    -14       13
  MONTH TO DATE  129                       259   -130      151
  SINCE SEP 1    260                       576   -316      309
  SINCE JUL 1    260                       577   -317      309

 COOLING
  YESTERDAY        0                         0      0        0
  MONTH TO DATE    4                         0      4        4
  SINCE SEP 1    339                       239    100      415
  SINCE JAN 1   2009                      1646    363     1869
..................................................................


WIND (MPH)
  HIGHEST WIND SPEED    10   HIGHEST WIND DIRECTION     S (170)
  HIGHEST GUST SPEED    13   HIGHEST GUST DIRECTION     S (170)
  AVERAGE WIND SPEED     2.8


SKY COVER
  POSSIBLE SUNSHINE  MM
  AVERAGE SKY COVER 0.0


WEATHER CONDITIONS
 THE FOLLOWING WEATHER WAS RECORDED YESTERDAY.
  HAZE


RELATIVE HUMIDITY (PERCENT)
 HIGHEST    92           500 AM
 LOWEST     33           200 PM
 AVERAGE    63

..........................................................


THE SALINA KS CLIMATE NORMALS FOR TODAY
                         NORMAL    RECORD    YEAR
 MAXIMUM TEMPERATURE (F)   55        77      1963
 MINIMUM TEMPERATURE (F)   33         6      1955


SUNRISE AND SUNSET
NOVEMBER 16 2016......SUNRISE   715 AM CST   SUNSET   516 PM CST
NOVEMBER 17 2016......SUNRISE   716 AM CST   SUNSET   515 PM CST


-  INDICATES NEGATIVE NUMBERS.
R  INDICATES RECORD WAS SET OR TIED.
MM INDICATES DATA IS MISSING.
T  INDICATES TRACE AMOUNT.




$$
