890
CDUS43 KICT 210713
CLISLN


CLIMATE REPORT
NATIONAL WEATHER SERVICE WICHITA KS
213 AM CDT THU APR 21 2016


...................................

...THE SALINA KS CLIMATE SUMMARY FOR APRIL 20 2016...

CLIMATE NORMAL PERIOD 1981 TO 2010
CLIMATE RECORD PERIOD 1894 TO 2016


WEATHER ITEM   OBSERVED TIME   RECORD YEAR NORMAL DEPARTURE LAST
                VALUE   (LST)  VALUE       VALUE  FROM      YEAR
                                                  NORMAL
..................................................................
TEMPERATURE (F)
 YESTERDAY
  MAXIMUM         70    239 PM  98    1902  69      1       64
  MINIMUM         49   1159 PM  21    1953  45      4       39
  AVERAGE         60                        57      3       52

PRECIPITATION (IN)
  YESTERDAY        0.14          3.25 1976   0.10   0.04     0.00
  MONTH TO DATE    2.23                      1.93   0.30     1.55
  SINCE MAR 1      2.93                      4.32  -1.39     1.60
  SINCE JAN 1      4.17                      6.12  -1.95     3.04

DEGREE DAYS
 HEATING
  YESTERDAY        5                         9     -4       13
  MONTH TO DATE  158                       241    -83      144
  SINCE MAR 1    576                       850   -274      659
  SINCE JUL 1   3562                      4691  -1129     4488

 COOLING
  YESTERDAY        0                         1     -1        0
  MONTH TO DATE   11                        12     -1       11
  SINCE MAR 1     17                        14      3       12
  SINCE JAN 1     17                        14      3       12
..................................................................


WIND (MPH)
  HIGHEST WIND SPEED    21   HIGHEST WIND DIRECTION     W (270)
  HIGHEST GUST SPEED    26   HIGHEST GUST DIRECTION     W (250)
  AVERAGE WIND SPEED    11.1


SKY COVER
  POSSIBLE SUNSHINE  MM
  AVERAGE SKY COVER 0.7


WEATHER CONDITIONS
 THE FOLLOWING WEATHER WAS RECORDED YESTERDAY.
  RAIN
  LIGHT RAIN
  FOG


RELATIVE HUMIDITY (PERCENT)
 HIGHEST    96           400 AM
 LOWEST     42           500 PM
 AVERAGE    69

..........................................................


THE SALINA KS CLIMATE NORMALS FOR TODAY
                         NORMAL    RECORD    YEAR
 MAXIMUM TEMPERATURE (F)   69        94      1989
 MINIMUM TEMPERATURE (F)   45        21      1966


SUNRISE AND SUNSET
APRIL 21 2016.........SUNRISE   645 AM CDT   SUNSET   814 PM CDT
APRIL 22 2016.........SUNRISE   644 AM CDT   SUNSET   815 PM CDT


-  INDICATES NEGATIVE NUMBERS.
R  INDICATES RECORD WAS SET OR TIED.
MM INDICATES DATA IS MISSING.
T  INDICATES TRACE AMOUNT.




$$
