000
CDUS43 KICT 051036
CLISLN


CLIMATE REPORT
NATIONAL WEATHER SERVICE WICHITA KS
535 AM CDT FRI SEP 5 2014


...................................

...THE SALINA KS CLIMATE SUMMARY FOR SEPTEMBER 4 2014...

CLIMATE NORMAL PERIOD 1981 TO 2010
CLIMATE RECORD PERIOD 1894 TO 2014


WEATHER ITEM   OBSERVED TIME   RECORD YEAR NORMAL DEPARTURE LAST
                VALUE   (LST)  VALUE       VALUE  FROM      YEAR
                                                  NORMAL
..................................................................
TEMPERATURE (F)
 YESTERDAY
  MAXIMUM         96    451 PM 106    1898  87      9       91
  MINIMUM         76    646 AM  41    1905  64     12       61
  AVERAGE         86                        75     11       76

PRECIPITATION (IN)
  YESTERDAY        0.00          1.06 1963   0.10  -0.10     0.00
  MONTH TO DATE    0.07                      0.40  -0.33      T
  SINCE SEP 1      0.07                      0.40  -0.33      T
  SINCE JAN 1     21.35                     24.74  -3.39    26.24

DEGREE DAYS
 HEATING
  YESTERDAY        0                         0      0        0
  MONTH TO DATE    0                         0      0        0
  SINCE SEP 1      0                         0      0        0
  SINCE JUL 1      0                         1     -1        3

 COOLING
  YESTERDAY       21                        10     11       11
  MONTH TO DATE   57                        43     14       42
  SINCE SEP 1     57                        43     14       42
  SINCE JAN 1   1615                      1450    165     1436
..................................................................


WIND (MPH)
  HIGHEST WIND SPEED    31   HIGHEST WIND DIRECTION     S (200)
  HIGHEST GUST SPEED    37   HIGHEST GUST DIRECTION     S (200)
  AVERAGE WIND SPEED    15.9


SKY COVER
  POSSIBLE SUNSHINE  MM
  AVERAGE SKY COVER 0.0


WEATHER CONDITIONS
 THE FOLLOWING WEATHER WAS RECORDED YESTERDAY.
  NO SIGNIFICANT WEATHER WAS OBSERVED.


RELATIVE HUMIDITY (PERCENT)
 HIGHEST    69           600 AM
 LOWEST     34           500 PM
 AVERAGE    52

..........................................................


THE SALINA KS CLIMATE NORMALS FOR TODAY
                         NORMAL    RECORD    YEAR
 MAXIMUM TEMPERATURE (F)   87       106      1922
 MINIMUM TEMPERATURE (F)   63        45      1974


SUNRISE AND SUNSET
SEPTEMBER  5 2014.....SUNRISE   703 AM CDT   SUNSET   755 PM CDT
SEPTEMBER  6 2014.....SUNRISE   704 AM CDT   SUNSET   753 PM CDT


-  INDICATES NEGATIVE NUMBERS.
R  INDICATES RECORD WAS SET OR TIED.
MM INDICATES DATA IS MISSING.
T  INDICATES TRACE AMOUNT.




$$
