890
CDUS43 KICT 300651
CLISLN


CLIMATE REPORT
NATIONAL WEATHER SERVICE WICHITA KS
1250 AM CST THU NOV 30 2017


...................................

...THE SALINA KS CLIMATE SUMMARY FOR NOVEMBER 29 2017...

CLIMATE NORMAL PERIOD 1981 TO 2010
CLIMATE RECORD PERIOD 1894 TO 2017


WEATHER ITEM   OBSERVED TIME   RECORD YEAR NORMAL DEPARTURE LAST
                VALUE   (LST)  VALUE       VALUE  FROM      YEAR
                                                  NORMAL
..................................................................
TEMPERATURE (F)
 YESTERDAY
  MAXIMUM         58    337 PM  71    1998  47     11       51
  MINIMUM         37   1151 PM   1    1976  27     10       32
  AVERAGE         48                        37     11       42

PRECIPITATION (IN)
  YESTERDAY        0.00          0.69 1920   0.04  -0.04     0.00
  MONTH TO DATE    0.06                      1.21  -1.15     0.60
  SINCE SEP 1      7.67                      6.18   1.49     4.08
  SINCE JAN 1     25.38                     30.52  -5.14    26.52

DEGREE DAYS
 HEATING
  YESTERDAY       17                        28    -11       23
  MONTH TO DATE  502                       607   -105      385
  SINCE SEP 1    736                       924   -188      516
  SINCE JUL 1    736                       925   -189      516

 COOLING
  YESTERDAY        0                         0      0        0
  MONTH TO DATE    2                         0      2        4
  SINCE SEP 1    384                       239    145      339
  SINCE JAN 1   1965                      1646    319     2009
..................................................................


WIND (MPH)
  HIGHEST WIND SPEED    15   HIGHEST WIND DIRECTION    NE (40)
  HIGHEST GUST SPEED    20   HIGHEST GUST DIRECTION    NE (30)
  AVERAGE WIND SPEED     6.2


SKY COVER
  POSSIBLE SUNSHINE  MM
  AVERAGE SKY COVER 0.6


WEATHER CONDITIONS
 THE FOLLOWING WEATHER WAS RECORDED YESTERDAY.
  NO SIGNIFICANT WEATHER WAS OBSERVED.


RELATIVE HUMIDITY (PERCENT)
 HIGHEST    76          1100 PM
 LOWEST     30          1100 AM
 AVERAGE    53

..........................................................


THE SALINA KS CLIMATE NORMALS FOR TODAY
                         NORMAL    RECORD    YEAR
 MAXIMUM TEMPERATURE (F)   47        76      1995
 MINIMUM TEMPERATURE (F)   26         2      1952


SUNRISE AND SUNSET
NOVEMBER 30 2017......SUNRISE   729 AM CST   SUNSET   509 PM CST
DECEMBER  1 2017......SUNRISE   730 AM CST   SUNSET   509 PM CST


-  INDICATES NEGATIVE NUMBERS.
R  INDICATES RECORD WAS SET OR TIED.
MM INDICATES DATA IS MISSING.
T  INDICATES TRACE AMOUNT.




$$
