913
CDUS43 KICT 090622
CLISLN


CLIMATE REPORT
NATIONAL WEATHER SERVICE WICHITA KS
1221 AM CST FRI FEB 9 2018


...................................

...THE SALINA KS CLIMATE SUMMARY FOR FEBRUARY 8 2018...

CLIMATE NORMAL PERIOD 1981 TO 2010
CLIMATE RECORD PERIOD 1894 TO 2018


WEATHER ITEM   OBSERVED TIME   RECORD YEAR NORMAL DEPARTURE LAST
                VALUE   (LST)  VALUE       VALUE  FROM      YEAR
                                                  NORMAL
..................................................................
TEMPERATURE (F)
 YESTERDAY
  MAXIMUM         61    434 PM  74    1938  44     17       34
  MINIMUM         20    719 AM -18    1971  23     -3       21
  AVERAGE         41                        34      7       28

PRECIPITATION (IN)
  YESTERDAY        0.00          0.58 1966   0.04  -0.04      T
  MONTH TO DATE    T                         0.28  -0.28      T
  SINCE DEC 1      0.39                      1.85  -1.46     2.87
  SINCE JAN 1      0.34                      0.91  -0.57     2.02

DEGREE DAYS
 HEATING
  YESTERDAY       24                        31     -7       37
  MONTH TO DATE  289                       257     32      242
  SINCE DEC 1   2250                      2321    -71     1805
  SINCE JUL 1   3006                      3273   -267     2348

 COOLING
  YESTERDAY        0                         0      0        0
  MONTH TO DATE    0                         0      0        0
  SINCE DEC 1      0                         0      0        0
  SINCE JAN 1      0                         0      0        0
..................................................................


WIND (MPH)
  HIGHEST WIND SPEED    22   HIGHEST WIND DIRECTION     S (190)
  HIGHEST GUST SPEED    29   HIGHEST GUST DIRECTION     S (190)
  AVERAGE WIND SPEED     9.7


SKY COVER
  POSSIBLE SUNSHINE  MM
  AVERAGE SKY COVER 0.0


WEATHER CONDITIONS
 THE FOLLOWING WEATHER WAS RECORDED YESTERDAY.
  NO SIGNIFICANT WEATHER WAS OBSERVED.


RELATIVE HUMIDITY (PERCENT)
 HIGHEST    77           300 AM
 LOWEST     25           200 PM
 AVERAGE    51

..........................................................


THE SALINA KS CLIMATE NORMALS FOR TODAY
                         NORMAL    RECORD    YEAR
 MAXIMUM TEMPERATURE (F)   45        82      1976
 MINIMUM TEMPERATURE (F)   23       -13      2011


SUNRISE AND SUNSET
FEBRUARY  9 2018......SUNRISE   729 AM CST   SUNSET   602 PM CST
FEBRUARY 10 2018......SUNRISE   727 AM CST   SUNSET   603 PM CST


-  INDICATES NEGATIVE NUMBERS.
R  INDICATES RECORD WAS SET OR TIED.
MM INDICATES DATA IS MISSING.
T  INDICATES TRACE AMOUNT.




$$
