000
CDUS43 KICT 080642
CLISLN


CLIMATE REPORT
NATIONAL WEATHER SERVICE WICHITA KS
141 AM CDT SUN OCT 8 2017


...................................

...THE SALINA KS CLIMATE SUMMARY FOR OCTOBER 7 2017...

CLIMATE NORMAL PERIOD 1981 TO 2010
CLIMATE RECORD PERIOD 1894 TO 2017


WEATHER ITEM   OBSERVED TIME   RECORD YEAR NORMAL DEPARTURE LAST
                VALUE   (LST)  VALUE       VALUE  FROM      YEAR
                                                  NORMAL
..................................................................
TEMPERATURE (F)
 YESTERDAY
  MAXIMUM         78    435 PM  94    1949  72      6       65
  MINIMUM         57    718 AM  21    1952  49      8       39
  AVERAGE         68                        61      7       52

PRECIPITATION (IN)
  YESTERDAY        0.00          3.36 1992   0.08  -0.08     0.00
  MONTH TO DATE    4.86                      0.60   4.26     1.23
  SINCE SEP 1      6.69                      3.30   3.39     2.43
  SINCE JAN 1     24.40                     27.64  -3.24    24.87

DEGREE DAYS
 HEATING
  YESTERDAY        0                         6     -6       13
  MONTH TO DATE    5                        38    -33       15
  SINCE SEP 1     13                        89    -76       31
  SINCE JUL 1     13                        90    -77       31

 COOLING
  YESTERDAY        3                         2      1        0
  MONTH TO DATE   46                        16     30       14
  SINCE SEP 1    364                       221    143      280
  SINCE JAN 1   1945                      1628    317     1950
..................................................................


WIND (MPH)
  HIGHEST WIND SPEED    22   HIGHEST WIND DIRECTION     W (290)
  HIGHEST GUST SPEED    28   HIGHEST GUST DIRECTION     W (280)
  AVERAGE WIND SPEED    10.7


SKY COVER
  POSSIBLE SUNSHINE  MM
  AVERAGE SKY COVER 0.2


WEATHER CONDITIONS
 THE FOLLOWING WEATHER WAS RECORDED YESTERDAY.
  NO SIGNIFICANT WEATHER WAS OBSERVED.


RELATIVE HUMIDITY (PERCENT)
 HIGHEST    90           100 AM
 LOWEST     31           500 PM
 AVERAGE    61

..........................................................


THE SALINA KS CLIMATE NORMALS FOR TODAY
                         NORMAL    RECORD    YEAR
 MAXIMUM TEMPERATURE (F)   72        96      1979
 MINIMUM TEMPERATURE (F)   49        25      2000


SUNRISE AND SUNSET
OCTOBER  8 2017.......SUNRISE   733 AM CDT   SUNSET   702 PM CDT
OCTOBER  9 2017.......SUNRISE   734 AM CDT   SUNSET   701 PM CDT


-  INDICATES NEGATIVE NUMBERS.
R  INDICATES RECORD WAS SET OR TIED.
MM INDICATES DATA IS MISSING.
T  INDICATES TRACE AMOUNT.




$$
