000
CDUS43 KICT 150652
CLISLN

CLIMATE REPORT
NATIONAL WEATHER SERVICE WICHITA KS
1250 AM CST THU JAN 15 2015

...................................

...THE SALINA KS CLIMATE SUMMARY FOR JANUARY 14 2015...

CLIMATE NORMAL PERIOD 1981 TO 2010
CLIMATE RECORD PERIOD 1894 TO 2015


WEATHER ITEM   OBSERVED TIME   RECORD YEAR NORMAL DEPARTURE LAST
                VALUE   (LST)  VALUE       VALUE  FROM      YEAR
                                                  NORMAL
..................................................................
TEMPERATURE (F)
 YESTERDAY
  MAXIMUM         43    421 PM  64    2006  41      2       47
  MINIMUM         22   1159 PM -22    1905  20      2       27
  AVERAGE         33                        31      2       37

PRECIPITATION (IN)
  YESTERDAY        0.00          1.13 1960   0.02  -0.02      T
  MONTH TO DATE    0.02                      0.22  -0.20     0.49
  SINCE DEC 1      1.92                      1.16   0.76     1.71
  SINCE JAN 1      0.02                      0.22  -0.20     0.49

DEGREE DAYS
 HEATING
  YESTERDAY       32                        34     -2       28
  MONTH TO DATE  615                       476    139      529
  SINCE DEC 1   1508                      1488     20     1681
  SINCE JUL 1   2505                      2440     65     2669

 COOLING
  YESTERDAY        0                         0      0        0
  MONTH TO DATE    0                         0      0        0
  SINCE DEC 1      0                         0      0        0
  SINCE JAN 1      0                         0      0        0
..................................................................


WIND (MPH)
  HIGHEST WIND SPEED    12   HIGHEST WIND DIRECTION    NW (320)
  HIGHEST GUST SPEED    14   HIGHEST GUST DIRECTION    NW (310)
  AVERAGE WIND SPEED     4.6


SKY COVER
  POSSIBLE SUNSHINE  MM
  AVERAGE SKY COVER 0.5


WEATHER CONDITIONS
 THE FOLLOWING WEATHER WAS RECORDED YESTERDAY.
  NO SIGNIFICANT WEATHER WAS OBSERVED.


RELATIVE HUMIDITY (PERCENT)
 HIGHEST    84          1100 PM
 LOWEST     40          1200 PM
 AVERAGE    62

..........................................................


THE SALINA KS CLIMATE NORMALS FOR TODAY
                         NORMAL    RECORD    YEAR
 MAXIMUM TEMPERATURE (F)   41        66      1921
 MINIMUM TEMPERATURE (F)   20       -15      1905


SUNRISE AND SUNSET
JANUARY 15 2015.......SUNRISE   747 AM CST   SUNSET   533 PM CST
JANUARY 16 2015.......SUNRISE   747 AM CST   SUNSET   534 PM CST


-  INDICATES NEGATIVE NUMBERS.
R  INDICATES RECORD WAS SET OR TIED.
MM INDICATES DATA IS MISSING.
T  INDICATES TRACE AMOUNT.

$$
