000
CDUS43 KICT 140642
CLISLN


CLIMATE REPORT
NATIONAL WEATHER SERVICE WICHITA KS
142 AM CDT WED SEP 14 2016


...................................

...THE SALINA KS CLIMATE SUMMARY FOR SEPTEMBER 13 2016...

CLIMATE NORMAL PERIOD 1981 TO 2010
CLIMATE RECORD PERIOD 1894 TO 2016


WEATHER ITEM   OBSERVED TIME   RECORD YEAR NORMAL DEPARTURE LAST
                VALUE   (LST)  VALUE       VALUE  FROM      YEAR
                                                  NORMAL
..................................................................
TEMPERATURE (F)
 YESTERDAY
  MAXIMUM         76   1222 AM 104    1931  83     -7       87
  MINIMUM         58    920 PM  35    2014  60     -2       58
  AVERAGE         67                        71     -4       73

PRECIPITATION (IN)
  YESTERDAY        0.20          1.58 2010   0.09   0.11     0.00
  MONTH TO DATE    0.20                      1.23  -1.03     0.93
  SINCE SEP 1      0.20                      1.23  -1.03     0.93
  SINCE JAN 1     22.64                     25.57  -2.93    24.78

DEGREE DAYS
 HEATING
  YESTERDAY        0                         1     -1        0
  MONTH TO DATE    0                         6     -6        0
  SINCE SEP 1      0                         6     -6        0
  SINCE JUL 1      0                         7     -7        0

 COOLING
  YESTERDAY        2                         7     -5        8
  MONTH TO DATE  137                       122     15      201
  SINCE SEP 1    137                       122     15      201
  SINCE JAN 1   1807                      1529    278     1655
..................................................................


WIND (MPH)
  HIGHEST WIND SPEED    18   HIGHEST WIND DIRECTION     N (350)
  HIGHEST GUST SPEED    23   HIGHEST GUST DIRECTION     N (360)
  AVERAGE WIND SPEED    10.8


SKY COVER
  POSSIBLE SUNSHINE  MM
  AVERAGE SKY COVER 0.9


WEATHER CONDITIONS
 THE FOLLOWING WEATHER WAS RECORDED YESTERDAY.
  THUNDERSTORM
  HEAVY RAIN
  RAIN
  LIGHT RAIN
  FOG


RELATIVE HUMIDITY (PERCENT)
 HIGHEST    93           900 AM
 LOWEST     60          1200 AM
 AVERAGE    77

..........................................................


THE SALINA KS CLIMATE NORMALS FOR TODAY
                         NORMAL    RECORD    YEAR
 MAXIMUM TEMPERATURE (F)   83       102      1911
 MINIMUM TEMPERATURE (F)   59        37      1904


SUNRISE AND SUNSET
SEPTEMBER 14 2016.....SUNRISE   712 AM CDT   SUNSET   740 PM CDT
SEPTEMBER 15 2016.....SUNRISE   712 AM CDT   SUNSET   738 PM CDT


-  INDICATES NEGATIVE NUMBERS.
R  INDICATES RECORD WAS SET OR TIED.
MM INDICATES DATA IS MISSING.
T  INDICATES TRACE AMOUNT.




$$
