000
CDUS43 KICT 310643
CLISLN


CLIMATE REPORT
NATIONAL WEATHER SERVICE WICHITA KS
143 AM CDT FRI MAR 31 2017


...................................

...THE SALINA KS CLIMATE SUMMARY FOR MARCH 30 2017...

CLIMATE NORMAL PERIOD 1981 TO 2010
CLIMATE RECORD PERIOD 1894 TO 2017


WEATHER ITEM   OBSERVED TIME   RECORD YEAR NORMAL DEPARTURE LAST
                VALUE   (LST)  VALUE       VALUE  FROM      YEAR
                                                  NORMAL
..................................................................
TEMPERATURE (F)
 YESTERDAY
  MAXIMUM         48    700 PM  91    1917  62    -14       81
  MINIMUM         42    827 AM  14    1899  38      4       50
  AVERAGE         45                        50     -5       66

PRECIPITATION (IN)
  YESTERDAY        0.31          1.20 1973   0.10   0.21     0.00
  MONTH TO DATE    3.62                      2.30   1.32     0.70
  SINCE MAR 1      3.62                      2.30   1.32     0.70
  SINCE JAN 1      5.72                      4.10   1.62     1.94

DEGREE DAYS
 HEATING
  YESTERDAY       20                        15      5        0
  MONTH TO DATE  444                       593   -149      405
  SINCE MAR 1    444                       593   -149      405
  SINCE JUL 1   3112                      4434  -1322     3391

 COOLING
  YESTERDAY        0                         0      0        1
  MONTH TO DATE   11                         0     11        6
  SINCE MAR 1     11                         0     11        6
  SINCE JAN 1     11                         0     11        6
..................................................................


WIND (MPH)
  HIGHEST WIND SPEED    29   HIGHEST WIND DIRECTION    NW (330)
  HIGHEST GUST SPEED    36   HIGHEST GUST DIRECTION    NW (330)
  AVERAGE WIND SPEED    16.5


SKY COVER
  POSSIBLE SUNSHINE  MM
  AVERAGE SKY COVER 1.0


WEATHER CONDITIONS
 THE FOLLOWING WEATHER WAS RECORDED YESTERDAY.
  RAIN
  LIGHT RAIN
  FOG


RELATIVE HUMIDITY (PERCENT)
 HIGHEST    96           100 AM
 LOWEST     80           400 PM
 AVERAGE    88

..........................................................


THE SALINA KS CLIMATE NORMALS FOR TODAY
                         NORMAL    RECORD    YEAR
 MAXIMUM TEMPERATURE (F)   62        89      1978
 MINIMUM TEMPERATURE (F)   38        16      1926


SUNRISE AND SUNSET
MARCH 31 2017.........SUNRISE   716 AM CDT   SUNSET   753 PM CDT
APRIL  1 2017.........SUNRISE   715 AM CDT   SUNSET   754 PM CDT


-  INDICATES NEGATIVE NUMBERS.
R  INDICATES RECORD WAS SET OR TIED.
MM INDICATES DATA IS MISSING.
T  INDICATES TRACE AMOUNT.




$$
