000
CDUS43 KICT 100700
CLISLN


CLIMATE REPORT
NATIONAL WEATHER SERVICE WICHITA KS
159 AM CDT WED SEP 10 2014


...................................

...THE SALINA KS CLIMATE SUMMARY FOR SEPTEMBER 9 2014...

CLIMATE NORMAL PERIOD 1981 TO 2010
CLIMATE RECORD PERIOD 1894 TO 2014


WEATHER ITEM   OBSERVED TIME   RECORD YEAR NORMAL DEPARTURE LAST
                VALUE   (LST)  VALUE       VALUE  FROM      YEAR
                                                  NORMAL
..................................................................
TEMPERATURE (F)
 YESTERDAY
  MAXIMUM         98    318 PM 101    1919  85     13       98
  MINIMUM         72   1159 PM  41    1902  61     11       69
  AVERAGE         85                        73     12       84

PRECIPITATION (IN)
  YESTERDAY        0.35          1.36 2009   0.09   0.26     0.00
  MONTH TO DATE    0.42                      0.86  -0.44      T
  SINCE SEP 1      0.42                      0.86  -0.44      T
  SINCE JAN 1     21.70                     25.20  -3.50    26.24

DEGREE DAYS
 HEATING
  YESTERDAY        0                         1     -1        0
  MONTH TO DATE    0                         2     -2        0
  SINCE SEP 1      0                         2     -2        0
  SINCE JUL 1      0                         3     -3        3

 COOLING
  YESTERDAY       20                         9     11       19
  MONTH TO DATE   95                        91      4      140
  SINCE SEP 1     95                        91      4      140
  SINCE JAN 1   1653                      1498    155     1534
..................................................................


WIND (MPH)
  HIGHEST WIND SPEED    31   HIGHEST WIND DIRECTION     S (190)
  HIGHEST GUST SPEED    42   HIGHEST GUST DIRECTION     S (190)
  AVERAGE WIND SPEED    16.5


SKY COVER
  POSSIBLE SUNSHINE  MM
  AVERAGE SKY COVER 0.3


WEATHER CONDITIONS
 THE FOLLOWING WEATHER WAS RECORDED YESTERDAY.
  THUNDERSTORM
  HEAVY RAIN
  RAIN
  FOG


RELATIVE HUMIDITY (PERCENT)
 HIGHEST    79           800 AM
 LOWEST     35           300 PM
 AVERAGE    57

..........................................................


THE SALINA KS CLIMATE NORMALS FOR TODAY
                         NORMAL    RECORD    YEAR
 MAXIMUM TEMPERATURE (F)   85       103      2000
 MINIMUM TEMPERATURE (F)   61        43      1962


SUNRISE AND SUNSET
SEPTEMBER 10 2014.....SUNRISE   708 AM CDT   SUNSET   747 PM CDT
SEPTEMBER 11 2014.....SUNRISE   708 AM CDT   SUNSET   745 PM CDT


-  INDICATES NEGATIVE NUMBERS.
R  INDICATES RECORD WAS SET OR TIED.
MM INDICATES DATA IS MISSING.
T  INDICATES TRACE AMOUNT.




$$

JMBW
