000
CDUS43 KICT 180632
CLISLN


CLIMATE REPORT
NATIONAL WEATHER SERVICE WICHITA KS
132 AM CDT SAT JUL 18 2015


...................................

...THE SALINA KS CLIMATE SUMMARY FOR JULY 17 2015...

CLIMATE NORMAL PERIOD 1981 TO 2010
CLIMATE RECORD PERIOD 1894 TO 2015


WEATHER ITEM   OBSERVED TIME   RECORD YEAR NORMAL DEPARTURE LAST
                VALUE   (LST)  VALUE       VALUE  FROM      YEAR
                                                  NORMAL
..................................................................
TEMPERATURE (F)
 YESTERDAY
  MAXIMUM         99    356 PM 113    1936  93      6       70
  MINIMUM         74    350 AM  54    1917  70      4       63
  AVERAGE         87                        82      5       67

PRECIPITATION (IN)
  YESTERDAY        T             1.42 1963   0.13  -0.13     0.07
  MONTH TO DATE    2.12                      2.52  -0.40     0.71
  SINCE JUN 1      6.62                      6.63  -0.01     8.90
  SINCE JAN 1     18.22                     18.62  -0.40    16.29

DEGREE DAYS
 HEATING
  YESTERDAY        0                         0      0        0
  MONTH TO DATE    0                         0      0        0
  SINCE JUN 1      0                         7     -7        1
  SINCE JUL 1      0                         0      0        0

 COOLING
  YESTERDAY       22                        16      6        2
  MONTH TO DATE  281                       268     13      216
  SINCE JUN 1    721                       593    128      573
  SINCE JAN 1    811                       721     90      805
..................................................................


WIND (MPH)
  HIGHEST WIND SPEED    46   HIGHEST WIND DIRECTION    SW (220)
  HIGHEST GUST SPEED    57   HIGHEST GUST DIRECTION    SW (220)
  AVERAGE WIND SPEED    13.6


SKY COVER
  POSSIBLE SUNSHINE  MM
  AVERAGE SKY COVER 0.1


WEATHER CONDITIONS
 THE FOLLOWING WEATHER WAS RECORDED YESTERDAY.
  THUNDERSTORM
  LIGHT RAIN


RELATIVE HUMIDITY (PERCENT)
 HIGHEST    82           500 AM
 LOWEST     38           400 PM
 AVERAGE    60

..........................................................


THE SALINA KS CLIMATE NORMALS FOR TODAY
                         NORMAL    RECORD    YEAR
 MAXIMUM TEMPERATURE (F)   93       116      1936
 MINIMUM TEMPERATURE (F)   70        56      1908


SUNRISE AND SUNSET
JULY 18 2015..........SUNRISE   620 AM CDT   SUNSET   853 PM CDT
JULY 19 2015..........SUNRISE   621 AM CDT   SUNSET   853 PM CDT


-  INDICATES NEGATIVE NUMBERS.
R  INDICATES RECORD WAS SET OR TIED.
MM INDICATES DATA IS MISSING.
T  INDICATES TRACE AMOUNT.




$$
