000
CDUS43 KICT 100623
CLISLN


CLIMATE REPORT
NATIONAL WEATHER SERVICE WICHITA KS
123 AM CDT WED AUG 10 2016


...................................

...THE SALINA KS CLIMATE SUMMARY FOR AUGUST 9 2016...

CLIMATE NORMAL PERIOD 1981 TO 2010
CLIMATE RECORD PERIOD 1894 TO 2016


WEATHER ITEM   OBSERVED TIME   RECORD YEAR NORMAL DEPARTURE LAST
                VALUE   (LST)  VALUE       VALUE  FROM      YEAR
                                                  NORMAL
..................................................................
TEMPERATURE (F)
 YESTERDAY
  MAXIMUM         97    241 PM 112    1926  92      5       95
  MINIMUM         73    516 AM  51    1908  69      4       77
  AVERAGE         85                        81      4       86

PRECIPITATION (IN)
  YESTERDAY        0.00          4.17 1955   0.13  -0.13      T
  MONTH TO DATE    0.69                      1.24  -0.55     2.21
  SINCE JUN 1      3.47                      9.64  -6.17    10.57
  SINCE JAN 1     15.29                     21.63  -6.34    22.17

DEGREE DAYS
 HEATING
  YESTERDAY        0                         0      0        0
  MONTH TO DATE    0                         0      0        0
  SINCE JUN 1      0                         7     -7        0
  SINCE JUL 1      0                         0      0        0

 COOLING
  YESTERDAY       20                        16      4       21
  MONTH TO DATE  156                       144     12      151
  SINCE JUN 1   1236                       970    266     1141
  SINCE JAN 1   1361                      1098    263     1231
..................................................................


WIND (MPH)
  HIGHEST WIND SPEED    17   HIGHEST WIND DIRECTION     S (190)
  HIGHEST GUST SPEED    23   HIGHEST GUST DIRECTION     S (200)
  AVERAGE WIND SPEED     9.3


SKY COVER
  POSSIBLE SUNSHINE  MM
  AVERAGE SKY COVER 0.1


WEATHER CONDITIONS
 THE FOLLOWING WEATHER WAS RECORDED YESTERDAY.
  NO SIGNIFICANT WEATHER WAS OBSERVED.


RELATIVE HUMIDITY (PERCENT)
 HIGHEST    93           300 AM
 LOWEST     42           400 PM
 AVERAGE    68

..........................................................


THE SALINA KS CLIMATE NORMALS FOR TODAY
                         NORMAL    RECORD    YEAR
 MAXIMUM TEMPERATURE (F)   92       113      1934
 MINIMUM TEMPERATURE (F)   69        54      1912


SUNRISE AND SUNSET
AUGUST 10 2016........SUNRISE   640 AM CDT   SUNSET   831 PM CDT
AUGUST 11 2016........SUNRISE   641 AM CDT   SUNSET   830 PM CDT


-  INDICATES NEGATIVE NUMBERS.
R  INDICATES RECORD WAS SET OR TIED.
MM INDICATES DATA IS MISSING.
T  INDICATES TRACE AMOUNT.




$$
