658
CDUS43 KICT 190630
CLISLN


CLIMATE REPORT
NATIONAL WEATHER SERVICE WICHITA KS
130 AM CDT TUE APR 19 2016


...................................

...THE SALINA KS CLIMATE SUMMARY FOR APRIL 18 2016...

CLIMATE NORMAL PERIOD 1981 TO 2010
CLIMATE RECORD PERIOD 1894 TO 2016


WEATHER ITEM   OBSERVED TIME   RECORD YEAR NORMAL DEPARTURE LAST
                VALUE   (LST)  VALUE       VALUE  FROM      YEAR
                                                  NORMAL
..................................................................
TEMPERATURE (F)
 YESTERDAY
  MAXIMUM         59    643 PM  94    1994  68     -9       77
  MINIMUM         45   1128 PM  27    1953  44      1       54
  AVERAGE         52                        56     -4       66

PRECIPITATION (IN)
  YESTERDAY        0.50          1.15 1970   0.10   0.40     0.38
  MONTH TO DATE    1.32                      1.72  -0.40     1.53
  SINCE MAR 1      2.02                      4.11  -2.09     1.58
  SINCE JAN 1      3.26                      5.91  -2.65     3.02

DEGREE DAYS
 HEATING
  YESTERDAY       13                        10      3        0
  MONTH TO DATE  143                       222    -79      119
  SINCE MAR 1    561                       831   -270      634
  SINCE JUL 1   3547                      4672  -1125     4463

 COOLING
  YESTERDAY        0                         1     -1        1
  MONTH TO DATE   11                        10      1       11
  SINCE MAR 1     17                        12      5       12
  SINCE JAN 1     17                        12      5       12
..................................................................


WIND (MPH)
  HIGHEST WIND SPEED    20   HIGHEST WIND DIRECTION    NW (330)
  HIGHEST GUST SPEED    25   HIGHEST GUST DIRECTION    NW (310)
  AVERAGE WIND SPEED    10.5


SKY COVER
  POSSIBLE SUNSHINE  MM
  AVERAGE SKY COVER 0.8


WEATHER CONDITIONS
 THE FOLLOWING WEATHER WAS RECORDED YESTERDAY.
  HEAVY RAIN
  RAIN
  LIGHT RAIN
  FOG
  HAZE


RELATIVE HUMIDITY (PERCENT)
 HIGHEST    96           400 AM
 LOWEST     72           500 PM
 AVERAGE    84

..........................................................


THE SALINA KS CLIMATE NORMALS FOR TODAY
                         NORMAL    RECORD    YEAR
 MAXIMUM TEMPERATURE (F)   68        91      1961
 MINIMUM TEMPERATURE (F)   44        21      1907


SUNRISE AND SUNSET
APRIL 19 2016.........SUNRISE   648 AM CDT   SUNSET   812 PM CDT
APRIL 20 2016.........SUNRISE   646 AM CDT   SUNSET   813 PM CDT


-  INDICATES NEGATIVE NUMBERS.
R  INDICATES RECORD WAS SET OR TIED.
MM INDICATES DATA IS MISSING.
T  INDICATES TRACE AMOUNT.




$$
