000
CDUS43 KICT 250617
CLISLN


CLIMATE REPORT
NATIONAL WEATHER SERVICE WICHITA KS
117 AM CDT MON SEP 25 2017


...................................

...THE SALINA KS CLIMATE SUMMARY FOR SEPTEMBER 24 2017...

CLIMATE NORMAL PERIOD 1981 TO 2010
CLIMATE RECORD PERIOD 1894 TO 2017


WEATHER ITEM   OBSERVED TIME   RECORD YEAR NORMAL DEPARTURE LAST
                VALUE   (LST)  VALUE       VALUE  FROM      YEAR
                                                  NORMAL
..................................................................
TEMPERATURE (F)
 YESTERDAY
  MAXIMUM         93        MM  95    1933  78     15       82
  MINIMUM         72        MM  32    1989  55     17       69
  AVERAGE         83                        66     17       76

PRECIPITATION (IN)
  YESTERDAY        0.33          2.08 1948   0.09   0.24     0.35
  MONTH TO DATE    0.85                      2.16  -1.31     1.20
  SINCE SEP 1      0.85                      2.16  -1.31     1.20
  SINCE JAN 1     18.56                     26.50  -7.94    23.64

DEGREE DAYS
 HEATING
  YESTERDAY        0                         3     -3        0
  MONTH TO DATE    0                        27    -27        0
  SINCE SEP 1      0                        27    -27        0
  SINCE JUL 1      0                        28    -28        0

 COOLING
  YESTERDAY       18                         4     14       11
  MONTH TO DATE  300                       183    117      262
  SINCE SEP 1    300                       183    117      262
  SINCE JAN 1   1881                      1590    291     1932
..................................................................


WIND (MPH)
  HIGHEST WIND SPEED    24   HIGHEST WIND DIRECTION     S (200)
  HIGHEST GUST SPEED    37   HIGHEST GUST DIRECTION     S (200)
  AVERAGE WIND SPEED    13.3


SKY COVER
  POSSIBLE SUNSHINE  MM
  AVERAGE SKY COVER 0.2


WEATHER CONDITIONS
 THE FOLLOWING WEATHER WAS RECORDED YESTERDAY.
  THUNDERSTORM
  HEAVY RAIN
  RAIN
  LIGHT RAIN
  FOG


RELATIVE HUMIDITY (PERCENT)
 HIGHEST    84          1000 PM
 LOWEST     36          1200 PM
 AVERAGE    60

..........................................................


THE SALINA KS CLIMATE NORMALS FOR TODAY
                         NORMAL    RECORD    YEAR
 MAXIMUM TEMPERATURE (F)   78        95      1998
 MINIMUM TEMPERATURE (F)   54        36      1912


SUNRISE AND SUNSET
SEPTEMBER 25 2017.....SUNRISE   721 AM CDT   SUNSET   722 PM CDT
SEPTEMBER 26 2017.....SUNRISE   722 AM CDT   SUNSET   721 PM CDT


-  INDICATES NEGATIVE NUMBERS.
R  INDICATES RECORD WAS SET OR TIED.
MM INDICATES DATA IS MISSING.
T  INDICATES TRACE AMOUNT.




$$
