915
CDUS43 KICT 110635
CLISLN


CLIMATE REPORT
NATIONAL WEATHER SERVICE WICHITA KS
135 AM CDT TUE APR 11 2017


...................................

...THE SALINA KS CLIMATE SUMMARY FOR APRIL 10 2017...

CLIMATE NORMAL PERIOD 1981 TO 2010
CLIMATE RECORD PERIOD 1894 TO 2017


WEATHER ITEM   OBSERVED TIME   RECORD YEAR NORMAL DEPARTURE LAST
                VALUE   (LST)  VALUE       VALUE  FROM      YEAR
                                                  NORMAL
..................................................................
TEMPERATURE (F)
 YESTERDAY
  MAXIMUM         65    307 PM  92    1930  65      0       77
  MINIMUM         42   1119 PM  24    1989  41      1       52
  AVERAGE         54                        53      1       65

PRECIPITATION (IN)
  YESTERDAY        0.00          1.07 1995   0.10  -0.10     0.01
  MONTH TO DATE    1.64                      0.92   0.72     0.08
  SINCE MAR 1      5.26                      3.31   1.95     0.78
  SINCE JAN 1      7.36                      5.11   2.25     2.02

DEGREE DAYS
 HEATING
  YESTERDAY       11                        12     -1        0
  MONTH TO DATE  100                       135    -35       82
  SINCE MAR 1    560                       744   -184      500
  SINCE JUL 1   3228                      4585  -1357     3486

 COOLING
  YESTERDAY        0                         1     -1        0
  MONTH TO DATE    8                         2      6        6
  SINCE MAR 1     19                         4     15       12
  SINCE JAN 1     19                         4     15       12
..................................................................


WIND (MPH)
  HIGHEST WIND SPEED    31   HIGHEST WIND DIRECTION    NW (310)
  HIGHEST GUST SPEED    37   HIGHEST GUST DIRECTION    NW (300)
  AVERAGE WIND SPEED    16.6


SKY COVER
  POSSIBLE SUNSHINE  MM
  AVERAGE SKY COVER 0.0


WEATHER CONDITIONS
 THE FOLLOWING WEATHER WAS RECORDED YESTERDAY.
  NO SIGNIFICANT WEATHER WAS OBSERVED.


RELATIVE HUMIDITY (PERCENT)
 HIGHEST    80           300 AM
 LOWEST     31           300 PM
 AVERAGE    56

..........................................................


THE SALINA KS CLIMATE NORMALS FOR TODAY
                         NORMAL    RECORD    YEAR
 MAXIMUM TEMPERATURE (F)   66        89      1930
 MINIMUM TEMPERATURE (F)   42        23      1989


SUNRISE AND SUNSET
APRIL 11 2017.........SUNRISE   700 AM CDT   SUNSET   804 PM CDT
APRIL 12 2017.........SUNRISE   658 AM CDT   SUNSET   805 PM CDT


-  INDICATES NEGATIVE NUMBERS.
R  INDICATES RECORD WAS SET OR TIED.
MM INDICATES DATA IS MISSING.
T  INDICATES TRACE AMOUNT.




$$
