000
CDUS43 KICT 180630
CLISLN


CLIMATE REPORT
NATIONAL WEATHER SERVICE WICHITA KS
130 AM CDT MON APR 18 2016


...................................

...THE SALINA KS CLIMATE SUMMARY FOR APRIL 17 2016...

CLIMATE NORMAL PERIOD 1981 TO 2010
CLIMATE RECORD PERIOD 1894 TO 2016


WEATHER ITEM   OBSERVED TIME   RECORD YEAR NORMAL DEPARTURE LAST
                VALUE   (LST)  VALUE       VALUE  FROM      YEAR
                                                  NORMAL
..................................................................
TEMPERATURE (F)
 YESTERDAY
  MAXIMUM         65    321 PM  92    1926  68     -3       75
  MINIMUM         56   1159 PM  17    1907  44     12       55
  AVERAGE         61                        56      5       65

PRECIPITATION (IN)
  YESTERDAY        0.74          3.21 1979   0.11   0.63     0.33
  MONTH TO DATE    0.82                      1.62  -0.80     1.15
  SINCE MAR 1      1.52                      4.01  -2.49     1.20
  SINCE JAN 1      2.76                      5.81  -3.05     2.64

DEGREE DAYS
 HEATING
  YESTERDAY        4                        10     -6        0
  MONTH TO DATE  130                       212    -82      119
  SINCE MAR 1    548                       821   -273      634
  SINCE JUL 1   3534                      4662  -1128     4463

 COOLING
  YESTERDAY        0                         1     -1        0
  MONTH TO DATE   11                         9      2       10
  SINCE MAR 1     17                        11      6       11
  SINCE JAN 1     17                        11      6       11
..................................................................


WIND (MPH)
  HIGHEST WIND SPEED    30   HIGHEST WIND DIRECTION    SE (150)
  HIGHEST GUST SPEED    38   HIGHEST GUST DIRECTION    SE (150)
  AVERAGE WIND SPEED    11.9


SKY COVER
  POSSIBLE SUNSHINE  MM
  AVERAGE SKY COVER 1.0


WEATHER CONDITIONS
 THE FOLLOWING WEATHER WAS RECORDED YESTERDAY.
  THUNDERSTORM
  HEAVY RAIN
  RAIN
  LIGHT RAIN
  FOG


RELATIVE HUMIDITY (PERCENT)
 HIGHEST    93           500 AM
 LOWEST     73          1200 AM
 AVERAGE    83

..........................................................


THE SALINA KS CLIMATE NORMALS FOR TODAY
                         NORMAL    RECORD    YEAR
 MAXIMUM TEMPERATURE (F)   68        94      1994
 MINIMUM TEMPERATURE (F)   44        27      1953


SUNRISE AND SUNSET
APRIL 18 2016.........SUNRISE   649 AM CDT   SUNSET   811 PM CDT
APRIL 19 2016.........SUNRISE   648 AM CDT   SUNSET   812 PM CDT


-  INDICATES NEGATIVE NUMBERS.
R  INDICATES RECORD WAS SET OR TIED.
MM INDICATES DATA IS MISSING.
T  INDICATES TRACE AMOUNT.




$$
