000
CDUS43 KICT 250621
CLISLN


CLIMATE REPORT
NATIONAL WEATHER SERVICE WICHITA KS
121 AM CDT SUN SEP 25 2016


...................................

...THE SALINA KS CLIMATE SUMMARY FOR SEPTEMBER 24 2016...

CLIMATE NORMAL PERIOD 1981 TO 2010
CLIMATE RECORD PERIOD 1894 TO 2016


WEATHER ITEM   OBSERVED TIME   RECORD YEAR NORMAL DEPARTURE LAST
                VALUE   (LST)  VALUE       VALUE  FROM      YEAR
                                                  NORMAL
..................................................................
TEMPERATURE (F)
 YESTERDAY
  MAXIMUM         82   1126 AM  95    1933  78      4       91
  MINIMUM         69   1159 PM  32    1989  55     14       67
  AVERAGE         76                        66     10       79

PRECIPITATION (IN)
  YESTERDAY        0.35          2.08 1948   0.09   0.26     0.08
  MONTH TO DATE    1.20                      2.16  -0.96     1.19
  SINCE SEP 1      1.20                      2.16  -0.96     1.19
  SINCE JAN 1     23.64                     26.50  -2.86    25.04

DEGREE DAYS
 HEATING
  YESTERDAY        0                         3     -3        0
  MONTH TO DATE    0                        27    -27        2
  SINCE SEP 1      0                        27    -27        2
  SINCE JUL 1      0                        28    -28        2

 COOLING
  YESTERDAY       11                         4      7       14
  MONTH TO DATE  262                       183     79      335
  SINCE SEP 1    262                       183     79      335
  SINCE JAN 1   1932                      1590    342     1789
..................................................................


WIND (MPH)
  HIGHEST WIND SPEED    24   HIGHEST WIND DIRECTION     S (170)
  HIGHEST GUST SPEED    30   HIGHEST GUST DIRECTION     S (170)
  AVERAGE WIND SPEED     9.7


SKY COVER
  POSSIBLE SUNSHINE  MM
  AVERAGE SKY COVER 0.4


WEATHER CONDITIONS
 THE FOLLOWING WEATHER WAS RECORDED YESTERDAY.
  THUNDERSTORM
  HEAVY RAIN
  RAIN
  LIGHT RAIN
  FOG


RELATIVE HUMIDITY (PERCENT)
 HIGHEST   100           800 PM
 LOWEST     69           800 AM
 AVERAGE    85

..........................................................


THE SALINA KS CLIMATE NORMALS FOR TODAY
                         NORMAL    RECORD    YEAR
 MAXIMUM TEMPERATURE (F)   78        92      2005
 MINIMUM TEMPERATURE (F)   54        36      1912


SUNRISE AND SUNSET
SEPTEMBER 25 2016.....SUNRISE   721 AM CDT   SUNSET   722 PM CDT
SEPTEMBER 26 2016.....SUNRISE   722 AM CDT   SUNSET   720 PM CDT


-  INDICATES NEGATIVE NUMBERS.
R  INDICATES RECORD WAS SET OR TIED.
MM INDICATES DATA IS MISSING.
T  INDICATES TRACE AMOUNT.




$$
