000
CDUS43 KICT 220645
CLISLN

CLIMATE REPORT
NATIONAL WEATHER SERVICE WICHITA KS
1244 AM CST MON JAN 22 2018

...................................

...THE SALINA KS CLIMATE SUMMARY FOR JANUARY 21 2018...

CLIMATE NORMAL PERIOD 1981 TO 2010
CLIMATE RECORD PERIOD 1894 TO 2018


WEATHER ITEM   OBSERVED TIME   RECORD YEAR NORMAL DEPARTURE LAST
                VALUE   (LST)  VALUE       VALUE  FROM      YEAR
                                                  NORMAL
..................................................................
TEMPERATURE (F)
 YESTERDAY
  MAXIMUM         56    221 PM  67    1933  42     14       55
                                      1952
  MINIMUM         30    448 AM  -7    1935  20     10       32
  AVERAGE         43                        31     12       44

PRECIPITATION (IN)
  YESTERDAY        T             0.30 2016   0.03  -0.03     0.00
  MONTH TO DATE    0.13                      0.38  -0.25     2.02
  SINCE DEC 1      0.18                      1.32  -1.14     2.87
  SINCE JAN 1      0.13                      0.38  -0.25     2.02

DEGREE DAYS
 HEATING
  YESTERDAY       22                        34    -12       21
  MONTH TO DATE  767                       714     53      289
  SINCE DEC 1   1700                      1726    -26     1315
  SINCE JUL 1   2456                      2678   -222     1858

 COOLING
  YESTERDAY        0                         0      0        0
  MONTH TO DATE    0                         0      0        0
  SINCE DEC 1      0                         0      0        0
  SINCE JAN 1      0                         0      0        0
..................................................................


WIND (MPH)
  HIGHEST WIND SPEED    21   HIGHEST WIND DIRECTION     W (270)
  HIGHEST GUST SPEED    25   HIGHEST GUST DIRECTION     W (270)
  AVERAGE WIND SPEED     5.8


SKY COVER
  POSSIBLE SUNSHINE  MM
  AVERAGE SKY COVER 0.5


WEATHER CONDITIONS
 THE FOLLOWING WEATHER WAS RECORDED YESTERDAY.
  LIGHT RAIN
  FOG
  FOG W/VISIBILITY <= 1/4 MILE


RELATIVE HUMIDITY (PERCENT)
 HIGHEST   100          1200 AM
 LOWEST     51           200 PM
 AVERAGE    76

..........................................................


THE SALINA KS CLIMATE NORMALS FOR TODAY
                         NORMAL    RECORD    YEAR
 MAXIMUM TEMPERATURE (F)   42        67      1938
 MINIMUM TEMPERATURE (F)   20        -9      1929


SUNRISE AND SUNSET
JANUARY 22 2018.......SUNRISE   744 AM CST   SUNSET   541 PM CST
JANUARY 23 2018.......SUNRISE   743 AM CST   SUNSET   542 PM CST


-  INDICATES NEGATIVE NUMBERS.
R  INDICATES RECORD WAS SET OR TIED.
MM INDICATES DATA IS MISSING.
T  INDICATES TRACE AMOUNT.

$$
