000
CDUS43 KICT 210641
CLISLN

CLIMATE REPORT
NATIONAL WEATHER SERVICE WICHITA KS
140 AM CDT FRI MAR 21 2014


...................................

...THE SALINA KS CLIMATE SUMMARY FOR MARCH 20 2014...

CLIMATE NORMAL PERIOD 1981 TO 2010
CLIMATE RECORD PERIOD 1894 TO 2014


WEATHER ITEM   OBSERVED TIME   RECORD YEAR NORMAL DEPARTURE LAST
                VALUE   (LST)  VALUE       VALUE  FROM      YEAR
                                                  NORMAL
..................................................................
TEMPERATURE (F)
 YESTERDAY
  MAXIMUM         74    456 PM  86    1934  59     15       46
  MINIMUM         28    227 AM   6    1914  35     -7       24
  AVERAGE         51                        47      4       35

PRECIPITATION (IN)
  YESTERDAY        0.00          0.58 2006   0.09  -0.09     0.00
  MONTH TO DATE    0.05                      1.42  -1.37     0.40
  SINCE MAR 1      0.05                      1.42  -1.37     0.40
  SINCE JAN 1      1.86                      3.22  -1.36     3.67

DEGREE DAYS
 HEATING
  YESTERDAY       14                        18     -4       30
  MONTH TO DATE  516                       427     89      481
  SINCE MAR 1    516                       427     89      481
  SINCE JUL 1   4766                      4268    498     4103

 COOLING
  YESTERDAY        0                         0      0        0
  MONTH TO DATE    0                         0      0        0
  SINCE MAR 1      0                         0      0        0
  SINCE JAN 1      0                         0      0        0
..................................................................


WIND (MPH)
  HIGHEST WIND SPEED    25   HIGHEST WIND DIRECTION    SW (230)
  HIGHEST GUST SPEED    30   HIGHEST GUST DIRECTION    SW (230)
  AVERAGE WIND SPEED     9.2


SKY COVER
  POSSIBLE SUNSHINE  MM
  AVERAGE SKY COVER 0.0


WEATHER CONDITIONS
 THE FOLLOWING WEATHER WAS RECORDED YESTERDAY.
  NO SIGNIFICANT WEATHER WAS OBSERVED.


RELATIVE HUMIDITY (PERCENT)
 HIGHEST    69          1200 AM
 LOWEST      9           300 PM
 AVERAGE    39

..........................................................


THE SALINA KS CLIMATE NORMALS FOR TODAY
                         NORMAL    RECORD    YEAR
 MAXIMUM TEMPERATURE (F)   59        96      1907
 MINIMUM TEMPERATURE (F)   36        10      1913


SUNRISE AND SUNSET
MARCH 21 2014.........SUNRISE   732 AM CDT   SUNSET   744 PM CDT
MARCH 22 2014.........SUNRISE   731 AM CDT   SUNSET   745 PM CDT


-  INDICATES NEGATIVE NUMBERS.
R  INDICATES RECORD WAS SET OR TIED.
MM INDICATES DATA IS MISSING.
T  INDICATES TRACE AMOUNT.




$$
