532
CDUS43 KICT 090628
CLISLN

CLIMATE REPORT
NATIONAL WEATHER SERVICE WICHITA KS
127 AM CDT SAT JUL 9 2016


...................................

...THE SALINA KS CLIMATE SUMMARY FOR JULY 8 2016...

CLIMATE NORMAL PERIOD 1981 TO 2010
CLIMATE RECORD PERIOD 1894 TO 2016


WEATHER ITEM   OBSERVED TIME   RECORD YEAR NORMAL DEPARTURE LAST
                VALUE   (LST)  VALUE       VALUE  FROM      YEAR
                                                  NORMAL
..................................................................
TEMPERATURE (F)
 YESTERDAY
  MAXIMUM         95    309 PM 110    1913  93      2       82
  MINIMUM         76   1159 PM  51    1952  69      7       57
  AVERAGE         86                        81      5       70

PRECIPITATION (IN)
  YESTERDAY        0.00          1.35 1971   0.14  -0.14     0.00
  MONTH TO DATE    1.23                      1.18   0.05     0.30
  SINCE JUN 1      1.68                      5.29  -3.61     4.80
  SINCE JAN 1     13.50                     17.28  -3.78    16.40

DEGREE DAYS
 HEATING
  YESTERDAY        0                         0      0        0
  MONTH TO DATE    0                         0      0        0
  SINCE JUN 1      0                         7     -7        0
  SINCE JUL 1      0                         0      0        0

 COOLING
  YESTERDAY       21                        16      5        5
  MONTH TO DATE  127                       124      3      110
  SINCE JUN 1    619                       449    170      550
  SINCE JAN 1    744                       577    167      640
..................................................................


WIND (MPH)
  HIGHEST WIND SPEED    16   HIGHEST WIND DIRECTION    SE (140)
  HIGHEST GUST SPEED    20   HIGHEST GUST DIRECTION    NE (60)
  AVERAGE WIND SPEED     7.8


SKY COVER
  POSSIBLE SUNSHINE  MM
  AVERAGE SKY COVER 0.1


WEATHER CONDITIONS
 THE FOLLOWING WEATHER WAS RECORDED YESTERDAY.
  NO SIGNIFICANT WEATHER WAS OBSERVED.


RELATIVE HUMIDITY (PERCENT)
 HIGHEST    85           200 AM
 LOWEST     46           200 PM
 AVERAGE    66

..........................................................


THE SALINA KS CLIMATE NORMALS FOR TODAY
                         NORMAL    RECORD    YEAR
 MAXIMUM TEMPERATURE (F)   93       109      1980
 MINIMUM TEMPERATURE (F)   69        50      1952


SUNRISE AND SUNSET
JULY  9 2016..........SUNRISE   614 AM CDT   SUNSET   857 PM CDT
JULY 10 2016..........SUNRISE   615 AM CDT   SUNSET   857 PM CDT


-  INDICATES NEGATIVE NUMBERS.
R  INDICATES RECORD WAS SET OR TIED.
MM INDICATES DATA IS MISSING.
T  INDICATES TRACE AMOUNT.




$$
