798
CDUS43 KICT 030632
CLISLN


CLIMATE REPORT
NATIONAL WEATHER SERVICE WICHITA KS
130 AM CDT THU AUG 3 2017


...................................

...THE SALINA KS CLIMATE SUMMARY FOR AUGUST 2 2017...

CLIMATE NORMAL PERIOD 1981 TO 2010
CLIMATE RECORD PERIOD 1894 TO 2017


WEATHER ITEM   OBSERVED TIME   RECORD YEAR NORMAL DEPARTURE LAST
                VALUE   (LST)  VALUE       VALUE  FROM      YEAR
                                                  NORMAL
..................................................................
TEMPERATURE (F)
 YESTERDAY
  MAXIMUM         93    420 PM 109    2011  93      0       90
  MINIMUM         65    456 AM  53    1925  70     -5       76
  AVERAGE         79                        81     -2       83

PRECIPITATION (IN)
  YESTERDAY        0.00          1.69 1968   0.14  -0.14     0.10
  MONTH TO DATE    0.00                      0.29  -0.29     0.10
  SINCE JUN 1      3.38                      8.69  -5.31     2.88
  SINCE JAN 1     16.62                     20.68  -4.06    14.70

DEGREE DAYS
 HEATING
  YESTERDAY        0                         0      0        0
  MONTH TO DATE    0                         0      0        0
  SINCE JUN 1      0                         7     -7        0
  SINCE JUL 1      0                         0      0        0

 COOLING
  YESTERDAY       14                        16     -2       18
  MONTH TO DATE   22                        32    -10       44
  SINCE JUN 1   1077                       858    219     1124
  SINCE JAN 1   1237                       986    251     1249
..................................................................


WIND (MPH)
  HIGHEST WIND SPEED    12   HIGHEST WIND DIRECTION    NE (40)
  HIGHEST GUST SPEED    15   HIGHEST GUST DIRECTION    NE (40)
  AVERAGE WIND SPEED     3.8


SKY COVER
  POSSIBLE SUNSHINE  MM
  AVERAGE SKY COVER 0.1


WEATHER CONDITIONS
 THE FOLLOWING WEATHER WAS RECORDED YESTERDAY.
  NO SIGNIFICANT WEATHER WAS OBSERVED.


RELATIVE HUMIDITY (PERCENT)
 HIGHEST    87           500 AM
 LOWEST     36           300 PM
 AVERAGE    62

..........................................................


THE SALINA KS CLIMATE NORMALS FOR TODAY
                         NORMAL    RECORD    YEAR
 MAXIMUM TEMPERATURE (F)   93       112      1918
 MINIMUM TEMPERATURE (F)   70        50      1898


SUNRISE AND SUNSET
AUGUST  3 2017........SUNRISE   634 AM CDT   SUNSET   839 PM CDT
AUGUST  4 2017........SUNRISE   635 AM CDT   SUNSET   838 PM CDT


-  INDICATES NEGATIVE NUMBERS.
R  INDICATES RECORD WAS SET OR TIED.
MM INDICATES DATA IS MISSING.
T  INDICATES TRACE AMOUNT.




$$
