000
CDUS43 KICT 230626
CLISLN


CLIMATE REPORT
NATIONAL WEATHER SERVICE WICHITA KS
125 AM CDT SAT SEP 23 2017


...................................

...THE SALINA KS CLIMATE SUMMARY FOR SEPTEMBER 22 2017...

CLIMATE NORMAL PERIOD 1981 TO 2010
CLIMATE RECORD PERIOD 1894 TO 2017


WEATHER ITEM   OBSERVED TIME   RECORD YEAR NORMAL DEPARTURE LAST
                VALUE   (LST)  VALUE       VALUE  FROM      YEAR
                                                  NORMAL
..................................................................
TEMPERATURE (F)
 YESTERDAY
  MAXIMUM         98    320 PM  99    1937  79     19       95
  MINIMUM         78    656 AM  33    1995  55     23       69
  AVERAGE         88                        67     21       82

PRECIPITATION (IN)
  YESTERDAY        0.00          1.07 1902   0.08  -0.08     0.00
  MONTH TO DATE    0.52                      1.98  -1.46     0.85
  SINCE SEP 1      0.52                      1.98  -1.46     0.85
  SINCE JAN 1     18.23                     26.32  -8.09    23.29

DEGREE DAYS
 HEATING
  YESTERDAY        0                         2     -2        0
  MONTH TO DATE    0                        21    -21        0
  SINCE SEP 1      0                        21    -21        0
  SINCE JUL 1      0                        22    -22        0

 COOLING
  YESTERDAY       23                         5     18       17
  MONTH TO DATE  262                       175     87      238
  SINCE SEP 1    262                       175     87      238
  SINCE JAN 1   1843                      1582    261     1908
..................................................................


WIND (MPH)
  HIGHEST WIND SPEED    31   HIGHEST WIND DIRECTION     S (160)
  HIGHEST GUST SPEED    38   HIGHEST GUST DIRECTION    SE (150)
  AVERAGE WIND SPEED    17.9


SKY COVER
  POSSIBLE SUNSHINE  MM
  AVERAGE SKY COVER 0.0


WEATHER CONDITIONS
 THE FOLLOWING WEATHER WAS RECORDED YESTERDAY.
  NO SIGNIFICANT WEATHER WAS OBSERVED.


RELATIVE HUMIDITY (PERCENT)
 HIGHEST    71           700 AM
 LOWEST     33           300 PM
 AVERAGE    52

..........................................................


THE SALINA KS CLIMATE NORMALS FOR TODAY
                         NORMAL    RECORD    YEAR
 MAXIMUM TEMPERATURE (F)   79        97      1926
 MINIMUM TEMPERATURE (F)   55        36      1983


SUNRISE AND SUNSET
SEPTEMBER 23 2017.....SUNRISE   719 AM CDT   SUNSET   726 PM CDT
SEPTEMBER 24 2017.....SUNRISE   720 AM CDT   SUNSET   724 PM CDT


-  INDICATES NEGATIVE NUMBERS.
R  INDICATES RECORD WAS SET OR TIED.
MM INDICATES DATA IS MISSING.
T  INDICATES TRACE AMOUNT.




$$
