000
CDUS43 KICT 150716
CLISLN

CLIMATE REPORT
NATIONAL WEATHER SERVICE WICHITA KS
114 AM CST SUN FEB 15 2015

...................................

...THE SALINA KS CLIMATE SUMMARY FOR FEBRUARY 14 2015...

CLIMATE NORMAL PERIOD 1981 TO 2010
CLIMATE RECORD PERIOD 1894 TO 2015


WEATHER ITEM   OBSERVED TIME   RECORD YEAR NORMAL DEPARTURE LAST
                VALUE   (LST)  VALUE       VALUE  FROM      YEAR
                                                  NORMAL
..................................................................
TEMPERATURE (F)
 YESTERDAY
  MAXIMUM         45   1139 AM  84    1954  46     -1       51
  MINIMUM         23   1159 PM  -9    1936  24     -1       28
  AVERAGE         34                        35     -1       40

PRECIPITATION (IN)
  YESTERDAY        0.00          0.61 1969   0.04  -0.04      T
  MONTH TO DATE    0.09                      0.53  -0.44     1.19
  SINCE DEC 1      3.19                      2.10   1.09     2.90
  SINCE JAN 1      1.29                      1.16   0.13     1.68

DEGREE DAYS
 HEATING
  YESTERDAY       31                        30      1       25
  MONTH TO DATE  401                       440    -39      640
  SINCE DEC 1   2296                      2504   -208     2885
  SINCE JUL 1   3293                      3456   -163     3873

 COOLING
  YESTERDAY        0                         0      0        0
  MONTH TO DATE    0                         0      0        0
  SINCE DEC 1      0                         0      0        0
  SINCE JAN 1      0                         0      0        0
..................................................................


WIND (MPH)
  HIGHEST WIND SPEED    25   HIGHEST WIND DIRECTION    NE (30)
  HIGHEST GUST SPEED    33   HIGHEST GUST DIRECTION    NE (30)
  AVERAGE WIND SPEED    13.9


SKY COVER
  POSSIBLE SUNSHINE  MM
  AVERAGE SKY COVER 0.1


WEATHER CONDITIONS
 THE FOLLOWING WEATHER WAS RECORDED YESTERDAY.
  NO SIGNIFICANT WEATHER WAS OBSERVED.


RELATIVE HUMIDITY (PERCENT)
 HIGHEST    75          1200 AM
 LOWEST     29           600 PM
 AVERAGE    52

..........................................................


THE SALINA KS CLIMATE NORMALS FOR TODAY
                         NORMAL    RECORD    YEAR
 MAXIMUM TEMPERATURE (F)   46        75      1921
 MINIMUM TEMPERATURE (F)   25        -7      1905


SUNRISE AND SUNSET
FEBRUARY 15 2015......SUNRISE   722 AM CST   SUNSET   608 PM CST
FEBRUARY 16 2015......SUNRISE   721 AM CST   SUNSET   609 PM CST


-  INDICATES NEGATIVE NUMBERS.
R  INDICATES RECORD WAS SET OR TIED.
MM INDICATES DATA IS MISSING.
T  INDICATES TRACE AMOUNT.

$$
