000
CDUS43 KICT 110659
CLISLN


CLIMATE REPORT
NATIONAL WEATHER SERVICE WICHITA KS
1258 AM CST SAT MAR 11 2017


...................................

...THE SALINA KS CLIMATE SUMMARY FOR MARCH 10 2017...

CLIMATE NORMAL PERIOD 1981 TO 2010
CLIMATE RECORD PERIOD 1894 TO 2017


WEATHER ITEM   OBSERVED TIME   RECORD YEAR NORMAL DEPARTURE LAST
                VALUE   (LST)  VALUE       VALUE  FROM      YEAR
                                                  NORMAL
..................................................................
TEMPERATURE (F)
 YESTERDAY
  MAXIMUM         42    457 PM  86    1989  55    -13       72
  MINIMUM         26    707 AM   2    1932  32     -6       35
  AVERAGE         34                        44    -10       54

PRECIPITATION (IN)
  YESTERDAY        0.00          1.64 1973   0.07  -0.07     0.00
  MONTH TO DATE    0.00                      0.64  -0.64      T
  SINCE MAR 1      0.00                      0.64  -0.64      T
  SINCE JAN 1      2.10                      2.44  -0.34     1.24

DEGREE DAYS
 HEATING
  YESTERDAY       31                        21     10       11
  MONTH TO DATE  148                       231    -83      122
  SINCE MAR 1    148                       231    -83      122
  SINCE JUL 1   2816                      4072  -1256     3108

 COOLING
  YESTERDAY        0                         0      0        0
  MONTH TO DATE    0                         0      0        5
  SINCE MAR 1      0                         0      0        5
  SINCE JAN 1      0                         0      0        5
..................................................................


WIND (MPH)
  HIGHEST WIND SPEED    26   HIGHEST WIND DIRECTION    NE (30)
  HIGHEST GUST SPEED    36   HIGHEST GUST DIRECTION    NE (40)
  AVERAGE WIND SPEED    11.6


SKY COVER
  POSSIBLE SUNSHINE  MM
  AVERAGE SKY COVER 0.4


WEATHER CONDITIONS
 THE FOLLOWING WEATHER WAS RECORDED YESTERDAY.
  NO SIGNIFICANT WEATHER WAS OBSERVED.


RELATIVE HUMIDITY (PERCENT)
 HIGHEST    64           200 AM
 LOWEST     30           400 PM
 AVERAGE    47

..........................................................


THE SALINA KS CLIMATE NORMALS FOR TODAY
                         NORMAL    RECORD    YEAR
 MAXIMUM TEMPERATURE (F)   55        86      1972
 MINIMUM TEMPERATURE (F)   33       -11      1948


SUNRISE AND SUNSET
MARCH 11 2017.........SUNRISE   648 AM CST   SUNSET   634 PM CST
MARCH 12 2017.........SUNRISE   746 AM CDT   SUNSET   735 PM CDT


-  INDICATES NEGATIVE NUMBERS.
R  INDICATES RECORD WAS SET OR TIED.
MM INDICATES DATA IS MISSING.
T  INDICATES TRACE AMOUNT.




$$
