000
CDUS43 KICT 250625
CLISLN

CLIMATE REPORT
NATIONAL WEATHER SERVICE WICHITA KS
124 AM CDT SUN JUN 25 2017


...................................

...THE SALINA KS CLIMATE SUMMARY FOR JUNE 24 2017...

CLIMATE NORMAL PERIOD 1981 TO 2010
CLIMATE RECORD PERIOD 1894 TO 2017


WEATHER ITEM   OBSERVED TIME   RECORD YEAR NORMAL DEPARTURE LAST
                VALUE   (LST)  VALUE       VALUE  FROM      YEAR
                                                  NORMAL
..................................................................
TEMPERATURE (F)
 YESTERDAY
  MAXIMUM         86    433 PM 106    1973  90     -4       92
  MINIMUM         56    525 AM  54    1957  67    -11       71
  AVERAGE         71                        78     -7       82

PRECIPITATION (IN)
  YESTERDAY        T             1.62 1958   0.13  -0.13      T
  MONTH TO DATE    0.90                      3.34  -2.44     0.12
  SINCE JUN 1      0.90                      3.34  -2.44     0.12
  SINCE JAN 1     14.14                     15.33  -1.19    11.94

DEGREE DAYS
 HEATING
  YESTERDAY        0                         0      0        0
  MONTH TO DATE    0                         5     -5        0
  SINCE JUN 1      0                         5     -5        0
  SINCE JUL 1   3453                      4869  -1416     3718

 COOLING
  YESTERDAY        6                        13     -7       17
  MONTH TO DATE  361                       240    121      390
  SINCE JUN 1    361                       240    121      390
  SINCE JAN 1    521                       368    153      515
..................................................................


WIND (MPH)
  HIGHEST WIND SPEED    14   HIGHEST WIND DIRECTION    NE (30)
  HIGHEST GUST SPEED    18   HIGHEST GUST DIRECTION    SW (220)
  AVERAGE WIND SPEED     5.7


SKY COVER
  POSSIBLE SUNSHINE  MM
  AVERAGE SKY COVER 0.3


WEATHER CONDITIONS
 THE FOLLOWING WEATHER WAS RECORDED YESTERDAY.
  LIGHT RAIN


RELATIVE HUMIDITY (PERCENT)
 HIGHEST    80           500 AM
 LOWEST     25           200 PM
 AVERAGE    53

..........................................................


THE SALINA KS CLIMATE NORMALS FOR TODAY
                         NORMAL    RECORD    YEAR
 MAXIMUM TEMPERATURE (F)   91       108      2012
                                             1994
 MINIMUM TEMPERATURE (F)   67        50      1958


SUNRISE AND SUNSET
JUNE 25 2017..........SUNRISE   607 AM CDT   SUNSET   900 PM CDT
JUNE 26 2017..........SUNRISE   607 AM CDT   SUNSET   900 PM CDT


-  INDICATES NEGATIVE NUMBERS.
R  INDICATES RECORD WAS SET OR TIED.
MM INDICATES DATA IS MISSING.
T  INDICATES TRACE AMOUNT.




$$
