000
CDUS43 KICT 040642
CLISLN


CLIMATE REPORT
NATIONAL WEATHER SERVICE WICHITA KS
142 AM CDT FRI NOV 4 2016


...................................

...THE SALINA KS CLIMATE SUMMARY FOR NOVEMBER 3 2016...

CLIMATE NORMAL PERIOD 1981 TO 2010
CLIMATE RECORD PERIOD 1894 TO 2016


WEATHER ITEM   OBSERVED TIME   RECORD YEAR NORMAL DEPARTURE LAST
                VALUE   (LST)  VALUE       VALUE  FROM      YEAR
                                                  NORMAL
..................................................................
TEMPERATURE (F)
 YESTERDAY
  MAXIMUM         75    340 PM  83    2005  62     13       78
  MINIMUM         45    733 AM   6    1991  39      6       55
  AVERAGE         60                        50     10       67

PRECIPITATION (IN)
  YESTERDAY        0.00          1.83 1964   0.05  -0.05     0.00
  MONTH TO DATE    T                         0.15  -0.15     0.00
  SINCE SEP 1      3.48                      5.12  -1.64     2.32
  SINCE JAN 1     25.92                     29.46  -3.54    26.17

DEGREE DAYS
 HEATING
  YESTERDAY        5                        15    -10        0
  MONTH TO DATE    5                        43    -38        7
  SINCE SEP 1    136                       360   -224      165
  SINCE JUL 1    136                       361   -225      165

 COOLING
  YESTERDAY        0                         0      0        2
  MONTH TO DATE    4                         0      4        2
  SINCE SEP 1    339                       239    100      413
  SINCE JAN 1   2009                      1646    363     1867
..................................................................


WIND (MPH)
  HIGHEST WIND SPEED    13   HIGHEST WIND DIRECTION     N (360)
  HIGHEST GUST SPEED    16   HIGHEST GUST DIRECTION     N (360)
  AVERAGE WIND SPEED     6.1


SKY COVER
  POSSIBLE SUNSHINE  MM
  AVERAGE SKY COVER 0.1


WEATHER CONDITIONS
 THE FOLLOWING WEATHER WAS RECORDED YESTERDAY.
  HAZE


RELATIVE HUMIDITY (PERCENT)
 HIGHEST    86           200 AM
 LOWEST     29           100 PM
 AVERAGE    58

..........................................................


THE SALINA KS CLIMATE NORMALS FOR TODAY
                         NORMAL    RECORD    YEAR
 MAXIMUM TEMPERATURE (F)   61        81      1978
 MINIMUM TEMPERATURE (F)   39        10      1991


SUNRISE AND SUNSET
NOVEMBER  4 2016......SUNRISE   801 AM CDT   SUNSET   626 PM CDT
NOVEMBER  5 2016......SUNRISE   803 AM CDT   SUNSET   625 PM CDT


-  INDICATES NEGATIVE NUMBERS.
R  INDICATES RECORD WAS SET OR TIED.
MM INDICATES DATA IS MISSING.
T  INDICATES TRACE AMOUNT.




$$
