890
CDUS43 KICT 110630
CLISLN


CLIMATE REPORT
NATIONAL WEATHER SERVICE WICHITA KS
130 AM CDT SUN SEP 11 2016


...................................

...THE SALINA KS CLIMATE SUMMARY FOR SEPTEMBER 10 2016...

CLIMATE NORMAL PERIOD 1981 TO 2010
CLIMATE RECORD PERIOD 1894 TO 2016


WEATHER ITEM   OBSERVED TIME   RECORD YEAR NORMAL DEPARTURE LAST
                VALUE   (LST)  VALUE       VALUE  FROM      YEAR
                                                  NORMAL
..................................................................
TEMPERATURE (F)
 YESTERDAY
  MAXIMUM         78    442 PM 103    2000  85     -7       92
  MINIMUM         52   1159 PM  43    1962  61     -9       66
  AVERAGE         65                        73     -8       79

PRECIPITATION (IN)
  YESTERDAY        0.00          2.00 1958   0.10  -0.10     0.02
  MONTH TO DATE    T                         0.96  -0.96     0.93
  SINCE SEP 1      T                         0.96  -0.96     0.93
  SINCE JAN 1     22.44                     25.30  -2.86    24.78

DEGREE DAYS
 HEATING
  YESTERDAY        0                         1     -1        0
  MONTH TO DATE    0                         3     -3        0
  SINCE SEP 1      0                         3     -3        0
  SINCE JUL 1      0                         4     -4        0

 COOLING
  YESTERDAY        0                         8     -8       14
  MONTH TO DATE  118                        99     19      189
  SINCE SEP 1    118                        99     19      189
  SINCE JAN 1   1788                      1506    282     1643
..................................................................


WIND (MPH)
  HIGHEST WIND SPEED    20   HIGHEST WIND DIRECTION    NW (330)
  HIGHEST GUST SPEED    25   HIGHEST GUST DIRECTION    NW (330)
  AVERAGE WIND SPEED     9.0


SKY COVER
  POSSIBLE SUNSHINE  MM
  AVERAGE SKY COVER 0.0


WEATHER CONDITIONS
 THE FOLLOWING WEATHER WAS RECORDED YESTERDAY.
  NO SIGNIFICANT WEATHER WAS OBSERVED.


RELATIVE HUMIDITY (PERCENT)
 HIGHEST    77           500 AM
 LOWEST     33           200 PM
 AVERAGE    55

..........................................................


THE SALINA KS CLIMATE NORMALS FOR TODAY
                         NORMAL    RECORD    YEAR
 MAXIMUM TEMPERATURE (F)   84       105      1956
 MINIMUM TEMPERATURE (F)   61        42      1959


SUNRISE AND SUNSET
SEPTEMBER 11 2016.....SUNRISE   709 AM CDT   SUNSET   744 PM CDT
SEPTEMBER 12 2016.....SUNRISE   710 AM CDT   SUNSET   743 PM CDT


-  INDICATES NEGATIVE NUMBERS.
R  INDICATES RECORD WAS SET OR TIED.
MM INDICATES DATA IS MISSING.
T  INDICATES TRACE AMOUNT.




$$
