000
CDUS43 KICT 230719
CLISLN


CLIMATE REPORT
NATIONAL WEATHER SERVICE WICHITA KS
117 AM CST SAT JAN 23 2016


...................................

...THE SALINA KS CLIMATE SUMMARY FOR JANUARY 22 2016...

CLIMATE NORMAL PERIOD 1981 TO 2010
CLIMATE RECORD PERIOD 1894 TO 2016


WEATHER ITEM   OBSERVED TIME   RECORD YEAR NORMAL DEPARTURE LAST
                VALUE   (LST)  VALUE       VALUE  FROM      YEAR
                                                  NORMAL
..................................................................
TEMPERATURE (F)
 YESTERDAY
  MAXIMUM         MM        MM  67    1938  42     MM       43
  MINIMUM         MM        MM  -9    1929  20     MM       22
  AVERAGE         MM                        31     MM       33

PRECIPITATION (IN)
  YESTERDAY        0.00          0.47 1965   0.02  -0.02     0.00
  MONTH TO DATE    0.72                      0.40   0.32     0.32
  SINCE DEC 1      4.38                      1.34   3.04     2.22
  SINCE JAN 1      0.72                      0.40   0.32     0.32

DEGREE DAYS
 HEATING
  YESTERDAY       MM                        34     MM       32
  MONTH TO DATE  681                       748    -67      804
  SINCE DEC 1   1480                      1760   -280     1697
  SINCE JUL 1   2112                      2712   -600     2694

 COOLING
  YESTERDAY       MM                         0     MM        0
  MONTH TO DATE    0                         0      0        0
  SINCE DEC 1      0                         0      0        0
  SINCE JAN 1      0                         0      0        0
..................................................................


WIND (MPH)
  HIGHEST WIND SPEED    16   HIGHEST WIND DIRECTION     N (340)
  HIGHEST GUST SPEED    MM   HIGHEST GUST DIRECTION    MM
  AVERAGE WIND SPEED     9.6


SKY COVER
  POSSIBLE SUNSHINE  MM
  AVERAGE SKY COVER 1.0


WEATHER CONDITIONS
 THE FOLLOWING WEATHER WAS RECORDED YESTERDAY.
  FOG
  HAZE


RELATIVE HUMIDITY (PERCENT)
 HIGHEST    81           700 AM
 LOWEST     69           100 PM
 AVERAGE    75

..........................................................


THE SALINA KS CLIMATE NORMALS FOR TODAY
                         NORMAL    RECORD    YEAR
 MAXIMUM TEMPERATURE (F)   42        71      1981
 MINIMUM TEMPERATURE (F)   21       -10      1915


SUNRISE AND SUNSET
JANUARY 23 2016.......SUNRISE   744 AM CST   SUNSET   541 PM CST
JANUARY 24 2016.......SUNRISE   743 AM CST   SUNSET   542 PM CST


-  INDICATES NEGATIVE NUMBERS.
R  INDICATES RECORD WAS SET OR TIED.
MM INDICATES DATA IS MISSING.
T  INDICATES TRACE AMOUNT.




$$
