000
CDUS43 KICT 200626
CLISLN


CLIMATE REPORT
NATIONAL WEATHER SERVICE WICHITA KS
1226 AM CST FRI JAN 20 2017


...................................

...THE SALINA KS CLIMATE SUMMARY FOR JANUARY 19 2017...

CLIMATE NORMAL PERIOD 1981 TO 2010
CLIMATE RECORD PERIOD 1894 TO 2017


WEATHER ITEM   OBSERVED TIME   RECORD YEAR NORMAL DEPARTURE LAST
                VALUE   (LST)  VALUE       VALUE  FROM      YEAR
                                                  NORMAL
..................................................................
TEMPERATURE (F)
 YESTERDAY
  MAXIMUM         48        MM  68    2014  42      6       28
                                      2003
  MINIMUM         46        MM -14    1943  20     26       24
  AVERAGE         47                        31     16       26

PRECIPITATION (IN)
  YESTERDAY        0.00          0.64 1980   0.02  -0.02      T
  MONTH TO DATE    0.20                      0.33  -0.13     0.42
  SINCE DEC 1      1.05                      1.27  -0.22     4.08
  SINCE JAN 1      0.20                      0.33  -0.13     0.42

DEGREE DAYS
 HEATING
  YESTERDAY       18                        34    -16       39
  MONTH TO DATE  248                       646   -398      642
  SINCE DEC 1   1274                      1658   -384     1441
  SINCE JUL 1   1817                      2610   -793     2073

 COOLING
  YESTERDAY        0                         0      0        0
  MONTH TO DATE    0                         0      0        0
  SINCE DEC 1      0                         0      0        0
  SINCE JAN 1      0                         0      0        0
..................................................................


WIND (MPH)
  HIGHEST WIND SPEED    13   HIGHEST WIND DIRECTION    SE (120)
  HIGHEST GUST SPEED    MM   HIGHEST GUST DIRECTION    MM
  AVERAGE WIND SPEED     7.8


SKY COVER
  POSSIBLE SUNSHINE  MM
  AVERAGE SKY COVER 0.7


WEATHER CONDITIONS
 THE FOLLOWING WEATHER WAS RECORDED YESTERDAY.
  FOG
  HAZE


RELATIVE HUMIDITY (PERCENT)
 HIGHEST    93          1100 AM
 LOWEST     80           100 PM
 AVERAGE    87

..........................................................


THE SALINA KS CLIMATE NORMALS FOR TODAY
                         NORMAL    RECORD    YEAR
 MAXIMUM TEMPERATURE (F)   42        72      1986
 MINIMUM TEMPERATURE (F)   20       -16      1962


SUNRISE AND SUNSET
JANUARY 20 2017.......SUNRISE   745 AM CST   SUNSET   539 PM CST
JANUARY 21 2017.......SUNRISE   744 AM CST   SUNSET   540 PM CST


-  INDICATES NEGATIVE NUMBERS.
R  INDICATES RECORD WAS SET OR TIED.
MM INDICATES DATA IS MISSING.
T  INDICATES TRACE AMOUNT.




$$
