000
CDUS43 KICT 110632
CLISLN


CLIMATE REPORT
NATIONAL WEATHER SERVICE WICHITA KS
132 AM CDT SUN JUN 11 2017


...................................

...THE SALINA KS CLIMATE SUMMARY FOR JUNE 10 2017...

CLIMATE NORMAL PERIOD 1981 TO 2010
CLIMATE RECORD PERIOD 1894 TO 2017


WEATHER ITEM   OBSERVED TIME   RECORD YEAR NORMAL DEPARTURE LAST
                VALUE   (LST)  VALUE       VALUE  FROM      YEAR
                                                  NORMAL
..................................................................
TEMPERATURE (F)
 YESTERDAY
  MAXIMUM         96    459 PM 100    2006  85     11       97
                                      1953
  MINIMUM         71    335 AM  48    1982  63      8       72
                                      1979
  AVERAGE         84                        74     10       85

PRECIPITATION (IN)
  YESTERDAY        0.00          1.78 1989   0.14  -0.14     0.00
  MONTH TO DATE    0.75                      1.46  -0.71      T
  SINCE JUN 1      0.75                      1.46  -0.71      T
  SINCE JAN 1     13.99                     13.45   0.54    11.82

DEGREE DAYS
 HEATING
  YESTERDAY        0                         0      0        0
  MONTH TO DATE    0                         5     -5        0
  SINCE JUN 1      0                         5     -5        0
  SINCE JUL 1   3453                      4869  -1416     3718

 COOLING
  YESTERDAY       19                         9     10       20
  MONTH TO DATE  123                        79     44      107
  SINCE JUN 1    123                        79     44      107
  SINCE JAN 1    283                       207     76      232
..................................................................


WIND (MPH)
  HIGHEST WIND SPEED    31   HIGHEST WIND DIRECTION     S (170)
  HIGHEST GUST SPEED    39   HIGHEST GUST DIRECTION     S (200)
  AVERAGE WIND SPEED    19.7


SKY COVER
  POSSIBLE SUNSHINE  MM
  AVERAGE SKY COVER 0.4


WEATHER CONDITIONS
 THE FOLLOWING WEATHER WAS RECORDED YESTERDAY.
  NO SIGNIFICANT WEATHER WAS OBSERVED.


RELATIVE HUMIDITY (PERCENT)
 HIGHEST    79           300 AM
 LOWEST     39           400 PM
 AVERAGE    59

..........................................................


THE SALINA KS CLIMATE NORMALS FOR TODAY
                         NORMAL    RECORD    YEAR
 MAXIMUM TEMPERATURE (F)   86       107      1953
 MINIMUM TEMPERATURE (F)   63        49      1995


SUNRISE AND SUNSET
JUNE 11 2017..........SUNRISE   605 AM CDT   SUNSET   856 PM CDT
JUNE 12 2017..........SUNRISE   605 AM CDT   SUNSET   856 PM CDT


-  INDICATES NEGATIVE NUMBERS.
R  INDICATES RECORD WAS SET OR TIED.
MM INDICATES DATA IS MISSING.
T  INDICATES TRACE AMOUNT.




$$
